000
CXUS53 KARX 010900
CF6OLZ
PRELIMINARY LOCAL CLIMATOLOGICAL DATA (WS FORM: F-6)
STATION: OELWEIN IA
MONTH: MARCH
YEAR: 2022
LATITUDE: 42 40 N
LONGITUDE: 91 58 W
TEMPERATURE IN F: :PCPN: SNOW: WIND :SUNSHINE: SKY :PK WND
================================================================================
1 2 3 4 5 6A 6B 7 8 9 10 11 12 13 14 15 16 17 18
12Z AVG MX 2MIN
DY MAX MIN AVG DEP HDD CDD WTR SNW DPTH SPD SPD DIR MIN PSBL S-S WX SPD DR
================================================================================
1 50 34 42 M 23 0 0.00 0.0 M 6.6 13 360 M M 7 17 350
2 52 30 41 M 24 0 0.00 0.0 M 7.9 16 360 M M 3 24 350
3 30 27 29 M 36 0 0.00 0.0 M 9.0 14 30 M M 8 16 20
4 41 27 34 M 31 0 M M M 16.7 25 120 M M 4 32 130
5 55 36 46 M 19 0 1.12 M M 13.1 36 230 M M 8 12 51 230
6 36 28 32 M 33 0 M M M 18.7 33 260 M M 10 1 39 270
7 28 12 20 M 45 0 M M M 13.5 22 330 M M 5 1 28 320
8 34 9 22 M 43 0 M M M 10.1 18 200 M M 1 1 22 200
9 30 14 22 M 43 0 M M M 14.0 18 300 M M 9 22 330
10 21 12 17 M 48 0 M M M 7.0 14 340 M M 3 22 340
11 21 7 14 M 51 0 M M M 19.3 29 310 M M 1 37 310
12 23 3 13 M 52 0 M M M 15.0 22 200 M M 3 29 320
13 52 19 36 M 29 0 M M M 10.0 18 190 M M 2 24 190
14 54 34 44 M 21 0 M M M 8.4 13 210 M M 2 16 170
15 54 28 41 M 24 0 M M M 6.0 12 30 M M 0 M M
16 66 36 51 M 14 0 M M M 12.3 22 210 M M 2 1 32 210
17 50 39 45 M 20 0 0.05 0.0 0 8.0 14 310 M M 7 1 18 310
18 41 34 38 M 27 0 M M 0 16.4 22 10 M M 7 1 29 20
19 50 32 41 M 24 0 0.00 0.0 0 11.2 18 310 M M 3 23 310
20 63 32 48 M 17 0 0.00 0.0 0 6.2 15 140 M M 0 13 0
21 72 46 59 M 6 0 0.00 0.0 0 12.8 23 210 M M 3 30 200
22 54 46 50 M 15 0 M M M 10.2 20 110 M M 10 1 27 210
23 48 34 41 M 24 0 M M M 15.7 22 350 M M 9 1 29 350
24 37 32 35 M 30 0 M M M 10.2 14 330 M M 9 1 17 330
25 45 30 38 M 27 0 M M M 22.6 40 310 M M 6 1 47 310
26 34 21 28 M 37 0 0.00 0.0 M 23.5 31 320 M M 2 38 320
27 32 19 26 M 39 0 0.00 0.0 M 10.7 16 360 M M 0 22 360
28 39 19 29 M 36 0 M M M 9.9 18 140 M M 3 22 130
29 37 32 35 M 30 0 M 0.0 0 22.7 28 130 M M 10 39 130
30 46 32 39 M 26 0 M M M 15.6 33 110 M M 9 1 44 110
31 34 30 32 M 33 0 M M M 16.6 23 330 M M 10 1 28 330
================================================================================
SM 1329 834 927 0 1.17 0.0 400.0 M 156
================================================================================
AV 42.9 26.9 12.9 FASTST M M 5 MAX(MPH)
MISC ----> 40 310 51 230
================================================================================
NOTES:
# LAST OF SEVERAL OCCURRENCES
COLUMN 17 PEAK WIND IN M.P.H.
PRELIMINARY LOCAL CLIMATOLOGICAL DATA (WS FORM: F-6) , PAGE 2
STATION: OELWEIN IA
MONTH: MARCH
YEAR: 2022
LATITUDE: 42 40 N
LONGITUDE: 91 58 W
[TEMPERATURE DATA] [PRECIPITATION DATA] SYMBOLS USED IN COLUMN 16
AVERAGE MONTHLY: 34.9 TOTAL FOR MONTH: 1.17 1 = FOG OR MIST
DPTR FM NORMAL: 0.0 DPTR FM NORMAL: M 2 = FOG REDUCING VISIBILITY
HIGHEST: 72 ON 21 GRTST 24HR 1.12 ON 5- 5 TO 1/4 MILE OR LESS
LOWEST: 3 ON 12 3 = THUNDER
SNOW, ICE PELLETS, HAIL 4 = ICE PELLETS
TOTAL MONTH: 0.0 INCH 5 = HAIL
GRTST 24HR 0.0 6 = FREEZING RAIN OR DRIZZLE
GRTST DEPTH: 0 7 = DUSTSTORM OR SANDSTORM:
VSBY 1/2 MILE OR LESS
8 = SMOKE OR HAZE
[NO. OF DAYS WITH] [WEATHER - DAYS WITH] 9 = BLOWING SNOW
X = TORNADO
MAX 32 OR BELOW: 7 0.01 INCH OR MORE: 2
MAX 90 OR ABOVE: 0 0.10 INCH OR MORE: 1
MIN 32 OR BELOW: 22 0.50 INCH OR MORE: 1
MIN 0 OR BELOW: 0 1.00 INCH OR MORE: 1
[HDD (BASE 65) ]
TOTAL THIS MO. 927 CLEAR (SCALE 0-3) 14
DPTR FM NORMAL M PTCLDY (SCALE 4-7) 8
TOTAL FM JUL 1 6205 CLOUDY (SCALE 8-10) 9
DPTR FM NORMAL M
[CDD (BASE 65) ]
TOTAL THIS MO. 0
DPTR FM NORMAL M [PRESSURE DATA]
TOTAL FM JAN 1 0 HIGHEST SLP M ON M
DPTR FM NORMAL M LOWEST SLP M ON M
[REMARKS]
#FINAL-03-22#