000
CXUS53 KARX 041456
CF6OLZ
PRELIMINARY LOCAL CLIMATOLOGICAL DATA (WS FORM: F-6)
STATION: OELWEIN IA
MONTH: NOVEMBER
YEAR: 2021
LATITUDE: 42 40 N
LONGITUDE: 91 58 W
TEMPERATURE IN F: :PCPN: SNOW: WIND :SUNSHINE: SKY :PK WND
================================================================================
1 2 3 4 5 6A 6B 7 8 9 10 11 12 13 14 15 16 17 18
12Z AVG MX 2MIN
DY MAX MIN AVG DEP HDD CDD WTR SNW DPTH SPD SPD DIR MIN PSBL S-S WX SPD DR
================================================================================
1 45 27 36 M 29 0 0.00 0.0 0 9.1 20 290 M M 3 27 300
2 45 25 35 M 30 0 0.00 0.0 0 7.5 16 280 M M 3 18 300
3 45 19 32 M 33 0 0.00 0.0 0 3.5 8 150 M M 6 M M
4 52 36 44 M 21 0 0.00 0.0 0 7.2 14 200 M M 7 22 210
5 55 32 44 M 21 0 0.00 0.0 0 14.0 24 170 M M 4 31 170
6 64 36 50 M 15 0 0.00 0.0 0 9.8 14 180 M M 0 18 220
7 68 41 55 M 10 0 0.00 0.0 0 11.1 18 180 M M 0 27 180
8 64 37 51 M 14 0 0.00 0.0 0 6.9 12 30 M M 2 16 10
9 61 37 49 M 16 0 0.00 0.0 0 8.8 13 30 M M 2 18 30
10 52 39 46 M 19 0 0.90 0.0 0 12.6 21 110 M M 6 18 29 140
11 52 34 43 M 22 0 0.30 0.0 0 17.7 25 250 M M 10 1 35 290
12 36 30 33 M 32 0 0.04 M M 17.1 22 290 M M 9 1 28 240
13 34 32 33 M 32 0 0.00 0.0 0 11.5 15 200 M M 10 1 23 200
14 37 28 33 M 32 0 0.01 M M 16.3 28 300 M M 10 35 300
15 39 28 34 M 31 0 M M 0 6.3 13 120 M M 5 16 120
16 50 28 39 M 26 0 0.00 0.0 0 13.3 25 140 M M 3 1 36 140
17 46 28 37 M 28 0 0.00 0.0 0 11.6 21 290 M M 3 32 290
18 32 19 26 M 39 0 0.00 0.0 0 15.5 27 290 M M 5 35 290
19 37 16 27 M 38 0 0.00 0.0 0 10.1 20 160 M M 3 27 160
20 50 34 42 M 23 0 0.00 0.0 0 7.0 14 170 M M 6 20 170
21 46 21 34 M 31 0 0.00 0.0 0 12.6 28 300 M M 4 39 320
22 34 14 24 M 41 0 0.00 0.0 0 7.8 14 270 M M 2 20 320
23 50 21 36 M 29 0 0.00 0.0 0 15.6 25 170 M M 0 32 170
24 55 34 45 M 20 0 0.00 0.0 0 17.1 24 340 M M 4 31 340
25 34 10 22 M 43 0 M M 0 18.2 27 320 M M 5 35 320
26 34 10 22 M 43 0 0.00 0.0 0 10.0 15 150 M M 7 20 150
27 54 25 40 M 25 0 0.00 0.0 0 11.7 24 340 M M 2 32 310
28 39 21 30 M 35 0 0.00 0.0 0 10.8 22 320 M M 2 28 320
29 55 27 41 M 24 0 M 0.0 0 11.9 22 190 M M 4 27 190
30 50 27 39 M 26 0 M 0.0 0 8.2 15 340 M M 3 15 310
================================================================================
SM 1415 816 828 0 1.25 0.0 340.8 M 130
================================================================================
AV 47.2 27.2 11.4 FASTST M M 4 MAX(MPH)
MISC ----> # 28 300 39 320
================================================================================
NOTES:
# LAST OF SEVERAL OCCURRENCES
COLUMN 17 PEAK WIND IN M.P.H.
PRELIMINARY LOCAL CLIMATOLOGICAL DATA (WS FORM: F-6) , PAGE 2
STATION: OELWEIN IA
MONTH: NOVEMBER
YEAR: 2021
LATITUDE: 42 40 N
LONGITUDE: 91 58 W
[TEMPERATURE DATA] [PRECIPITATION DATA] SYMBOLS USED IN COLUMN 16
AVERAGE MONTHLY: 37.2 TOTAL FOR MONTH: 1.25 1 = FOG OR MIST
DPTR FM NORMAL: 0.0 DPTR FM NORMAL: M 2 = FOG REDUCING VISIBILITY
HIGHEST: 68 ON 7 GRTST 24HR 0.90 ON 10-10 TO 1/4 MILE OR LESS
LOWEST: 10 ON 26,25 3 = THUNDER
SNOW, ICE PELLETS, HAIL 4 = ICE PELLETS
TOTAL MONTH: 0.0 INCH 5 = HAIL
GRTST 24HR 0.0 6 = FREEZING RAIN OR DRIZZLE
GRTST DEPTH: 0 7 = DUSTSTORM OR SANDSTORM:
VSBY 1/2 MILE OR LESS
8 = SMOKE OR HAZE
[NO. OF DAYS WITH] [WEATHER - DAYS WITH] 9 = BLOWING SNOW
X = TORNADO
MAX 32 OR BELOW: 1 0.01 INCH OR MORE: 4
MAX 90 OR ABOVE: 0 0.10 INCH OR MORE: 2
MIN 32 OR BELOW: 21 0.50 INCH OR MORE: 1
MIN 0 OR BELOW: 0 1.00 INCH OR MORE: 0
[HDD (BASE 65) ]
TOTAL THIS MO. 828 CLEAR (SCALE 0-3) 12
DPTR FM NORMAL M PTCLDY (SCALE 4-7) 14
TOTAL FM JUL 1 1203 CLOUDY (SCALE 8-10) 4
DPTR FM NORMAL M
[CDD (BASE 65) ]
TOTAL THIS MO. 0
DPTR FM NORMAL M [PRESSURE DATA]
TOTAL FM JAN 1 704 HIGHEST SLP M ON M
DPTR FM NORMAL M LOWEST SLP M ON M
[REMARKS]
#FINAL-11-21#