000
CXUS53 KARX 010900
CF6OLZ
PRELIMINARY LOCAL CLIMATOLOGICAL DATA (WS FORM: F-6)
STATION: OELWEIN IA
MONTH: MARCH
YEAR: 2021
LATITUDE: 42 40 N
LONGITUDE: 91 58 W
TEMPERATURE IN F: :PCPN: SNOW: WIND :SUNSHINE: SKY :PK WND
================================================================================
1 2 3 4 5 6A 6B 7 8 9 10 11 12 13 14 15 16 17 18
12Z AVG MX 2MIN
DY MAX MIN AVG DEP HDD CDD WTR SNW DPTH SPD SPD DIR MIN PSBL S-S WX SPD DR
================================================================================
1 27 12 20 M 45 0 M M M 7.6 13 350 M M 2 20 350
2 37 9 23 M 42 0 0.00 0.0 M 12.1 17 190 M M 0 21 190
3 45 25 35 M 30 0 0.00 0.0 M 5.6 8 360 M M 0 1 M M
4 37 27 32 M 33 0 0.00 0.0 M 9.2 16 100 M M 2 20 90
5 36 25 31 M 34 0 0.00 0.0 M 4.2 7 60 M M 8 M M
6 43 28 36 M 29 0 0.00 0.0 M 7.2 12 130 M M 4 M M
7 48 32 40 M 25 0 0.00 0.0 M 14.5 18 140 M M 2 M M
8 59 34 47 M 18 0 0.00 0.0 M 6.5 13 140 M M 0 M M
9 66 39 53 M 12 0 0.00 0.0 M 15.5 28 180 M M 2 35 180
10 64 37 51 M 14 0 M M M 19.9 29 180 M M 9 18 37 180
11 52 30 41 M 24 0 0.00 0.0 M 14.3 21 300 M M 5 28 250
12 46 27 37 M 28 0 0.00 0.0 0 5.0 13 30 M M 1 16 10
13 57 28 43 M 22 0 0.00 0.0 0 4.7 10 180 M M 0 12 180
14 46 34 40 M 25 0 0.00 0.0 0 14.5 24 90 M M 5 30 90
15 34 28 31 M 34 0 M M M 18.5 29 90 M M 9 12 38 90
16 34 28 31 M 34 0 0.00 0.0 M 6.7191 M M M 10 1 M M
17 37 32 35 M 30 0 M M M 10.9 17 40 M M 10 18 24 40
18 50 32 41 M 24 0 0.00 0.0 M 14.8 24 30 M M 1 30 30
19 50 25 38 M 27 0 0.00 0.0 M 7.8 15 130 M M 0 21 150
20 57 27 42 M 23 0 0.00 0.0 M 13.2 20 190 M M 0 24 180
21 63 37 50 M 15 0 M 0.0 0 20.1 35 180 M M 2 44 170
22 54 43 49 M 16 0 0.06 0.0 0 7.7 17 180 M M 7 1 12 10
23 55 45 50 M 15 0 0.45 M M 12.8 16 80 M M 8 1 24 90
24 48 39 44 M 21 0 0.07 M M 14.8 23 280 M M 10 1 30 280
25 43 37 40 M 25 0 0.30 M M 6.2 13 50 M M 9 1 15 60
26 46 37 42 M 23 0 0.01 0.0 0 4.1 9 360 M M 10 1 M M
27 52 36 44 M 21 0 0.08 0.0 0 12.9 21 330 M M 10 1 31 330
28 43 32 38 M 27 0 0.00 0.0 0 15.5 23 330 M M 4 32 330
29 70 34 52 M 13 0 0.00 0.0 0 23.3 35 180 M M 2 47 190
30 54 30 42 M 23 0 0.00 0.0 0 18.0 27 300 M M 3 32 320
31 32 21 27 M 38 0 M M 0 17.3 24 300 M M 5 30 300
================================================================================
SM 1485 950 790 0 0.97 0.0 365.4 M 140
================================================================================
AV 47.9 30.6 11.8 FASTST M M 5 MAX(MPH)
MISC ----> 191 9999 47 190
================================================================================
NOTES:
# LAST OF SEVERAL OCCURRENCES
COLUMN 17 PEAK WIND IN M.P.H.
PRELIMINARY LOCAL CLIMATOLOGICAL DATA (WS FORM: F-6) , PAGE 2
STATION: OELWEIN IA
MONTH: MARCH
YEAR: 2021
LATITUDE: 42 40 N
LONGITUDE: 91 58 W
[TEMPERATURE DATA] [PRECIPITATION DATA] SYMBOLS USED IN COLUMN 16
AVERAGE MONTHLY: 39.3 TOTAL FOR MONTH: 0.97 1 = FOG OR MIST
DPTR FM NORMAL: 0.0 DPTR FM NORMAL: M 2 = FOG REDUCING VISIBILITY
HIGHEST: 70 ON 29 GRTST 24HR 0.45 ON 23-23 TO 1/4 MILE OR LESS
LOWEST: 9 ON 2 3 = THUNDER
SNOW, ICE PELLETS, HAIL 4 = ICE PELLETS
TOTAL MONTH: 0.0 INCH 5 = HAIL
GRTST 24HR 0.0 6 = FREEZING RAIN OR DRIZZLE
GRTST DEPTH: 0 7 = DUSTSTORM OR SANDSTORM:
VSBY 1/2 MILE OR LESS
8 = SMOKE OR HAZE
[NO. OF DAYS WITH] [WEATHER - DAYS WITH] 9 = BLOWING SNOW
X = TORNADO
MAX 32 OR BELOW: 2 0.01 INCH OR MORE: 6
MAX 90 OR ABOVE: 0 0.10 INCH OR MORE: 2
MIN 32 OR BELOW: 19 0.50 INCH OR MORE: 0
MIN 0 OR BELOW: 0 1.00 INCH OR MORE: 0
[HDD (BASE 65) ]
TOTAL THIS MO. 790 CLEAR (SCALE 0-3) 15
DPTR FM NORMAL M PTCLDY (SCALE 4-7) 7
TOTAL FM JUL 1 6389 CLOUDY (SCALE 8-10) 9
DPTR FM NORMAL M
[CDD (BASE 65) ]
TOTAL THIS MO. 0
DPTR FM NORMAL M [PRESSURE DATA]
TOTAL FM JAN 1 0 HIGHEST SLP M ON M
DPTR FM NORMAL M LOWEST SLP M ON M
[REMARKS]
#FINAL-03-21#