000
CXUS53 KARX 011000
CF6OLZ
PRELIMINARY LOCAL CLIMATOLOGICAL DATA (WS FORM: F-6)
STATION: OELWEIN IA
MONTH: FEBRUARY
YEAR: 2021
LATITUDE: 42 40 N
LONGITUDE: 91 58 W
TEMPERATURE IN F: :PCPN: SNOW: WIND :SUNSHINE: SKY :PK WND
================================================================================
1 2 3 4 5 6A 6B 7 8 9 10 11 12 13 14 15 16 17 18
12Z AVG MX 2MIN
DY MAX MIN AVG DEP HDD CDD WTR SNW DPTH SPD SPD DIR MIN PSBL S-S WX SPD DR
================================================================================
1 30 19 25 M 40 0 0.00 0.0 M 13.5 18 320 M M 9 1 16 330
2 23 12 18 M 47 0 M M M 4.1 8 330 M M 10 1 M M
3 28 16 22 M 43 0 M M M 15.0 24 150 M M 6 1 28 160
4 34 9 22 M 43 0 M M M 20.2 31 310 M M 9 12 44 310
5 9 1 5 M 60 0 0.00 0.0 M 19.3 27 280 M M 3 8 35 300
6 5 -15 -5 M 70 0 0.00 0.0 M 13.1 18 300 M M 1 21 310
7 -4 -22 -13 M 78 0 M M M 6.7 12 320 M M 3 8 M M
8 1 -11 -5 M 70 0 M M M 4.8 10 350 M M 6 8 M M
9 7 -17 -5 M 70 0 0.00 0.0 M 6.0 9 280 M M 1 M M
10 9 -9 0 M 65 0 0.00 0.0 M 4.9 9 330 M M 5 M M
11 0 -8 -4 M 69 0 M M M 11.2 16 360 M M 6 8 22 360
12 -6 -15 -10 M 75 0 M M M 12.7 16 340 M M 4 22 340
13 -2 -17 -9 M 74 0 M M M 13.7 22 340 M M 4 8 25 340
14 -8 -13 -10 M 75 0 0.00 0.0 M 13.6 16 340 M M 5 22 350
15 -2 -18 -10 M 75 0 0.00 0.0 M 11.0 14 10 M M 4 20 10
16 9 M M M M M M M M 4.4 10 10 M M 6 M M
17 10 -15 -2 M 67 0 M M M 4.6 7 140 M M 4 M M
18 16 0 8 M 57 0 M M M 4.4 8 250 M M 7 18 M M
19 16 -6 5 M 60 0 0.00 0.0 M 4.0 12 300 M M 5 1 M M
20 25 -9 8 M 57 0 0.00 0.0 M 10.0 16 140 M M 6 1 M M
21 23 19 21 M 44 0 M M M 13.5 18 120 M M 7 12 24 130
22 36 21 29 M 36 0 M M M 14.1 18 230 M M 6 12 25 230
23 39 28 34 M 31 0 0.00 0.0 M 12.8 21 290 M M 1 27 290
24 37 21 29 M 36 0 0.00 0.0 M 14.0 25 330 M M 4 32 330
25 36 16 26 M 39 0 0.00 0.0 M 4.8 8 210 M M 4 12 M M
26 36 18 27 M 38 0 0.00 0.0 M 11.8 17 140 M M 5 12 21 170
27 39 21 30 M 35 0 0.00 0.0 M 8.7 15 120 M M 1 1 M M
28 37 19 28 M 37 0 M M M 16.7 27 310 M M 7 12 35 310
================================================================================
SM 483 45 1491 0 0.00 0.0 293.5 M 139
================================================================================
AV 17.3 1.7 10.5 FASTST M M 5 MAX(MPH)
MISC ----> 31 310 44 310
================================================================================
NOTES:
# LAST OF SEVERAL OCCURRENCES
COLUMN 17 PEAK WIND IN M.P.H.
PRELIMINARY LOCAL CLIMATOLOGICAL DATA (WS FORM: F-6) , PAGE 2
STATION: OELWEIN IA
MONTH: FEBRUARY
YEAR: 2021
LATITUDE: 42 40 N
LONGITUDE: 91 58 W
[TEMPERATURE DATA] [PRECIPITATION DATA] SYMBOLS USED IN COLUMN 16
AVERAGE MONTHLY: 9.5 TOTAL FOR MONTH: 0.00 1 = FOG OR MIST
DPTR FM NORMAL: 0.0 DPTR FM NORMAL: 0.00 2 = FOG REDUCING VISIBILITY
HIGHEST: 39 ON 27,23 GRTST 24HR 0.00 ON 1- 1 TO 1/4 MILE OR LESS
LOWEST: -22 ON 7 3 = THUNDER
SNOW, ICE PELLETS, HAIL 4 = ICE PELLETS
TOTAL MONTH: 0.0 INCH 5 = HAIL
GRTST 24HR 0.0 6 = FREEZING RAIN OR DRIZZLE
GRTST DEPTH: M ON M 7 = DUSTSTORM OR SANDSTORM:
VSBY 1/2 MILE OR LESS
8 = SMOKE OR HAZE
[NO. OF DAYS WITH] [WEATHER - DAYS WITH] 9 = BLOWING SNOW
X = TORNADO
MAX 32 OR BELOW: 20 0.01 INCH OR MORE: 0
MAX 90 OR ABOVE: 0 0.10 INCH OR MORE: 0
MIN 32 OR BELOW: 27 0.50 INCH OR MORE: 0
MIN 0 OR BELOW: 14 1.00 INCH OR MORE: 0
[HDD (BASE 65) ]
TOTAL THIS MO. 1491 CLEAR (SCALE 0-3) 6
DPTR FM NORMAL M PTCLDY (SCALE 4-7) 19
TOTAL FM JUL 1 5599 CLOUDY (SCALE 8-10) 3
DPTR FM NORMAL M
[CDD (BASE 65) ]
TOTAL THIS MO. 0
DPTR FM NORMAL M [PRESSURE DATA]
TOTAL FM JAN 1 0 HIGHEST SLP M ON M
DPTR FM NORMAL M LOWEST SLP M ON M
[REMARKS]
#FINAL-02-21#