000
CXUS53 KOAX 010930
CF6OMA
PRELIMINARY LOCAL CLIMATOLOGICAL DATA (WS FORM: F-6)
STATION: OMAHA NE
MONTH: JUNE
YEAR: 2023
LATITUDE: 41 17 N
LONGITUDE: 95 54 W
TEMPERATURE IN F: :PCPN: SNOW: WIND :SUNSHINE: SKY :PK WND
================================================================================
1 2 3 4 5 6A 6B 7 8 9 10 11 12 13 14 15 16 17 18
12Z AVG MX 2MIN
DY MAX MIN AVG DEP HDD CDD WTR SNW DPTH SPD SPD DIR MIN PSBL S-S WX SPD DR
================================================================================
1 79 67 73 3 0 8 0.89 0.0 0 8.9 33 190 M M 8 13 47 190
2 89 66 78 8 0 13 0.15 0.0 0 8.3 24 210 M M 7 3 32 210
3 91 64 78 8 0 13 T 0.0 0 6.5 25 120 M M 5 3 29 120
4 90 63 77 6 0 12 0.01 0.0 0 5.5 17 300 M M 5 3 23 250
5 90 61 76 5 0 11 0.00 0.0 0 5.6 18 180 M M 4 22 170
6 92 62 77 5 0 12 0.00 0.0 0 4.9 10 180 M M 3 15 180
7 93 69 81 9 0 16 T 0.0 0 6.1 14 130 M M 5 3 23 120
8 82 68 75 3 0 10 T 0.0 0 10.9 21 110 M M 6 26 120
9 79 63 71 -1 0 6 T 0.0 0 7.0 16 160 M M 7 20 160
10 83 64 74 1 0 9 0.07 0.0 0 7.2 16 70 M M 9 13 23 60
11 72 52 62 -11 3 0 0.09 0.0 0 10.6 20 10 M M 8 1 26 20
12 78 45 62 -11 3 0 0.00 0.0 0 4.4 14 310 M M 3 20 310
13 86 61 74 0 0 9 0.00 0.0 0 5.2 16 290 M M 5 23 240
14 88 57 73 -1 0 8 0.00 0.0 0 3.7 12 260 M M 2 15 30
15 90 63 77 3 0 12 T 0.0 0 5.8 14 260 M M 3 19 110
16 90 67 79 5 0 14 0.00 0.0 0 6.1 13 180 M M 8 17 170
17 87 65 76 2 0 11 T 0.0 0 8.3 18 280 M M 8 3 26 250
18 88 58 73 -2 0 8 0.00 0.0 0 4.3 15 270 M M 5 1 22 300
19 94 66 80 5 0 15 0.00 0.0 0 10.2 22 150 M M 1 31 160
20 92 70 81 6 0 16 0.00 0.0 0 12.0 22 120 M M 1 36 120
21 91 68 80 5 0 15 0.00 0.0 0 8.3 18 100 M M 5 25 110
22 91 68 80 4 0 15 0.00 0.0 0 6.0 16 130 M M 3 22 130
23 93 62 78 2 0 13 0.00 0.0 0 9.2 21 170 M M 4 29 160
24 93 67 80 4 0 15 0.06 0.0 0 10.5 21 310 M M 6 13 28 290
25 84 65 75 -1 0 10 0.00 0.0 0 18.4 30 300 M M 3 8 40 290
26 85 59 72 -4 0 7 0.00 0.0 0 9.9 22 350 M M 1 29 310
27 88 56 72 -4 0 7 T 0.0 0 9.6 39 160 M M 4 49 160
28 96 70 83 6 0 18 0.01 0.0 0 9.4 25 150 M M 4 3 34 150
29 92 68 80 3 0 15 0.79 0.0 0 8.1 39 290 M M 6 13 58 300
30 84 67 76 -1 0 11 0.45 0.0 0 5.8 18 90 M M 8 13 25 250
================================================================================
SM 2630 1901 6 329 2.52 0.0 236.7 M 147
================================================================================
AV 87.7 63.4 7.9 FASTST M M 5 MAX(MPH)
MISC ----> # 39 160 58 300
================================================================================
NOTES:
# LAST OF SEVERAL OCCURRENCES
COLUMN 17 PEAK WIND IN M.P.H.
PRELIMINARY LOCAL CLIMATOLOGICAL DATA (WS FORM: F-6) , PAGE 2
STATION: OMAHA NE
MONTH: JUNE
YEAR: 2023
LATITUDE: 41 17 N
LONGITUDE: 95 54 W
[TEMPERATURE DATA] [PRECIPITATION DATA] SYMBOLS USED IN COLUMN 16
AVERAGE MONTHLY: 75.5 TOTAL FOR MONTH: 2.52 1 = FOG OR MIST
DPTR FM NORMAL: 1.6 DPTR FM NORMAL: -1.92 2 = FOG REDUCING VISIBILITY
HIGHEST: 96 ON 28 GRTST 24HR 1.21 ON 29-30 TO 1/4 MILE OR LESS
LOWEST: 45 ON 12 3 = THUNDER
SNOW, ICE PELLETS, HAIL 4 = ICE PELLETS
TOTAL MONTH: 0.0 INCH 5 = HAIL
GRTST 24HR 0.0 6 = FREEZING RAIN OR DRIZZLE
GRTST DEPTH: 0 7 = DUSTSTORM OR SANDSTORM:
VSBY 1/2 MILE OR LESS
8 = SMOKE OR HAZE
[NO. OF DAYS WITH] [WEATHER - DAYS WITH] 9 = BLOWING SNOW
X = TORNADO
MAX 32 OR BELOW: 0 0.01 INCH OR MORE: 9
MAX 90 OR ABOVE: 15 0.10 INCH OR MORE: 4
MIN 32 OR BELOW: 0 0.50 INCH OR MORE: 2
MIN 0 OR BELOW: 0 1.00 INCH OR MORE: 0
[HDD (BASE 65) ]
TOTAL THIS MO. 6 CLEAR (SCALE 0-3) 9
DPTR FM NORMAL -5 PTCLDY (SCALE 4-7) 18
TOTAL FM JUL 1 5942 CLOUDY (SCALE 8-10) 3
DPTR FM NORMAL 114
[CDD (BASE 65) ]
TOTAL THIS MO. 329
DPTR FM NORMAL 51 [PRESSURE DATA]
TOTAL FM JAN 1 481 HIGHEST SLP 30.07 ON 5
DPTR FM NORMAL 97 LOWEST SLP 29.63 ON 18
[REMARKS]
#FINAL-06-23#