000
CXAK56 PAFG 010950
CF6OME
PRELIMINARY LOCAL CLIMATOLOGICAL DATA (WS FORM: F-6)
STATION: NOME AK
MONTH: OCTOBER
YEAR: 2022
LATITUDE: 64 30 N
LONGITUDE: 165 26 W
TEMPERATURE IN F: :PCPN: SNOW: WIND :SUNSHINE: SKY :PK WND
================================================================================
1 2 3 4 5 6A 6B 7 8 9 10 11 12 13 14 15 16 17 18
12Z AVG MX 2MIN
DY MAX MIN AVG DEP HDD CDD WTR SNW DPTH SPD SPD DIR MIN PSBL S-S WX SPD DR
================================================================================
1 47 30 39 2 26 0 0.00 M M 6.1 10 340 M M 1 13 70
2 45 29 37 1 28 0 0.00 M M 7.1 12 40 M M 2 15 100
3 45 40 43 7 22 0 0.03 M M 10.4 17 80 M M 10 1 21 70
4 49 33 41 6 24 0 0.05 M M 8.6 18 290 M M 6 1 23 300
5 45 27 36 1 29 0 0.23 M M 11.3 29 170 M M 3 1 36 170
6 46 43 45 11 20 0 0.20 M M 23.8 33 210 M M 10 1 41 170
7 46 30 38 4 27 0 0.07 M M 18.3 36 250 M M 7 1 43 240
8 38 28 33 -1 32 0 0.12 M M 8.0 21 300 M M 6 1 26 290
9 36 29 33 0 32 0 0.00 M M 6.6 16 290 M M 10 19 280
10 35 23 29 -4 36 0 0.01 M M 5.6 18 290 M M 6 1 22 280
11 35 24 30 -2 35 0 0.04 M M 2.3 13 260 M M 9 18 15 250
12 36 24 30 -2 35 0 0.00 M M 5.5 10 330 M M 8 13 310
13 34 17 26 -6 39 0 0.00 M M 4.2 10 40 M M 0 11 50
14 37 20 29 -2 36 0 0.00 M M 12.0 22 30 M M 0 26 30
15 38 26 32 1 33 0 0.00 M M 17.7 29 40 M M 0 78 35 40
16 36 28 32 2 33 0 0.10 M M 9.8 18 30 M M 10 1 23 30
17 38 34 36 6 29 0 0.19 M M 3.3 8 30 M M 10 1 10 40
18 38 34 36 6 29 0 T M M 5.4 17 150 M M 10 18 22 150
19 41 34 38 9 27 0 T M M 16.0 26 90 M M 9 34 90
20 42 37 40 11 25 0 0.13 M M 12.6 28 120 M M 10 1 33 120
21 40 34 37 9 28 0 0.07 M M 8.4 20 230 M M 8 1 23 230
22 41 33 37 9 28 0 0.14 M M 10.3 25 230 M M 9 1 33 190
23 40 34 37 9 28 0 0.19 M M 15.3 28 180 M M 10 1 34 170
24 35 28 32 5 33 0 0.10 M M 6.9 20 230 M M 7 18 23 240
25 31 28 30 3 35 0 T M M 20.6 35 30 M M 7 18 42 30
26 33 21 27 1 38 0 0.00 M M 12.5 30 350 M M 1 37 360
27 30 12 21 -5 44 0 0.00 M M 5.8 20 310 M M 1 25 320
28 29 12 21 -5 44 0 0.00 M M 3.3 9 350 M M 1 11 40
29 27 14 21 -4 44 0 0.10 M M 8.9 17 70 M M 8 124 22 70
30 29 6 18 -7 47 0 0.03 M M 7.3 21 280 M M 6 128 26 280
31 26 5 16 -8 49 0 0.00 M M 7.3 17 300 M M 1 22 80
================================================================================
SM 1168 817 1015 0 1.80 M 301.2 M 186
================================================================================
AV 37.7 26.4 9.7 FASTST M M 6 MAX(MPH)
MISC ----> 36 250 43 240
================================================================================
NOTES:
# LAST OF SEVERAL OCCURRENCES
COLUMN 17 PEAK WIND IN M.P.H.
PRELIMINARY LOCAL CLIMATOLOGICAL DATA (WS FORM: F-6) , PAGE 2
STATION: NOME AK
MONTH: OCTOBER
YEAR: 2022
LATITUDE: 64 30 N
LONGITUDE: 165 26 W
[TEMPERATURE DATA] [PRECIPITATION DATA] SYMBOLS USED IN COLUMN 16
AVERAGE MONTHLY: 32.0 TOTAL FOR MONTH: 1.80 1 = FOG OR MIST
DPTR FM NORMAL: 1.6 DPTR FM NORMAL: -0.04 2 = FOG REDUCING VISIBILITY
HIGHEST: 49 ON 4 GRTST 24HR 0.43 ON 5- 6 TO 1/4 MILE OR LESS
LOWEST: 5 ON 31 3 = THUNDER
SNOW, ICE PELLETS, HAIL 4 = ICE PELLETS
TOTAL MONTH: M 5 = HAIL
GRTST 24HR M ON M 6 = FREEZING RAIN OR DRIZZLE
GRTST DEPTH: M ON M 7 = DUSTSTORM OR SANDSTORM:
VSBY 1/2 MILE OR LESS
8 = SMOKE OR HAZE
[NO. OF DAYS WITH] [WEATHER - DAYS WITH] 9 = BLOWING SNOW
X = TORNADO
MAX 32 OR BELOW: 6 0.01 INCH OR MORE: 17
MAX 90 OR ABOVE: 0 0.10 INCH OR MORE: 10
MIN 32 OR BELOW: 21 0.50 INCH OR MORE: 0
MIN 0 OR BELOW: 0 1.00 INCH OR MORE: 0
[HDD (BASE 65) ]
TOTAL THIS MO. 1015 CLEAR (SCALE 0-3) 9
DPTR FM NORMAL -56 PTCLDY (SCALE 4-7) 9
TOTAL FM JUL 1 2408 CLOUDY (SCALE 8-10) 13
DPTR FM NORMAL -183
[CDD (BASE 65) ]
TOTAL THIS MO. 0
DPTR FM NORMAL 0 [PRESSURE DATA]
TOTAL FM JAN 1 0 HIGHEST SLP M ON M
DPTR FM NORMAL -3 LOWEST SLP 29.07 ON 25
[REMARKS]
#FINAL-10-22#