000
CXUS56 KOTX 011010
CF6OMK
PRELIMINARY LOCAL CLIMATOLOGICAL DATA (WS FORM: F-6)
STATION: OMAK WA AIRPORT
MONTH: JANUARY
YEAR: 2023
LATITUDE: 48 27 N
LONGITUDE: 119 31 W
TEMPERATURE IN F: :PCPN: SNOW: WIND :SUNSHINE: SKY :PK WND
================================================================================
1 2 3 4 5 6A 6B 7 8 9 10 11 12 13 14 15 16 17 18
12Z AVG MX 2MIN
DY MAX MIN AVG DEP HDD CDD WTR SNW DPTH SPD SPD DIR MIN PSBL S-S WX SPD DR
================================================================================
1 33 26 30 3 35 0 T M M 4.6 10 280 M M 10 1 12 280
2 29 25 27 0 38 0 T M M 1.3 8 200 M M 10 18 10 310
3 32 26 29 2 36 0 0.00 M M 2.9 12 190 M M 10 13 190
4 33 27 30 3 35 0 0.00 M M 4.3 16 10 M M 9 1 17 10
5 34 29 32 5 33 0 T M M 7.3 18 10 M M 10 1 21 10
6 33 23 28 1 37 0 T M M 3.2 13 180 M M 9 1 14 180
7 36 31 34 7 31 0 0.27 M M 2.3 10 360 M M 10 126 12 350
8 36 34 35 8 30 0 0.46 M M 2.7 9 350 M M 10 12 10 350
9 37 34 36 9 29 0 0.04 M M 4.4 20 10 M M 9 12 21 10
10 38 30 34 6 31 0 T M M 3.9 14 10 M M 8 12 15 10
11 35 32 34 6 31 0 0.00 M M 2.1 14 10 M M 10 12 17 350
12 35 34 35 7 30 0 0.81 M M 1.1 7 270 M M 10 12 7 260
13 36 34 35 7 30 0 0.43 M M 1.2 6 240 M M 10 12 7 240
14 37 34 36 8 29 0 0.03 M M 4.6 17 10 M M 10 12 21 360
15 38 34 36 8 29 0 0.20 M M 2.2 14 10 M M 10 12 16 10
16 36 34 35 7 30 0 0.00 M M 1.8 6 260 M M 10 12 6 220
17 35 32 34 6 31 0 T M M 4.1 9 190 M M 10 12 10 190
18 35 33 34 6 31 0 0.45 M M 3.5 13 360 M M 10 12 15 10
19 33 27 30 2 35 0 0.00 M M 2.0 8 10 M M 9 12 9 20
20 29 24 27 -1 38 0 0.00 M M 2.1 7 190 M M 9 128 8 150
21 29 24 27 -1 38 0 0.07 M M 2.6 7 280 M M 10 1 9 140
22 29 14 22 -7 43 0 0.00 M M 1.0 8 250 M M 6 12 9 250
23 32 20 26 -3 39 0 0.00 M M 3.5 18 200 M M 6 22 180
24 34 28 31 2 34 0 0.00 M M 1.4 7 150 M M 10 8 190
25 30 26 28 -1 37 0 0.00 M M 2.8 8 180 M M 10 12 16 220
26 32 23 28 -1 37 0 0.00 M M 1.1 8 150 M M 5 128 9 150
27 40 23 32 3 33 0 T M M 2.9 16 10 M M 8 128 19 10
28 40 25 33 4 32 0 0.00 M M 12.6 22 20 M M 3 28 10
29 27 4 16 -13 49 0 0.00 M M 9.7 29 20 M M 0 34 20
30 19 -1 9 -20 56 0 0.00 M M 2.2 10 150 M M 2 12 160
31 22 7 15 -15 50 0 0.00 M M 0.7 6 240 M M 2 6 250
================================================================================
SM 1024 796 1097 0 2.76 M 102.1 M 255
================================================================================
AV 33.0 25.7 3.3 FASTST M M 8 MAX(MPH)
MISC ----> 29 20 34 20
================================================================================
NOTES:
# LAST OF SEVERAL OCCURRENCES
COLUMN 17 PEAK WIND IN M.P.H.
PRELIMINARY LOCAL CLIMATOLOGICAL DATA (WS FORM: F-6) , PAGE 2
STATION: OMAK WA AIRPORT
MONTH: JANUARY
YEAR: 2023
LATITUDE: 48 27 N
LONGITUDE: 119 31 W
[TEMPERATURE DATA] [PRECIPITATION DATA] SYMBOLS USED IN COLUMN 16
AVERAGE MONTHLY: 29.4 TOTAL FOR MONTH: 2.76 1 = FOG OR MIST
DPTR FM NORMAL: 1.4 DPTR FM NORMAL: 1.43 2 = FOG REDUCING VISIBILITY
HIGHEST: 40 ON 28,27 GRTST 24HR 0.81 ON 12-12 TO 1/4 MILE OR LESS
LOWEST: -1 ON 30 3 = THUNDER
SNOW, ICE PELLETS, HAIL 4 = ICE PELLETS
TOTAL MONTH: M 5 = HAIL
GRTST 24HR M ON M 6 = FREEZING RAIN OR DRIZZLE
GRTST DEPTH: M ON M 7 = DUSTSTORM OR SANDSTORM:
VSBY 1/2 MILE OR LESS
8 = SMOKE OR HAZE
[NO. OF DAYS WITH] [WEATHER - DAYS WITH] 9 = BLOWING SNOW
X = TORNADO
MAX 32 OR BELOW: 11 0.01 INCH OR MORE: 9
MAX 90 OR ABOVE: 0 0.10 INCH OR MORE: 6
MIN 32 OR BELOW: 23 0.50 INCH OR MORE: 1
MIN 0 OR BELOW: 1 1.00 INCH OR MORE: 0
[HDD (BASE 65) ]
TOTAL THIS MO. 1097 CLEAR (SCALE 0-3) 4
DPTR FM NORMAL -48 PTCLDY (SCALE 4-7) 4
TOTAL FM JUL 1 3878 CLOUDY (SCALE 8-10) 23
DPTR FM NORMAL 76
[CDD (BASE 65) ]
TOTAL THIS MO. 0
DPTR FM NORMAL 0 [PRESSURE DATA]
TOTAL FM JAN 1 0 HIGHEST SLP M ON M
DPTR FM NORMAL 0 LOWEST SLP 29.45 ON 15
[REMARKS]
#FINAL-01-23#