000
CXUS56 KOTX 011010
CF6OMK
PRELIMINARY LOCAL CLIMATOLOGICAL DATA (WS FORM: F-6)
STATION: OMAK WA AIRPORT
MONTH: DECEMBER
YEAR: 2020
LATITUDE: 48 27 N
LONGITUDE: 119 31 W
TEMPERATURE IN F: :PCPN: SNOW: WIND :SUNSHINE: SKY :PK WND
================================================================================
1 2 3 4 5 6A 6B 7 8 9 10 11 12 13 14 15 16 17 18
12Z AVG MX 2MIN
DY MAX MIN AVG DEP HDD CDD WTR SNW DPTH SPD SPD DIR MIN PSBL S-S WX SPD DR
================================================================================
1 41 23 32 2 33 0 0.00 M M 2.3 9 150 M M 1 10 150
2 37 20 29 0 36 0 0.00 M M 3.0 10 10 M M 0 12 10
3 34 19 27 -2 38 0 0.00 M M 1.8 8 180 M M 2 128 10 170
4 36 18 27 -1 38 0 0.00 M M 1.5 7 210 M M 1 128 7 160
5 28 20 24 -4 41 0 0.00 M M 2.1 9 180 M M 10 128 11 180
6 32 24 28 0 37 0 0.00 M M 4.9 14 210 M M 9 12 19 210
7 33 29 31 4 34 0 T M M 6.0 14 210 M M 10 18 17 210
8 35 32 34 7 31 0 0.03 M M 3.5 14 200 M M 10 1 19 210
9 38 33 36 9 29 0 0.00 M M 1.7 12 360 M M 10 12 15 360
10 35 32 34 8 31 0 0.01 M M 2.2 9 360 M M 10 1 10 10
11 35 32 34 8 31 0 0.20 M M 0.4 7 360 M M 10 12 8 10
12 34 31 33 7 32 0 T M M 5.0 13 180 M M 10 128 16 170
13 32 28 30 4 35 0 0.03 M M 1.2 7 160 M M 10 1 8 190
14 33 29 31 5 34 0 0.00 M M 3.7 12 200 M M 10 1 15 190
15 33 31 32 7 33 0 0.07 M M 4.8 13 190 M M 10 1 15 190
16 34 32 33 8 32 0 0.29 M M 2.2 8 270 M M 10 18 13 310
17 39 30 35 10 30 0 0.01 M M 2.2 9 170 M M 9 128 12 180
18 41 30 36 11 29 0 0.00 M M 6.4 20 190 M M 9 128 25 200
19 44 29 37 12 28 0 0.01 M M 7.5 22 170 M M 4 28 190
20 54 35 45 21 20 0 0.00 M M 6.0 18 180 M M 0 27 180
21 38 33 36 12 29 0 0.30 M M 4.5 24 360 M M 10 1 30 360
22 42 24 33 9 32 0 0.00 M M 11.6 22 10 M M 0 28 20
23 32 19 26 2 39 0 0.00 M M 4.1 10 300 M M 0 12 300
24 31 15 23 -1 42 0 0.00 M M 3.3 7 290 M M 0 9 210
25 29 18 24 0 41 0 0.09 M M 0.6 6 270 M M 5 1 7 270
26 33 28 31 7 34 0 0.07 M M 3.7 12 210 M M 10 1 15 210
27 33 29 31 7 34 0 0.03 M M 1.0 5 170 M M 10 12 8 240
28 33 27 30 6 35 0 0.00 M M 0.8 5 220 M M 10 12 5 180
29 31 26 29 5 36 0 0.06 M M 4.6 9 190 M M 10 1 11 180
30 31 29 30 6 35 0 0.03 M M 4.6 9 200 M M 10 1 12 170
31 34 29 32 8 33 0 0.02 M M 1.6 5 160 M M 10 1 7 160
================================================================================
SM 1095 834 1042 0 1.25 M 108.8 M 220
================================================================================
AV 35.3 26.9 3.5 FASTST M M 7 MAX(MPH)
MISC ----> 24 360 30 360
================================================================================
NOTES:
# LAST OF SEVERAL OCCURRENCES
COLUMN 17 PEAK WIND IN M.P.H.
PRELIMINARY LOCAL CLIMATOLOGICAL DATA (WS FORM: F-6) , PAGE 2
STATION: OMAK WA AIRPORT
MONTH: DECEMBER
YEAR: 2020
LATITUDE: 48 27 N
LONGITUDE: 119 31 W
[TEMPERATURE DATA] [PRECIPITATION DATA] SYMBOLS USED IN COLUMN 16
AVERAGE MONTHLY: 31.1 TOTAL FOR MONTH: 1.25 1 = FOG OR MIST
DPTR FM NORMAL: 5.4 DPTR FM NORMAL: -0.95 2 = FOG REDUCING VISIBILITY
HIGHEST: 54 ON 20 GRTST 24HR 0.30 ON 21-21 TO 1/4 MILE OR LESS
LOWEST: 15 ON 24 3 = THUNDER
SNOW, ICE PELLETS, HAIL 4 = ICE PELLETS
TOTAL MONTH: M 5 = HAIL
GRTST 24HR M ON M 6 = FREEZING RAIN OR DRIZZLE
GRTST DEPTH: M ON M 7 = DUSTSTORM OR SANDSTORM:
VSBY 1/2 MILE OR LESS
8 = SMOKE OR HAZE
[NO. OF DAYS WITH] [WEATHER - DAYS WITH] 9 = BLOWING SNOW
X = TORNADO
MAX 32 OR BELOW: 8 0.01 INCH OR MORE: 15
MAX 90 OR ABOVE: 0 0.10 INCH OR MORE: 3
MIN 32 OR BELOW: 28 0.50 INCH OR MORE: 0
MIN 0 OR BELOW: 0 1.00 INCH OR MORE: 0
[HDD (BASE 65) ]
TOTAL THIS MO. 1042 CLEAR (SCALE 0-3) 8
DPTR FM NORMAL -174 PTCLDY (SCALE 4-7) 2
TOTAL FM JUL 1 2431 CLOUDY (SCALE 8-10) 21
DPTR FM NORMAL -322
[CDD (BASE 65) ]
TOTAL THIS MO. 0
DPTR FM NORMAL 0 [PRESSURE DATA]
TOTAL FM JAN 1 864 HIGHEST SLP M ON M
DPTR FM NORMAL 199 LOWEST SLP 29.40 ON 21
[REMARKS]
#FINAL-12-20#