525
CXUS56 KOTX 070108
CF6OMK
PRELIMINARY LOCAL CLIMATOLOGICAL DATA (WS FORM: F-6)
STATION: OMAK WA AIRPORT
MONTH: AUGUST
YEAR: 2020
LATITUDE: 48 27 N
LONGITUDE: 119 31 W
TEMPERATURE IN F: :PCPN: SNOW: WIND :SUNSHINE: SKY :PK WND
================================================================================
1 2 3 4 5 6A 6B 7 8 9 10 11 12 13 14 15 16 17 18
12Z AVG MX 2MIN
DY MAX MIN AVG DEP HDD CDD WTR SNW DPTH SPD SPD DIR MIN PSBL S-S WX SPD DR
================================================================================
1 97 70 84 9 0 19 0.00 M M 8.2 17 160 M M 0 23 150
2 96 59 78 3 0 13 0.00 M M 7.6 20 140 M M 0 26 160
3 93 63 78 3 0 13 0.00 M M 7.9 17 360 M M 0 23 10
4 94 62 78 3 0 13 0.00 M M 8.3 18 10 M M 0 22 360
5 98 55 77 2 0 12 0.00 M M 6.3 18 200 M M 0 24 210
6 86 52 69 -6 0 4 T M M 9.3 23 210 M M 3 31 200
7 84 44 64 -10 1 0 0.00 M M 8.1 22 10 M M 1 27 10
8 87 62 75 1 0 10 0.00 M M 10.8 22 10 M M 2 29 20
9 87 56 72 -2 0 7 0.00 M M 8.2 16 20 M M 0 20 20
10 94 50 72 -2 0 7 0.00 M M 8.4 20 10 M M 0 24 10
11 92 61 77 3 0 12 0.00 M M 10.6 26 300 M M 0 36 300
12 83 57 70 -4 0 5 0.00 M M 9.9 17 160 M M 0 24 140
13 83 49 66 -8 0 1 0.00 M M 5.6 13 360 M M 0 16 360
14 92 51 72 -1 0 7 0.00 M M 5.8 16 160 M M 0 22 170
15 98 57 78 5 0 13 0.00 M M 7.1 14 210 M M 0 17 160
16 101 55 78 5 0 13 0.00 M M 4.3 15 160 M M 0 20 160
17 106 68 87 14 0 22 0.00 M M 7.1 22 160 M M 0 29 150
18 104 61 83 11 0 18 0.00 M M 7.1 23 150 M M 0 27 160
19 97 63 80 8 0 15 0.00 M M 5.8 14 200 M M 2 8 18 200
20 91 65 78 6 0 13 0.00 M M 6.2 14 160 M M 2 8 18 150
21 91 62 77 5 0 12 0.00 M M 10.6 28 170 M M 4 35 180
22 87 53 70 -1 0 5 0.00 M M 5.8 13 190 M M 0 16 150
23 89 58 74 3 0 9 0.00 M M 7.8 15 360 M M 0 19 360
24 90 58 74 3 0 9 0.00 M M 12.7 24 10 M M 0 31 10
25 88 61 75 5 0 10 0.00 M M 11.4 23 20 M M 0 28 10
26 90 57 74 4 0 9 0.00 M M 9.1 20 10 M M 0 24 10
27 91 60 76 6 0 11 0.00 M M 10.6 22 360 M M 0 27 10
28 93 57 75 6 0 10 0.00 M M 9.2 18 150 M M 0 24 140
29 84 52 68 -1 0 3 0.00 M M 12.5 23 10 M M 0 29 10
30 79 50 65 -4 0 0 T M M 10.2 18 320 M M 2 27 310
31 82 55 69 1 0 4 0.00 M M 10.2 24 20 M M 2 8 30 30
================================================================================
SM 2827 1783 1 299 T M 262.7 M 18
================================================================================
AV 91.2 57.5 8.5 FASTST M M 1 MAX(MPH)
MISC ----> # 28 170 # 36 300
================================================================================
NOTES:
# LAST OF SEVERAL OCCURRENCES
COLUMN 17 PEAK WIND IN M.P.H.
PRELIMINARY LOCAL CLIMATOLOGICAL DATA (WS FORM: F-6) , PAGE 2
STATION: OMAK WA AIRPORT
MONTH: AUGUST
YEAR: 2020
LATITUDE: 48 27 N
LONGITUDE: 119 31 W
[TEMPERATURE DATA] [PRECIPITATION DATA] SYMBOLS USED IN COLUMN 16
AVERAGE MONTHLY: 74.4 TOTAL FOR MONTH: T 1 = FOG OR MIST
DPTR FM NORMAL: 2.0 DPTR FM NORMAL: -0.49 2 = FOG REDUCING VISIBILITY
HIGHEST: 106 ON 17 GRTST 24HR T ON 30-30 TO 1/4 MILE OR LESS
LOWEST: 44 ON 7 3 = THUNDER
SNOW, ICE PELLETS, HAIL 4 = ICE PELLETS
TOTAL MONTH: M 5 = HAIL
GRTST 24HR M ON M 6 = FREEZING RAIN OR DRIZZLE
GRTST DEPTH: M ON M 7 = DUSTSTORM OR SANDSTORM:
VSBY 1/2 MILE OR LESS
8 = SMOKE OR HAZE
[NO. OF DAYS WITH] [WEATHER - DAYS WITH] 9 = BLOWING SNOW
X = TORNADO
MAX 32 OR BELOW: 0 0.01 INCH OR MORE: 0
MAX 90 OR ABOVE: 19 0.10 INCH OR MORE: 0
MIN 32 OR BELOW: 0 0.50 INCH OR MORE: 0
MIN 0 OR BELOW: 0 1.00 INCH OR MORE: 0
[HDD (BASE 65) ]
TOTAL THIS MO. 1 CLEAR (SCALE 0-3) 29
DPTR FM NORMAL -15 PTCLDY (SCALE 4-7) 2
TOTAL FM JUL 1 1 CLOUDY (SCALE 8-10) 0
DPTR FM NORMAL -30
[CDD (BASE 65) ]
TOTAL THIS MO. 299
DPTR FM NORMAL 54 [PRESSURE DATA]
TOTAL FM JAN 1 741 HIGHEST SLP 30.17 ON 14
DPTR FM NORMAL 135 LOWEST SLP 29.65 ON 6
[REMARKS]
#FINAL-08-20#