000
CXUS56 KBOI 011002
CF6ONO
PRELIMINARY LOCAL CLIMATOLOGICAL DATA (WS FORM: F-6)
STATION: ONTARIO OR
MONTH: OCTOBER
YEAR: 2022
LATITUDE: 44 1 N
LONGITUDE: 117 1 W
TEMPERATURE IN F: :PCPN: SNOW: WIND :SUNSHINE: SKY :PK WND
================================================================================
1 2 3 4 5 6A 6B 7 8 9 10 11 12 13 14 15 16 17 18
12Z AVG MX 2MIN
DY MAX MIN AVG DEP HDD CDD WTR SNW DPTH SPD SPD DIR MIN PSBL S-S WX SPD DR
================================================================================
1 77 44 61 1 4 0 0.00 M M 2.7 7 250 M M 0 8 10 110
2 79 51 65 5 0 0 0.00 M M 3.5 13 150 M M 4 17 160
3 81 45 63 4 2 0 0.00 M M 2.3 9 260 M M 0 8 15 200
4 82 42 62 4 3 0 0.00 M M 1.6 7 260 M M 0 10 180
5 83 43 63 5 2 0 0.00 M M 1.5 6 270 M M 0 8 9 150
6 83 44 64 6 1 0 0.00 M M 1.3 8 270 M M 0 8 9 260
7 83 44 64 7 1 0 0.00 0.0 0 1.5 9 250 M M 0 8 10 250
8 81 45 63 6 2 0 0.00 M M 2.1 7 260 M M 0 8 9 270
9 81 40 61 5 4 0 0.00 M M 1.5 6 260 M M 0 8 150
10 81 40 61 5 4 0 0.00 M M 1.7 8 260 M M 0 8 10 270
11 81 49 65 10 0 0 0.00 M M 8.3 24 330 M M 0 32 320
12 83 44 64 9 1 0 0.00 M M 3.1 10 260 M M 0 13 260
13 80 45 63 9 2 0 0.00 M M 2.5 13 260 M M 0 8 15 270
14 80 40 60 6 5 0 0.00 M M 1.0 6 270 M M 0 8 8 110
15 79 40 60 7 5 0 0.00 M M 2.7 7 260 M M 0 8 10 360
16 76 36 56 3 9 0 0.00 M M 3.5 8 30 M M 0 12 30
17 76 33 55 3 10 0 0.00 M M 1.2 9 250 M M 0 8 11 260
18 76 34 55 3 10 0 0.00 M M 1.2 8 260 M M 0 8 10 260
19 74 35 55 4 10 0 0.00 M M 1.7 8 260 M M 0 8 9 260
20 74 33 54 3 11 0 0.00 M M 1.4 8 160 M M 0 8 10 150
21 72 40 56 6 9 0 0.11 M M 2.1 10 360 M M 3 18 15 250
22 58 44 51 1 14 0 0.18 M M 11.4 22 320 M M 6 1 35 270
23 57 36 47 -2 18 0 0.00 M M 11.7 22 320 M M 3 31 340
24 48 30 39 -10 26 0 0.14 M M 4.6 12 250 M M 5 16 260
25 54 32 43 -5 22 0 T M M 2.8 8 110 M M 4 128 12 120
26 56 33 45 -3 20 0 0.00 M M 7.8 18 300 M M 4 23 290
27 54 27 41 -7 24 0 0.00 M M 2.6 9 110 M M 0 14 110
28 52 35 44 -3 21 0 0.00 M M 5.5 14 110 M M 0 19 110
29 56 30 43 -4 22 0 0.00 M M 1.9 8 150 M M 1 8 11 170
30 59 26 43 -3 22 0 0.00 M M 1.5 7 260 M M 2 18 9 30
31 60 35 48 2 17 0 0.00 M M 3.5 9 250 M M 1 18 12 360
================================================================================
SM 2216 1195 301 0 0.43 0.0 101.7 M 33
================================================================================
AV 71.5 38.5 3.3 FASTST M M 1 MAX(MPH)
MISC ----> 24 330 35 270
================================================================================
NOTES:
# LAST OF SEVERAL OCCURRENCES
COLUMN 17 PEAK WIND IN M.P.H.
PRELIMINARY LOCAL CLIMATOLOGICAL DATA (WS FORM: F-6) , PAGE 2
STATION: ONTARIO OR
MONTH: OCTOBER
YEAR: 2022
LATITUDE: 44 1 N
LONGITUDE: 117 1 W
[TEMPERATURE DATA] [PRECIPITATION DATA] SYMBOLS USED IN COLUMN 16
AVERAGE MONTHLY: 55.0 TOTAL FOR MONTH: 0.43 1 = FOG OR MIST
DPTR FM NORMAL: 2.2 DPTR FM NORMAL: -0.21 2 = FOG REDUCING VISIBILITY
HIGHEST: 83 ON 12, 7 GRTST 24HR 0.29 ON 21-22 TO 1/4 MILE OR LESS
LOWEST: 26 ON 30 3 = THUNDER
SNOW, ICE PELLETS, HAIL 4 = ICE PELLETS
TOTAL MONTH: 0.0 INCH 5 = HAIL
GRTST 24HR 0.0 6 = FREEZING RAIN OR DRIZZLE
GRTST DEPTH: 0 7 = DUSTSTORM OR SANDSTORM:
VSBY 1/2 MILE OR LESS
8 = SMOKE OR HAZE
[NO. OF DAYS WITH] [WEATHER - DAYS WITH] 9 = BLOWING SNOW
X = TORNADO
MAX 32 OR BELOW: 0 0.01 INCH OR MORE: 3
MAX 90 OR ABOVE: 0 0.10 INCH OR MORE: 3
MIN 32 OR BELOW: 5 0.50 INCH OR MORE: 0
MIN 0 OR BELOW: 0 1.00 INCH OR MORE: 0
[HDD (BASE 65) ]
TOTAL THIS MO. 301 CLEAR (SCALE 0-3) 26
DPTR FM NORMAL -81 PTCLDY (SCALE 4-7) 5
TOTAL FM JUL 1 313 CLOUDY (SCALE 8-10) 0
DPTR FM NORMAL -146
[CDD (BASE 65) ]
TOTAL THIS MO. 0
DPTR FM NORMAL -4 [PRESSURE DATA]
TOTAL FM JAN 1 1410 HIGHEST SLP M ON M
DPTR FM NORMAL 310 LOWEST SLP 29.41 ON 22
[REMARKS]
#FINAL-10-22#