000
CXUS54 KMRX 011030
CF6OQT
PRELIMINARY LOCAL CLIMATOLOGICAL DATA (WS FORM: F-6)
STATION: OAK RIDGE
MONTH: APRIL
YEAR: 2023
LATITUDE: 36 1 N
LONGITUDE: 84 14 W
TEMPERATURE IN F: :PCPN: SNOW: WIND :SUNSHINE: SKY :PK WND
================================================================================
1 2 3 4 5 6A 6B 7 8 9 10 11 12 13 14 15 16 17 18
12Z AVG MX 2MIN
DY MAX MIN AVG DEP HDD CDD WTR SNW DPTH SPD SPD DIR MIN PSBL S-S WX SPD DR
================================================================================
1 79 45 62 6 3 0 0.51 M M 10.0 27 260 M M 3 1 56 270
2 67 36 52 -4 13 0 0.00 M M 1.8 10 160 M M 0 14 10
3 63 45 54 -2 11 0 T M M 0.3 5 10 M M 6 9 40
4 81 57 69 12 0 4 0.00 M M 1.8 9 260 M M 6 1 17 260
5 88 68 78 21 0 13 0.00 M M 5.0 18 190 M M 3 35 210
6 80 54 67 10 0 2 0.00 M M 2.7 8 60 M M 4 16 40
7 55 48 52 -6 13 0 0.26 M M 5.1 9 50 M M 9 1 19 20
8 50 45 48 -10 17 0 0.32 M M 4.5 8 60 M M 10 1 17 30
9 71 42 57 -1 8 0 0.00 M M 4.0 12 70 M M 1 26 70
10 72 38 55 -3 10 0 0.00 M M 0.6 7 80 M M 0 15 140
11 76 41 59 0 6 0 0.00 M M 1.5 8 80 M M 0 13 250
12 79 42 61 2 4 0 0.00 M M 1.2 9 130 M M 0 15 230
13 81 45 63 4 2 0 T M M 1.1 7 100 M M 2 13 180
14 73 56 65 5 0 0 0.14 M M 1.2 8 190 M M 6 1 16 170
15 75 57 66 6 0 1 0.00 M M 1.2 7 130 M M 4 12 220
16 73 48 61 1 4 0 0.16 M M 3.3 17 250 M M 6 1 31 250
17 69 41 55 -5 10 0 0.00 M M 4.4 17 280 M M 0 31 270
18 82 42 62 1 3 0 0.00 M M 3.3 10 290 M M 0 22 280
19 83 47 65 4 0 0 0.00 M M 0.8 9 240 M M 0 8 17 230
20 85 49 67 6 0 2 0.00 M M 1.8 10 190 M M 0 22 150
21 79 55 67 5 0 2 0.29 M M 2.6 17 270 M M 1 1 33 280
22 68 47 58 -4 7 0 0.62 M M 3.1 21 290 M M 5 1 38 290
23 56 41 49 -13 16 0 0.00 M M 1.0 8 260 M M 3 14 170
24 65 35 50 -12 15 0 0.00 M M 2.0 9 70 M M 0 18 50
25 68 40 54 -9 11 0 0.00 M M 2.5 8 60 M M 0 17 30
26 64 43 54 -9 11 0 T M M 0.8 6 80 M M 6 10 70
27 59 51 55 -8 10 0 0.33 M M 1.2 6 60 M M 9 1 12 60
28 75 55 65 1 0 0 0.45 M M 1.7 18 300 M M 7 1 36 300
29 73 49 61 -3 4 0 0.00 M M 0.9 6 330 M M 2 12 10 90
30 68 46 57 -7 8 0 T M M 5.4 20 260 M M 4 39 300
================================================================================
SM 2157 1408 186 24 3.08 M 76.8 M 97
================================================================================
AV 71.9 46.9 2.6 FASTST M M 3 MAX(MPH)
MISC ----> 27 260 56 270
================================================================================
NOTES:
# LAST OF SEVERAL OCCURRENCES
COLUMN 17 PEAK WIND IN M.P.H.
PRELIMINARY LOCAL CLIMATOLOGICAL DATA (WS FORM: F-6) , PAGE 2
STATION: OAK RIDGE
MONTH: APRIL
YEAR: 2023
LATITUDE: 36 1 N
LONGITUDE: 84 14 W
[TEMPERATURE DATA] [PRECIPITATION DATA] SYMBOLS USED IN COLUMN 16
AVERAGE MONTHLY: 59.4 TOTAL FOR MONTH: 3.08 1 = FOG OR MIST
DPTR FM NORMAL: -0.6 DPTR FM NORMAL: -2.12 2 = FOG REDUCING VISIBILITY
HIGHEST: 88 ON 5 GRTST 24HR 0.91 ON 21-22 TO 1/4 MILE OR LESS
LOWEST: 35 ON 24 3 = THUNDER
SNOW, ICE PELLETS, HAIL 4 = ICE PELLETS
TOTAL MONTH: M 5 = HAIL
GRTST 24HR M ON M 6 = FREEZING RAIN OR DRIZZLE
GRTST DEPTH: M ON M 7 = DUSTSTORM OR SANDSTORM:
VSBY 1/2 MILE OR LESS
8 = SMOKE OR HAZE
[NO. OF DAYS WITH] [WEATHER - DAYS WITH] 9 = BLOWING SNOW
X = TORNADO
MAX 32 OR BELOW: 0 0.01 INCH OR MORE: 9
MAX 90 OR ABOVE: 0 0.10 INCH OR MORE: 9
MIN 32 OR BELOW: 0 0.50 INCH OR MORE: 2
MIN 0 OR BELOW: 0 1.00 INCH OR MORE: 0
[HDD (BASE 65) ]
TOTAL THIS MO. 186 CLEAR (SCALE 0-3) 17
DPTR FM NORMAL -2 PTCLDY (SCALE 4-7) 10
TOTAL FM JUL 1 3029 CLOUDY (SCALE 8-10) 3
DPTR FM NORMAL -405
[CDD (BASE 65) ]
TOTAL THIS MO. 24
DPTR FM NORMAL -14 [PRESSURE DATA]
TOTAL FM JAN 1 39 HIGHEST SLP 30.46 ON 10
DPTR FM NORMAL -6 LOWEST SLP 29.47 ON 30
[REMARKS]
#FINAL-04-23#