000
CXUS51 KBOX 011536
CF6ORH
PRELIMINARY LOCAL CLIMATOLOGICAL DATA (WS FORM: F-6)
STATION: WORCESTER MA
MONTH: JUNE
YEAR: 2022
LATITUDE: 42 16 N
LONGITUDE: 71 52 W
TEMPERATURE IN F: :PCPN: SNOW: WIND :SUNSHINE: SKY :PK WND
================================================================================
1 2 3 4 5 6A 6B 7 8 9 10 11 12 13 14 15 16 17 18
12Z AVG MX 2MIN
DY MAX MIN AVG DEP HDD CDD WTR SNW DPTH SPD SPD DIR MIN PSBL S-S WX SPD DR
================================================================================
1 62 54 58 -3 7 0 T 0.0 M 6.4 14 210 M M 8 17 150
2 73 53 63 2 2 0 0.01 0.0 M 6.9 15 250 M M 8 1 18 250
3 68 55 62 0 3 0 T 0.0 M 5.0 13 40 M M 9 1 18 40
4 78 55 67 5 0 2 T 0.0 M 7.3 20 190 M M 5 1 25 290
5 72 49 61 -1 4 0 0.00 0.0 M 9.2 17 260 M M 1 25 280
6 78 57 68 6 0 3 0.00 0.0 M 5.5 16 300 M M 1 22 300
7 77 57 67 4 0 2 0.03 0.0 M 13.9 23 180 M M 2 33 190
8 75 60 68 5 0 3 0.49 0.0 M 9.3 22 290 M M 5 1 28 300
9 79 57 68 5 0 3 1.47 0.0 M 12.0 26 280 M M 5 12 35 280
10 74 54 64 0 1 0 0.00 0.0 M 11.2 20 300 M M 1 28 270
11 73 56 65 1 0 0 0.00 0.0 M 8.0 16 280 M M 0 22 260
12 73 55 64 0 1 0 0.00 0.0 M 9.4 17 200 M M 5 24 180
13 81 64 73 9 0 8 0.12 0.0 M 9.9 17 310 M M 5 1 25 300
14 78 61 70 5 0 5 0.00 0.0 M 8.4 15 360 M M 1 19 340
15 75 60 68 3 0 3 0.00 0.0 M 6.6 12 140 M M 2 16 60
16 71 57 64 -1 1 0 T 0.0 M 13.1 22 220 M M 8 29 210
17 80 62 71 5 0 6 0.25 0.0 M 13.3 26 260 M M 6 13 39 260
18 67 48 58 -8 7 0 0.06 0.0 M 16.6 25 310 M M 6 34 310
19 62 48 55 -11 10 0 0.32 0.0 M 11.4 21 310 M M 9 29 310
20 75 51 63 -4 2 0 0.00 0.0 M 10.4 20 340 M M 1 25 350
21 74 54 64 -3 1 0 0.00 0.0 M 5.9 13 160 M M 1 17 170
22 66 58 62 -5 3 0 0.01 0.0 M 4.4 10 150 M M 9 1 14 140
23 73 55 64 -4 1 0 0.00 0.0 M 7.8 15 180 M M 7 12 19 170
24 78 57 68 0 0 3 T 0.0 M 6.8 14 280 M M 5 18 280
25 85 64 75 7 0 10 0.00 0.0 M 6.4 13 320 M M 0 16 320
26 88 66 77 9 0 12 0.00 0.0 M 9.9 18 220 M M 1 23 180
27 71 62 67 -1 0 2 0.40 0.0 M 13.0 23 220 M M 5 1 30 310
28 76 52 64 -5 1 0 0.00 0.0 M 7.3 14 290 M M 2 19 300
29 79 61 70 1 0 5 0.00 0.0 M 7.7 15 260 M M 2 19 250
30 78 60 69 0 0 4 0.00 0.0 M 8.6 17 310 M M 1 24 300
================================================================================
SM 2239 1702 44 71 3.16 0.0 271.6 M 121
================================================================================
AV 74.6 56.7 9.1 FASTST M M 4 MAX(MPH)
MISC ----> # 26 280 39 260
================================================================================
NOTES:
# LAST OF SEVERAL OCCURRENCES
COLUMN 17 PEAK WIND IN M.P.H.
PRELIMINARY LOCAL CLIMATOLOGICAL DATA (WS FORM: F-6) , PAGE 2
STATION: WORCESTER MA
MONTH: JUNE
YEAR: 2022
LATITUDE: 42 16 N
LONGITUDE: 71 52 W
[TEMPERATURE DATA] [PRECIPITATION DATA] SYMBOLS USED IN COLUMN 16
AVERAGE MONTHLY: 65.7 TOTAL FOR MONTH: 3.16 1 = FOG OR MIST
DPTR FM NORMAL: 0.5 DPTR FM NORMAL: -1.06 2 = FOG REDUCING VISIBILITY
HIGHEST: 88 ON 26 GRTST 24HR 1.47 ON 8- 9 TO 1/4 MILE OR LESS
LOWEST: 48 ON 19,18 3 = THUNDER
SNOW, ICE PELLETS, HAIL 4 = ICE PELLETS
TOTAL MONTH: 0.0 INCH 5 = HAIL
GRTST 24HR 0.0 6 = FREEZING RAIN OR DRIZZLE
GRTST DEPTH: M ON M 7 = DUSTSTORM OR SANDSTORM:
VSBY 1/2 MILE OR LESS
8 = SMOKE OR HAZE
[NO. OF DAYS WITH] [WEATHER - DAYS WITH] 9 = BLOWING SNOW
X = TORNADO
MAX 32 OR BELOW: 0 0.01 INCH OR MORE: 10
MAX 90 OR ABOVE: 0 0.10 INCH OR MORE: 6
MIN 32 OR BELOW: 0 0.50 INCH OR MORE: 1
MIN 0 OR BELOW: 0 1.00 INCH OR MORE: 1
[HDD (BASE 65) ]
TOTAL THIS MO. 44 CLEAR (SCALE 0-3) 14
DPTR FM NORMAL -34 PTCLDY (SCALE 4-7) 12
TOTAL FM JUL 1 5935 CLOUDY (SCALE 8-10) 4
DPTR FM NORMAL -688
[CDD (BASE 65) ]
TOTAL THIS MO. 71
DPTR FM NORMAL -13 [PRESSURE DATA]
TOTAL FM JAN 1 129 HIGHEST SLP 30.25 ON 29
DPTR FM NORMAL 21 LOWEST SLP 29.51 ON 9
[REMARKS]
#FINAL-06-22#