000
CXUS52 KMLB 010625
CF6ORL
PRELIMINARY LOCAL CLIMATOLOGICAL DATA (WS FORM: F-6)
STATION: ORLANDO EXEC
MONTH: SEPTEMBER
YEAR: 2023
LATITUDE: 28 32 N
LONGITUDE: 81 20 W
TEMPERATURE IN F: :PCPN: SNOW: WIND :SUNSHINE: SKY :PK WND
================================================================================
1 2 3 4 5 6A 6B 7 8 9 10 11 12 13 14 15 16 17 18
12Z AVG MX 2MIN
DY MAX MIN AVG DEP HDD CDD WTR SNW DPTH SPD SPD DIR MIN PSBL S-S WX SPD DR
================================================================================
1 93 74 84 1 0 19 1.51 0.0 0 6.5 26 310 M M 4 123 34 300
2 88 77 83 0 0 18 0.00 0.0 0 7.5 21 60 M M 5 25 60
3 91 74 83 0 0 18 T 0.0 0 7.3 17 60 M M 2 24 10
4 91 72 82 -1 0 17 0.00 0.0 0 6.7 16 70 M M 0 22 70
5 94 72 83 0 0 18 0.00 0.0 0 4.4 16 70 M M 1 20 70
6 94 75 85 2 0 20 0.00 0.0 0 3.3 17 110 M M 2 22 110
7 96 75 86 4 0 21 0.00 0.0 0 4.5 16 120 M M 2 20 120
8 87 71 79 -3 0 14 1.70 0.0 0 5.6 31 280 M M 3 123 44 280
9 91 69 80 -2 0 15 0.00 0.0 0 4.0 15 120 M M 1 19 110
10 94 75 85 3 0 20 0.00 0.0 0 4.9 14 110 M M 1 19 100
11 96 72 84 2 0 19 1.21 0.0 0 5.1 35 340 M M 2 13 55 330
12 95 74 85 3 0 20 T 0.0 0 3.7 16 150 M M 2 3 21 150
13 95 77 86 4 0 21 0.12 0.0 0 3.8 21 60 M M 3 13 28 70
14 92 77 85 3 0 20 0.06 0.0 0 3.9 20 320 M M 2 28 320
15 94 77 86 4 0 21 0.27 0.0 0 5.0 22 20 M M 4 1 28 10
16 90 77 84 2 0 19 T 0.0 0 8.0 20 80 M M 2 26 20
17 94 76 85 3 0 20 0.00 0.0 0 5.7 14 280 M M 1 3 19 280
18 92 76 84 2 0 19 0.00 0.0 0 6.2 16 60 M M 1 22 70
19 88 74 81 -1 0 16 0.00 0.0 0 8.4 16 80 M M 4 20 60
20 92 73 83 2 0 18 0.36 0.0 0 7.7 20 80 M M 5 13 25 60
21 90 72 81 0 0 16 0.61 0.0 0 7.0 37 330 M M 2 13 56 350
22 87 71 79 -2 0 14 0.03 0.0 0 7.7 23 10 M M 2 31 360
23 87 68 78 -3 0 13 0.00 0.0 0 4.4 14 80 M M 0 18 100
24 88 66 77 -4 0 12 0.00 0.0 0 4.0 15 110 M M 0 16 70
25 92 74 83 2 0 18 0.28 0.0 0 4.2 29 140 M M 1 13 41 140
26 90 74 82 1 0 17 0.42 0.0 0 5.7 25 160 M M 2 13 35 160
27 88 74 81 1 0 16 0.10 0.0 0 4.3 20 20 M M 6 13 25 40
28 88 74 81 1 0 16 0.08 0.0 0 7.1 17 340 M M 7 18 23 340
29 89 75 82 2 0 17 T 0.0 0 8.1 16 50 M M 7 25 60
30 90 78 84 4 0 19 T 0.0 0 8.4 18 40 M M 7 26 20
================================================================================
SM 2736 2213 0 531 6.75 0.0 173.1 M 81
================================================================================
AV 91.2 73.8 5.8 FASTST M M 3 MAX(MPH)
MISC ----> 37 330 56 350
================================================================================
NOTES:
# LAST OF SEVERAL OCCURRENCES
COLUMN 17 PEAK WIND IN M.P.H.
PRELIMINARY LOCAL CLIMATOLOGICAL DATA (WS FORM: F-6) , PAGE 2
STATION: ORLANDO EXEC
MONTH: SEPTEMBER
YEAR: 2023
LATITUDE: 28 32 N
LONGITUDE: 81 20 W
[TEMPERATURE DATA] [PRECIPITATION DATA] SYMBOLS USED IN COLUMN 16
AVERAGE MONTHLY: 82.5 TOTAL FOR MONTH: 6.75 1 = FOG OR MIST
DPTR FM NORMAL: 0.8 DPTR FM NORMAL: 0.20 2 = FOG REDUCING VISIBILITY
HIGHEST: 96 ON 11, 7 GRTST 24HR 1.70 ON 8- 8 TO 1/4 MILE OR LESS
LOWEST: 66 ON 24 3 = THUNDER
SNOW, ICE PELLETS, HAIL 4 = ICE PELLETS
TOTAL MONTH: 0.0 INCH 5 = HAIL
GRTST 24HR 0.0 6 = FREEZING RAIN OR DRIZZLE
GRTST DEPTH: 0 7 = DUSTSTORM OR SANDSTORM:
VSBY 1/2 MILE OR LESS
8 = SMOKE OR HAZE
[NO. OF DAYS WITH] [WEATHER - DAYS WITH] 9 = BLOWING SNOW
X = TORNADO
MAX 32 OR BELOW: 0 0.01 INCH OR MORE: 13
MAX 90 OR ABOVE: 21 0.10 INCH OR MORE: 10
MIN 32 OR BELOW: 0 0.50 INCH OR MORE: 4
MIN 0 OR BELOW: 0 1.00 INCH OR MORE: 3
[HDD (BASE 65) ]
TOTAL THIS MO. 0 CLEAR (SCALE 0-3) 21
DPTR FM NORMAL 0 PTCLDY (SCALE 4-7) 9
TOTAL FM JUL 1 0 CLOUDY (SCALE 8-10) 0
DPTR FM NORMAL 0
[CDD (BASE 65) ]
TOTAL THIS MO. 531
DPTR FM NORMAL 30 [PRESSURE DATA]
TOTAL FM JAN 1 3685 HIGHEST SLP M ON M
DPTR FM NORMAL 585 LOWEST SLP 29.85 ON 13
[REMARKS]
#FINAL-09-23#