000
CXUS53 KGRB 120024
CF6OSH
PRELIMINARY LOCAL CLIMATOLOGICAL DATA (WS FORM: F-6)
STATION: OSHKOSH WI
MONTH: APRIL
YEAR: 2023
LATITUDE: 44 0 N
LONGITUDE: 88 34 W
TEMPERATURE IN F: :PCPN: SNOW: WIND :SUNSHINE: SKY :PK WND
================================================================================
1 2 3 4 5 6A 6B 7 8 9 10 11 12 13 14 15 16 17 18
12Z AVG MX 2MIN
DY MAX MIN AVG DEP HDD CDD WTR SNW DPTH SPD SPD DIR MIN PSBL S-S WX SPD DR
================================================================================
1 42 27 35 -5 30 0 0.06 T 0 11.6 29 350 M M 6 1 37 350
2 48 27 38 -2 27 0 0.00 0.0 0 12.0 25 170 M M 4 38 180
3 60 37 49 9 16 0 T 0.0 0 6.5 15 210 M M 4 8 26 290
4 43 33 38 -3 27 0 0.51 0.0 0 14.1 26 40 M M 10 138 36 40
5 54 33 44 3 21 0 0.37 0.0 0 10.5 24 360 M M 7 123 37 250
6 47 29 38 -4 27 0 0.00 0.0 0 12.0 23 260 M M 1 38 250
7 45 26 36 -6 29 0 0.00 0.0 0 9.7 17 100 M M 4 24 80
8 54 35 45 3 20 0 0.00 0.0 0 7.5 15 40 M M 6 18 40
9 68 34 51 8 14 0 0.00 0.0 0 10.8 22 200 M M 0 1 30 210
10 72 50 61 18 4 0 0.00 0.0 0 12.0 22 210 M M 0 32 210
11 77 52 65 22 0 0 0.00 0.0 0 8.5 17 250 M M 0 29 220
12 84 57 71 27 0 6 0.00 0.0 0 14.3 23 220 M M 0 46 210
13 82 51 67 23 0 2 0.00 0.0 0 10.2 22 190 M M 0 33 200
14 82 45 64 19 1 0 0.00 0.0 0 9.4 20 190 M M 0 27 190
15 83 56 70 25 0 5 T 0.0 0 9.5 25 200 M M 2 38 36 210
16 61 33 47 2 18 0 0.50 0.3 T 8.4 18 280 M M 10 13 27 290
17 34 30 32 -14 33 0 0.02 T 0 17.0 25 300 M M 10 1 39 310
18 53 32 43 -3 22 0 0.00 0.0 0 9.7 18 300 M M 3 26 300
19 42 36 39 -7 26 0 0.25 0.0 0 15.1 29 110 M M 7 1 42 100
20 70 41 56 9 9 0 0.23 0.0 0 12.5 22 90 M M 6 13 30 90
21 56 33 45 -2 20 0 0.00 0.0 0 9.2 24 210 M M 5 39 200
22 44 31 38 -10 27 0 0.07 T 0 8.0 22 340 M M 7 1 32 310
23 41 30 36 -12 29 0 0.00 0.0 0 6.7 14 310 M M 8 19 330
24 48 31 40 -8 25 0 0.00 0.0 0 5.8 15 200 M M 7 22 200
25 48 33 41 -8 24 0 0.00 0.0 0 6.1 14 120 M M 9 18 20
26 50 32 41 -8 24 0 0.00 0.0 0 6.9 17 130 M M 5 22 130
27 64 35 50 0 15 0 0.00 0.0 0 13.1 20 190 M M 5 30 190
28 64 38 51 1 14 0 0.00 0.0 0 4.9 15 100 M M 0 20 100
29 47 37 42 -8 23 0 0.14 0.0 0 9.4 20 310 M M 8 18 27 290
30 45 37 41 -10 24 0 0.29 0.0 0 13.1 22 330 M M 10 18 33 340
================================================================================
SM 1708 1101 549 13 2.44 0.3 304.5 M 144
================================================================================
AV 56.9 36.7 10.1 FASTST M M 5 MAX(MPH)
MISC ----> # 29 350 46 210
================================================================================
NOTES:
# LAST OF SEVERAL OCCURRENCES
COLUMN 17 PEAK WIND IN M.P.H.
PRELIMINARY LOCAL CLIMATOLOGICAL DATA (WS FORM: F-6) , PAGE 2
STATION: OSHKOSH WI
MONTH: APRIL
YEAR: 2023
LATITUDE: 44 0 N
LONGITUDE: 88 34 W
[TEMPERATURE DATA] [PRECIPITATION DATA] SYMBOLS USED IN COLUMN 16
AVERAGE MONTHLY: 46.8 TOTAL FOR MONTH: 2.44 1 = FOG OR MIST
DPTR FM NORMAL: 1.7 DPTR FM NORMAL: -0.45 2 = FOG REDUCING VISIBILITY
HIGHEST: 84 ON 12 GRTST 24HR 0.77 ON 4- 5 TO 1/4 MILE OR LESS
LOWEST: 26 ON 7 3 = THUNDER
SNOW, ICE PELLETS, HAIL 4 = ICE PELLETS
TOTAL MONTH: 0.3 INCH 5 = HAIL
GRTST 24HR 0.3 ON 16-16 6 = FREEZING RAIN OR DRIZZLE
GRTST DEPTH: T 7 = DUSTSTORM OR SANDSTORM:
VSBY 1/2 MILE OR LESS
8 = SMOKE OR HAZE
[NO. OF DAYS WITH] [WEATHER - DAYS WITH] 9 = BLOWING SNOW
X = TORNADO
MAX 32 OR BELOW: 0 0.01 INCH OR MORE: 10
MAX 90 OR ABOVE: 0 0.10 INCH OR MORE: 7
MIN 32 OR BELOW: 10 0.50 INCH OR MORE: 2
MIN 0 OR BELOW: 0 1.00 INCH OR MORE: 0
[HDD (BASE 65) ]
TOTAL THIS MO. 549 CLEAR (SCALE 0-3) 10
DPTR FM NORMAL -48 PTCLDY (SCALE 4-7) 15
TOTAL FM JUL 1 6570 CLOUDY (SCALE 8-10) 5
DPTR FM NORMAL -459
[CDD (BASE 65) ]
TOTAL THIS MO. 13
DPTR FM NORMAL 12 [PRESSURE DATA]
TOTAL FM JAN 1 13 HIGHEST SLP 30.62 ON 7
DPTR FM NORMAL 11 LOWEST SLP 29.27 ON 1
[REMARKS]
#FINAL-04-23#