000
CXUS53 KDMX 050305
CF6OTM
PRELIMINARY LOCAL CLIMATOLOGICAL DATA (WS FORM: F-6)
STATION: OTTUMWA IA
MONTH: JANUARY
YEAR: 2022
LATITUDE: 41 6 N
LONGITUDE: 92 27 W
TEMPERATURE IN F: :PCPN: SNOW: WIND :SUNSHINE: SKY :PK WND
================================================================================
1 2 3 4 5 6A 6B 7 8 9 10 11 12 13 14 15 16 17 18
12Z AVG MX 2MIN
DY MAX MIN AVG DEP HDD CDD WTR SNW DPTH SPD SPD DIR MIN PSBL S-S WX SPD DR
================================================================================
1 25 3 14 -10 51 0 0.49 5.3 0 21.5 29 350 M M 10 12 36 10
2 4 -8 -2 -26 67 0 T T 5 9.1 24 340 M M 1 1 29 340
3 27 -5 11 -13 54 0 0.00 0.0 5 10.7 17 200 M M 0 22 190
4 40 22 31 7 34 0 0.00 0.0 4 16.3 35 290 M M 1 8 47 290
5 22 6 14 -10 51 0 T T 3 19.9 33 290 M M 5 89 47 290
6 7 -5 1 -22 64 0 0.00 0.0 3 14.5 26 320 M M 1 34 320
7 11 -8 2 -21 63 0 0.00 0.0 3 8.3 16 150 M M 4 22 150
8 32 11 22 -1 43 0 T 0.0 3 12.5 21 170 M M 7 16 27 180
9 32 7 20 -3 45 0 0.00 0.0 2 13.9 32 320 M M 2 1 44 330
10 17 6 12 -11 53 0 0.00 0.0 2 8.4 15 340 M M 0 19 350
11 47 6 27 4 38 0 0.00 0.0 2 13.7 23 220 M M 0 32 230
12 49 30 40 17 25 0 0.00 0.0 1 7.1 16 200 M M 0 21 200
13 47 29 38 15 27 0 T 0.0 T 8.2 17 10 M M 3 1 24 10
14 33 24 29 7 36 0 0.68 5.9 0 10.3 25 80 M M 10 12 34 80
15 24 9 17 -5 48 0 0.09 1.2 7 12.8 28 60 M M 10 1 39 70
16 33 3 18 -4 47 0 0.00 0.0 7 8.9 20 340 M M 7 1 27 340
17 33 17 25 3 40 0 0.00 0.0 6 10.6 23 320 M M 6 30 300
18 44 22 33 11 32 0 0.00 0.0 5 13.7 26 310 M M 0 36 310
19 32 0 16 -6 49 0 0.00 0.0 3 22.9 35 330 M M 2 45 310
20 4 -8 -2 -24 67 0 0.00 0.0 3 8.7 16 320 M M 0 21 320
21 17 -11 3 -19 62 0 0.00 0.0 3 8.1 16 170 M M 0 1 21 180
22 41 17 29 7 36 0 T T 3 13.0 29 240 M M 5 8 40 250
23 42 10 26 4 39 0 T T 3 13.5 35 310 M M 6 45 320
24 34 3 19 -3 46 0 T T 2 14.5 30 340 M M 6 1 36 320
25 8 -5 2 -21 63 0 0.00 0.0 2 9.6 16 320 M M 0 20 310
26 22 -8 7 -16 58 0 0.00 0.0 2 10.9 21 190 M M 0 1 24 190
27 36 17 27 4 38 0 0.00 0.0 2 14.6 23 330 M M 4 29 320
28 17 1 9 -14 56 0 0.00 0.0 2 7.8 22 310 M M 2 28 310
29 36 6 21 -2 44 0 0.00 0.0 2 9.4 17 320 M M 0 24 330
30 27 14 21 -2 44 0 0.00 0.0 1 10.8 22 320 M M 0 29 310
31 42 14 28 5 37 0 0.00 0.0 1 14.0 24 170 M M 0 34 150
================================================================================
SM 885 219 1457 0 1.26 12.4 378.2 M 92
================================================================================
AV 28.5 7.1 12.2 FASTST M M 3 MAX(MPH)
MISC ----> # 35 290 # 47 290
================================================================================
NOTES:
# LAST OF SEVERAL OCCURRENCES
COLUMN 17 PEAK WIND IN M.P.H.
PRELIMINARY LOCAL CLIMATOLOGICAL DATA (WS FORM: F-6) , PAGE 2
STATION: OTTUMWA IA
MONTH: JANUARY
YEAR: 2022
LATITUDE: 41 6 N
LONGITUDE: 92 27 W
[TEMPERATURE DATA] [PRECIPITATION DATA] SYMBOLS USED IN COLUMN 16
AVERAGE MONTHLY: 17.8 TOTAL FOR MONTH: 1.26 1 = FOG OR MIST
DPTR FM NORMAL: -5.1 DPTR FM NORMAL: 0.25 2 = FOG REDUCING VISIBILITY
HIGHEST: 49 ON 12 GRTST 24HR 0.68 ON 14-14 TO 1/4 MILE OR LESS
LOWEST: -11 ON 21 3 = THUNDER
SNOW, ICE PELLETS, HAIL 4 = ICE PELLETS
TOTAL MONTH: 12.4 INCHES 5 = HAIL
GRTST 24HR 5.9 ON 14-14 6 = FREEZING RAIN OR DRIZZLE
GRTST DEPTH: 7 ON 15,16 7 = DUSTSTORM OR SANDSTORM:
VSBY 1/2 MILE OR LESS
8 = SMOKE OR HAZE
[NO. OF DAYS WITH] [WEATHER - DAYS WITH] 9 = BLOWING SNOW
X = TORNADO
MAX 32 OR BELOW: 17 0.01 INCH OR MORE: 3
MAX 90 OR ABOVE: 0 0.10 INCH OR MORE: 2
MIN 32 OR BELOW: 31 0.50 INCH OR MORE: 1
MIN 0 OR BELOW: 9 1.00 INCH OR MORE: 0
[HDD (BASE 65) ]
TOTAL THIS MO. 1457 CLEAR (SCALE 0-3) 19
DPTR FM NORMAL 152 PTCLDY (SCALE 4-7) 9
TOTAL FM JUL 1 3361 CLOUDY (SCALE 8-10) 3
DPTR FM NORMAL -337
[CDD (BASE 65) ]
TOTAL THIS MO. 0
DPTR FM NORMAL 0 [PRESSURE DATA]
TOTAL FM JAN 1 0 HIGHEST SLP 30.78 ON 20
DPTR FM NORMAL 0 LOWEST SLP 29.52 ON 4
[REMARKS]
#FINAL-01-22#