000
CXAK56 PAFG 011038
CF6OTZ
PRELIMINARY LOCAL CLIMATOLOGICAL DATA (WS FORM: F-6)
STATION: KOTZEBUE AK
MONTH: JUNE
YEAR: 2023
LATITUDE: 66 52 N
LONGITUDE: 162 38 W
TEMPERATURE IN F: :PCPN: SNOW: WIND :SUNSHINE: SKY :PK WND
================================================================================
1 2 3 4 5 6A 6B 7 8 9 10 11 12 13 14 15 16 17 18
12Z AVG MX 2MIN
DY MAX MIN AVG DEP HDD CDD WTR SNW DPTH SPD SPD DIR MIN PSBL S-S WX SPD DR
================================================================================
1 32 26 29 -12 36 0 T M M 13.9 29 290 M M 7 1 34 290
2 33 26 30 -12 35 0 T M M 13.4 20 120 M M 8 18 23 120
3 32 25 29 -13 36 0 0.01 M M 10.8 20 120 M M 9 1 23 120
4 48 23 36 -6 29 0 0.00 M M 8.5 20 150 M M 3 23 140
5 56 35 46 3 19 0 0.00 M M 9.9 20 120 M M 6 23 120
6 65 38 52 8 13 0 0.00 M M 6.1 12 360 M M 7 8 15 20
7 44 35 40 -4 25 0 0.02 M M 4.9 16 300 M M 5 1 19 300
8 51 35 43 -2 22 0 0.02 M M 4.8 16 90 M M 4 1 21 110
9 54 39 47 2 18 0 T M M 6.8 18 110 M M 4 1 22 110
10 40 33 37 -9 28 0 0.43 M M 5.2 10 270 M M 10 12 11 270
11 59 35 47 1 18 0 0.03 M M 8.7 21 90 M M 6 12 26 90
12 54 41 48 1 17 0 0.18 M M 10.5 23 180 M M 7 12 29 180
13 49 36 43 -5 22 0 0.01 M M 16.1 29 160 M M 6 32 160
14 47 38 43 -5 22 0 T M M 21.3 33 170 M M 9 39 160
15 51 40 46 -3 19 0 0.01 M M 9.0 15 300 M M 6 17 300
16 47 36 42 -7 23 0 0.00 M M 15.1 26 290 M M 2 12 31 290
17 50 33 42 -8 23 0 T M M 8.4 25 280 M M 8 12 28 290
18 45 41 43 -7 22 0 0.11 M M 11.5 20 200 M M 10 1 22 190
19 55 39 47 -4 18 0 T M M 8.1 16 210 M M 6 17 200
20 46 37 42 -10 23 0 T M M 11.0 24 270 M M 6 18 28 270
21 44 35 40 -12 25 0 T M M 7.4 13 250 M M 8 15 310
22 58 40 49 -3 16 0 0.00 M M 5.8 14 270 M M 5 15 270
23 64 51 58 5 7 0 T M M 7.6 13 110 M M 7 8 15 100
24 65 53 59 6 6 0 0.00 M M 8.5 15 170 M M 7 8 18 170
25 63 49 56 2 9 0 0.20 M M 8.5 21 180 M M 4 1 25 180
26 52 43 48 -6 17 0 0.04 M M 9.3 21 200 M M 9 1 25 190
27 58 50 54 0 11 0 0.01 M M 6.4 13 310 M M 5 15 320
28 60 49 55 0 10 0 T M M 9.4 16 280 M M 5 18 20
29 50 46 48 -7 17 0 0.00 M M 15.3 24 280 M M 6 1 28 280
30 50 43 47 -9 18 0 0.00 M M 13.8 24 290 M M 0 29 290
================================================================================
SM 1522 1150 604 0 1.07 M 296.0 M 185
================================================================================
AV 50.7 38.3 9.9 FASTST M M 6 MAX(MPH)
MISC ----> 33 170 39 160
================================================================================
NOTES:
# LAST OF SEVERAL OCCURRENCES
COLUMN 17 PEAK WIND IN M.P.H.
PRELIMINARY LOCAL CLIMATOLOGICAL DATA (WS FORM: F-6) , PAGE 2
STATION: KOTZEBUE AK
MONTH: JUNE
YEAR: 2023
LATITUDE: 66 52 N
LONGITUDE: 162 38 W
[TEMPERATURE DATA] [PRECIPITATION DATA] SYMBOLS USED IN COLUMN 16
AVERAGE MONTHLY: 44.5 TOTAL FOR MONTH: 1.07 1 = FOG OR MIST
DPTR FM NORMAL: -4.2 DPTR FM NORMAL: 0.47 2 = FOG REDUCING VISIBILITY
HIGHEST: 65 ON 24, 6 GRTST 24HR 0.45 ON 10-11 TO 1/4 MILE OR LESS
LOWEST: 23 ON 4 3 = THUNDER
SNOW, ICE PELLETS, HAIL 4 = ICE PELLETS
TOTAL MONTH: M 5 = HAIL
GRTST 24HR M ON M 6 = FREEZING RAIN OR DRIZZLE
GRTST DEPTH: M ON M 7 = DUSTSTORM OR SANDSTORM:
VSBY 1/2 MILE OR LESS
8 = SMOKE OR HAZE
[NO. OF DAYS WITH] [WEATHER - DAYS WITH] 9 = BLOWING SNOW
X = TORNADO
MAX 32 OR BELOW: 2 0.01 INCH OR MORE: 12
MAX 90 OR ABOVE: 0 0.10 INCH OR MORE: 4
MIN 32 OR BELOW: 4 0.50 INCH OR MORE: 0
MIN 0 OR BELOW: 0 1.00 INCH OR MORE: 0
[HDD (BASE 65) ]
TOTAL THIS MO. 604 CLEAR (SCALE 0-3) 3
DPTR FM NORMAL 114 PTCLDY (SCALE 4-7) 20
TOTAL FM JUL 1 15269 CLOUDY (SCALE 8-10) 7
DPTR FM NORMAL 813
[CDD (BASE 65) ]
TOTAL THIS MO. 0
DPTR FM NORMAL -2 [PRESSURE DATA]
TOTAL FM JAN 1 0 HIGHEST SLP M ON M
DPTR FM NORMAL -2 LOWEST SLP 29.39 ON 25
[REMARKS]
#FINAL-06-23#