000
CXAK56 PAFG 010953
CF6OTZ
PRELIMINARY LOCAL CLIMATOLOGICAL DATA (WS FORM: F-6)
STATION: KOTZEBUE AK
MONTH: NOVEMBER
YEAR: 2022
LATITUDE: 66 52 N
LONGITUDE: 162 38 W
TEMPERATURE IN F: :PCPN: SNOW: WIND :SUNSHINE: SKY :PK WND
================================================================================
1 2 3 4 5 6A 6B 7 8 9 10 11 12 13 14 15 16 17 18
12Z AVG MX 2MIN
DY MAX MIN AVG DEP HDD CDD WTR SNW DPTH SPD SPD DIR MIN PSBL S-S WX SPD DR
================================================================================
1 14 -2 6 -13 59 0 0.00 M M 7.3 16 130 M M 1 1 18 130
2 9 -2 4 -14 61 0 0.00 M M 5.9 14 10 M M 0 16 10
3 23 -1 11 -7 54 0 0.16 M M 9.5 24 230 M M 7 128 28 240
4 11 -1 5 -12 60 0 0.03 M M 5.3 13 110 M M 9 12 15 100
5 10 -7 2 -15 63 0 0.00 M M 13.9 32 110 M M 4 19 37 110
6 19 10 15 -1 50 0 0.03 M M 29.6 37 130 M M 9 169 43 130
7 31 14 23 7 42 0 0.16 M M 36.3 48 110 M M 8 1289 56 110
8 32 29 31 16 34 0 T M M 25.3 40 160 M M 7 1 46 160
9 31 22 27 13 38 0 T M M 9.9 23 160 M M 10 1 28 180
10 27 18 23 9 42 0 0.06 M M 10.4 28 160 M M 10 1 32 160
11 23 16 20 6 45 0 0.02 M M 9.0 18 240 M M 9 1 21 240
12 18 9 14 1 51 0 0.00 M M 9.2 21 360 M M 3 28 350
13 12 3 8 -5 57 0 0.00 M M 11.3 20 360 M M 0 23 10
14 22 -1 11 -1 54 0 0.00 M M 6.5 16 130 M M 3 20 360
15 20 6 13 1 52 0 0.00 M M 26.2 39 120 M M 3 19 45 120
16 22 12 17 6 48 0 0.00 M M 32.6 41 120 M M 4 19 49 120
17 32 21 27 16 38 0 0.03 M M 26.2 33 110 M M 8 16 40 120
18 32 21 27 16 38 0 0.04 M M 8.1 22 170 M M 9 12 25 170
19 21 10 16 6 49 0 0.00 M M 5.8 12 30 M M 9 12 15 30
20 22 17 20 10 45 0 0.10 M M 6.9 10 10 M M 10 1 13 30
21 22 16 19 9 46 0 0.11 M M 5.7 9 30 M M 10 1 11 20
22 22 19 21 12 44 0 0.05 M M 6.8 10 110 M M 10 1 12 100
23 22 14 18 9 47 0 T M M 8.5 14 110 M M 10 1 17 110
24 17 13 15 6 50 0 0.06 M M 13.9 20 120 M M 10 1 22 90
25 16 11 14 6 51 0 0.08 M M 9.1 17 110 M M 10 1 20 110
26 18 4 11 3 54 0 0.01 M M 9.8 25 310 M M 9 1 29 300
27 5 -20 -7 -15 72 0 0.00 M M 7.4 23 310 M M 0 18 25 310
28 -9 -25 -17 -25 82 0 0.00 M M 7.7 16 110 M M 0 18 110
29 6 -9 -1 -8 66 0 T M M 25.0 33 120 M M 5 19 40 120
30 21 2 12 5 53 0 0.21 M M 19.4 33 110 M M 8 19 40 120
================================================================================
SM 571 219 1545 0 1.15 M 408.5 M 195
================================================================================
AV 19.0 7.3 13.6 FASTST M M 7 MAX(MPH)
MISC ----> 48 110 56 110
================================================================================
NOTES:
# LAST OF SEVERAL OCCURRENCES
COLUMN 17 PEAK WIND IN M.P.H.
PRELIMINARY LOCAL CLIMATOLOGICAL DATA (WS FORM: F-6) , PAGE 2
STATION: KOTZEBUE AK
MONTH: NOVEMBER
YEAR: 2022
LATITUDE: 66 52 N
LONGITUDE: 162 38 W
[TEMPERATURE DATA] [PRECIPITATION DATA] SYMBOLS USED IN COLUMN 16
AVERAGE MONTHLY: 13.2 TOTAL FOR MONTH: 1.15 1 = FOG OR MIST
DPTR FM NORMAL: 1.2 DPTR FM NORMAL: 0.33 2 = FOG REDUCING VISIBILITY
HIGHEST: 32 ON 18,17 GRTST 24HR 0.21 ON 29-30 TO 1/4 MILE OR LESS
LOWEST: -25 ON 28 3 = THUNDER
SNOW, ICE PELLETS, HAIL 4 = ICE PELLETS
TOTAL MONTH: M 5 = HAIL
GRTST 24HR M ON M 6 = FREEZING RAIN OR DRIZZLE
GRTST DEPTH: M ON M 7 = DUSTSTORM OR SANDSTORM:
VSBY 1/2 MILE OR LESS
8 = SMOKE OR HAZE
[NO. OF DAYS WITH] [WEATHER - DAYS WITH] 9 = BLOWING SNOW
X = TORNADO
MAX 32 OR BELOW: 30 0.01 INCH OR MORE: 15
MAX 90 OR ABOVE: 0 0.10 INCH OR MORE: 5
MIN 32 OR BELOW: 30 0.50 INCH OR MORE: 0
MIN 0 OR BELOW: 9 1.00 INCH OR MORE: 0
[HDD (BASE 65) ]
TOTAL THIS MO. 1545 CLEAR (SCALE 0-3) 7
DPTR FM NORMAL -43 PTCLDY (SCALE 4-7) 8
TOTAL FM JUL 1 4204 CLOUDY (SCALE 8-10) 15
DPTR FM NORMAL 223
[CDD (BASE 65) ]
TOTAL THIS MO. 0
DPTR FM NORMAL 0 [PRESSURE DATA]
TOTAL FM JAN 1 0 HIGHEST SLP M ON M
DPTR FM NORMAL -9 LOWEST SLP 29.23 ON 7
[REMARKS]
#FINAL-11-22#