000
CXUS56 KLKN 161859
CF6P68
PRELIMINARY LOCAL CLIMATOLOGICAL DATA (WS FORM: F-6)
STATION: EUREKA AIRPORT NV
MONTH: APRIL
YEAR: 2022
LATITUDE: 39 30 N
LONGITUDE: 115 58 W
TEMPERATURE IN F: :PCPN: SNOW: WIND :SUNSHINE: SKY :PK WND
================================================================================
1 2 3 4 5 6A 6B 7 8 9 10 11 12 13 14 15 16 17 18
12Z AVG MX 2MIN
DY MAX MIN AVG DEP HDD CDD WTR SNW DPTH SPD SPD DIR MIN PSBL S-S WX SPD DR
================================================================================
1 63 20 42 1 23 0 0.00 M M 3.6 12 20 M M M 14 10
2 66 32 49 8 16 0 0.00 M M 8.0 21 20 M M M 25 10
3 63 28 46 5 19 0 0.00 M M 4.4 14 290 M M M 18 300
4 60 30 45 4 20 0 0.00 M M 12.9 30 260 M M M 40 270
5 56 21 39 -3 26 0 0.00 M M 12.7 28 310 M M M 42 310
6 58 15 37 -5 28 0 0.00 M M 4.9 15 30 M M M 27 330
7 71 22 47 5 18 0 0.00 M M 5.0 12 20 M M M 16 30
8 79 33 56 14 9 0 0.00 M M 8.0 24 280 M M M 35 280
9 61 25 43 1 22 0 0.00 M M 10.6 26 310 M M M 40 310
10 53 14 34 -8 31 0 0.00 M M 4.6 20 320 M M M 27 300
11 55 20 38 -4 27 0 0.03 M M 15.0 43 280 M M M 65 300
12 35 18 27 -15 38 0 0.01 M M 9.1 24 270 M M M 34 270
13 47 16 32 -11 33 0 0.01 M M 9.7 25 250 M M M 38 230
14 57 29 43 0 22 0 0.00 M M 8.6 22 280 M M M 29 270
15 64 24 44 1 21 0 0.00 M M 6.5 30 270 M M M 37 260
16 60 28 44 1 21 0 0.00 M M 10.0 35 270 M M M 51 240
17 69 23 46 3 19 0 0.00 M M 6.9 21 290 M M M 29 260
18 76 22 49 5 16 0 0.00 M M 6.3 24 240 M M M 37 250
19 60 30 45 1 20 0 0.01 M M 7.8 23 280 M M M 35 290
20 70 21 46 2 19 0 0.00 M M 6.3 20 250 M M M 28 250
21 62 33 48 4 17 0 0.27 M M 7.9 29 20 M M M 35 30
22 47 31 39 -6 26 0 0.29 M M 7.5 25 360 M M M 31 10
23 49 28 39 -6 26 0 0.00 M M 7.9 21 330 M M M 28 360
24 55 25 40 -5 25 0 0.00 M M 5.1 14 30 M M M 18 20
25 66 27 47 2 18 0 0.00 M M 9.8 23 180 M M M 38 140
26 65 40 53 7 12 0 0.00 M M 5.1 15 280 M M M 20 280
27 70 34 52 6 13 0 0.00 M M 7.8 21 280 M M M 34 290
28 65 33 49 3 16 0 0.00 M M 10.4 29 280 M M M 43 280
29 59 32 46 0 19 0 0.00 M M 6.2 15 30 M M M 21 20
30 69 29 49 2 16 0 0.00 M M 6.9 25 280 M M M 35 290
================================================================================
SM 1830 783 636 0 0.62 M 235.5 M M
================================================================================
AV 61.0 26.1 7.8 FASTST M M M MAX(MPH)
MISC ----> 43 280 65 300
================================================================================
NOTES:
# LAST OF SEVERAL OCCURRENCES
COLUMN 17 PEAK WIND IN M.P.H.
PRELIMINARY LOCAL CLIMATOLOGICAL DATA (WS FORM: F-6) , PAGE 2
STATION: EUREKA AIRPORT NV
MONTH: APRIL
YEAR: 2022
LATITUDE: 39 30 N
LONGITUDE: 115 58 W
[TEMPERATURE DATA] [PRECIPITATION DATA] SYMBOLS USED IN COLUMN 16
AVERAGE MONTHLY: 43.6 TOTAL FOR MONTH: 0.62 1 = FOG OR MIST
DPTR FM NORMAL: 0.0 DPTR FM NORMAL: -0.46 2 = FOG REDUCING VISIBILITY
HIGHEST: 79 ON 8 GRTST 24HR 0.29 ON 22-22 TO 1/4 MILE OR LESS
LOWEST: 14 ON 10 3 = THUNDER
SNOW, ICE PELLETS, HAIL 4 = ICE PELLETS
TOTAL MONTH: M 5 = HAIL
GRTST 24HR M ON M 6 = FREEZING RAIN OR DRIZZLE
GRTST DEPTH: M ON M 7 = DUSTSTORM OR SANDSTORM:
VSBY 1/2 MILE OR LESS
8 = SMOKE OR HAZE
[NO. OF DAYS WITH] [WEATHER - DAYS WITH] 9 = BLOWING SNOW
X = TORNADO
MAX 32 OR BELOW: 0 0.01 INCH OR MORE: 6
MAX 90 OR ABOVE: 0 0.10 INCH OR MORE: 2
MIN 32 OR BELOW: 25 0.50 INCH OR MORE: 0
MIN 0 OR BELOW: 0 1.00 INCH OR MORE: 0
[HDD (BASE 65) ]
TOTAL THIS MO. 636 CLEAR (SCALE 0-3) 0
DPTR FM NORMAL -10 PTCLDY (SCALE 4-7) 0
TOTAL FM JUL 1 6384 CLOUDY (SCALE 8-10) 30
DPTR FM NORMAL -222
[CDD (BASE 65) ]
TOTAL THIS MO. 0
DPTR FM NORMAL 0 [PRESSURE DATA]
TOTAL FM JAN 1 0 HIGHEST SLP M ON M
DPTR FM NORMAL 0 LOWEST SLP 29.25 ON 11
[REMARKS]
#FINAL-04-22#