000
CXUS53 KPAH 010730
CF6PAH
PRELIMINARY LOCAL CLIMATOLOGICAL DATA (WS FORM: F-6)
STATION: PADUCAH KY
MONTH: SEPTEMBER
YEAR: 2023
LATITUDE: 37 4 N
LONGITUDE: 88 46 W
TEMPERATURE IN F: :PCPN: SNOW: WIND :SUNSHINE: SKY :PK WND
================================================================================
1 2 3 4 5 6A 6B 7 8 9 10 11 12 13 14 15 16 17 18
12Z AVG MX 2MIN
DY MAX MIN AVG DEP HDD CDD WTR SNW DPTH SPD SPD DIR MIN PSBL S-S WX SPD DR
================================================================================
1 86 55 71 -5 0 6 0.00 0.0 0 2.0 7 100 M M 1 1 11 90
2 88 68 78 3 0 13 0.00 0.0 0 2.3 10 170 M M 4 1 17 180
3 88 69 79 4 0 14 0.00 0.0 0 3.5 10 140 M M 4 1 15 140
4 91 72 82 7 0 17 0.60 0.0 0 4.9 15 290 M M 2 13 29 290
5 87 71 79 4 0 14 1.03 0.0 0 4.9 21 230 M M 5 123 32 230
6 86 65 76 2 0 11 T 0.0 0 3.6 15 340 M M 3 25 270
7 81 62 72 -2 0 7 0.00 0.0 0 2.9 12 320 M M 3 18 17 360
8 83 60 72 -2 0 7 0.00 0.0 0 3.3 9 20 M M 1 1 13 30
9 80 60 70 -3 0 5 0.00 0.0 0 4.4 13 350 M M 3 1 21 10
10 83 59 71 -2 0 6 0.00 0.0 0 3.0 10 20 M M 1 1 16 60
11 85 57 71 -2 0 6 0.00 0.0 0 1.0 7 20 M M 0 18 12 30
12 81 64 73 1 0 8 T 0.0 0 3.1 10 340 M M 7 16 330
13 80 54 67 -5 0 2 0.00 0.0 0 3.4 13 60 M M 1 18 360
14 82 53 68 -4 0 3 0.00 0.0 0 2.1 12 20 M M 0 1 17 10
15 82 50 66 -5 0 1 0.00 0.0 0 2.4 12 110 M M 0 1 17 80
16 82 55 69 -2 0 4 0.00 0.0 0 2.3 10 340 M M 0 1 16 350
17 80 56 68 -3 0 3 0.11 0.0 0 2.1 13 250 M M 4 13 22 290
18 79 52 66 -4 0 1 0.00 0.0 0 1.5 10 10 M M 1 1 15 330
19 82 50 66 -4 0 1 0.00 0.0 0 2.6 9 120 M M 0 1 13 170
20 80 55 68 -2 0 3 0.03 0.0 0 1.9 9 180 M M 3 1 16 170
21 85 63 74 5 0 9 0.26 0.0 0 3.9 12 140 M M 5 1 16 150
22 87 60 74 5 0 9 0.00 0.0 0 2.5 8 120 M M 0 1 13 90
23 88 58 73 5 0 8 0.00 0.0 0 1.1 8 80 M M 0 1 13 100
24 83 58 71 3 0 6 0.05 0.0 0 2.5 10 50 M M 1 1 14 50
25 88 60 74 6 0 9 0.00 0.0 0 1.3 7 30 M M 2 1 10 180
26 90 60 75 8 0 10 0.00 0.0 0 1.1 7 340 M M 1 1 10 320
27 88 64 76 9 0 11 0.09 0.0 0 4.3 15 110 M M 2 13 20 80
28 81 65 73 6 0 8 T 0.0 0 5.4 14 110 M M 5 13 18 130
29 90 63 77 11 0 12 0.00 0.0 0 2.3 7 230 M M 1 1 11 200
30 90 62 76 10 0 11 0.00 0.0 0 2.1 13 90 M M 2 12 18 90
================================================================================
SM 2536 1800 0 225 2.17 0.0 83.7 M 62
================================================================================
AV 84.5 60.0 2.8 FASTST M M 2 MAX(MPH)
MISC ----> 21 230 32 230
================================================================================
NOTES:
# LAST OF SEVERAL OCCURRENCES
COLUMN 17 PEAK WIND IN M.P.H.
PRELIMINARY LOCAL CLIMATOLOGICAL DATA (WS FORM: F-6) , PAGE 2
STATION: PADUCAH KY
MONTH: SEPTEMBER
YEAR: 2023
LATITUDE: 37 4 N
LONGITUDE: 88 46 W
[TEMPERATURE DATA] [PRECIPITATION DATA] SYMBOLS USED IN COLUMN 16
AVERAGE MONTHLY: 72.3 TOTAL FOR MONTH: 2.17 1 = FOG OR MIST
DPTR FM NORMAL: 1.3 DPTR FM NORMAL: -1.38 2 = FOG REDUCING VISIBILITY
HIGHEST: 91 ON 4 GRTST 24HR 1.63 ON 4- 5 TO 1/4 MILE OR LESS
LOWEST: 50 ON 19,15 3 = THUNDER
SNOW, ICE PELLETS, HAIL 4 = ICE PELLETS
TOTAL MONTH: 0.0 INCH 5 = HAIL
GRTST 24HR 0.0 6 = FREEZING RAIN OR DRIZZLE
GRTST DEPTH: 0 7 = DUSTSTORM OR SANDSTORM:
VSBY 1/2 MILE OR LESS
8 = SMOKE OR HAZE
[NO. OF DAYS WITH] [WEATHER - DAYS WITH] 9 = BLOWING SNOW
X = TORNADO
MAX 32 OR BELOW: 0 0.01 INCH OR MORE: 7
MAX 90 OR ABOVE: 4 0.10 INCH OR MORE: 4
MIN 32 OR BELOW: 0 0.50 INCH OR MORE: 2
MIN 0 OR BELOW: 0 1.00 INCH OR MORE: 1
[HDD (BASE 65) ]
TOTAL THIS MO. 0 CLEAR (SCALE 0-3) 22
DPTR FM NORMAL -28 PTCLDY (SCALE 4-7) 8
TOTAL FM JUL 1 0 CLOUDY (SCALE 8-10) 0
DPTR FM NORMAL -26
[CDD (BASE 65) ]
TOTAL THIS MO. 225
DPTR FM NORMAL 16 [PRESSURE DATA]
TOTAL FM JAN 1 1589 HIGHEST SLP M ON M
DPTR FM NORMAL -40 LOWEST SLP 29.83 ON 6
[REMARKS]
#FINAL-09-23#