000
CXUS54 KLZK 011446
CF6PBF
PRELIMINARY LOCAL CLIMATOLOGICAL DATA (WS FORM: F-6)
STATION: PINE BLUFF
MONTH: FEBRUARY
YEAR: 2022
LATITUDE: 34 10 N
LONGITUDE: 91 56 W
TEMPERATURE IN F: :PCPN: SNOW: WIND :SUNSHINE: SKY :PK WND
================================================================================
1 2 3 4 5 6A 6B 7 8 9 10 11 12 13 14 15 16 17 18
12Z AVG MX 2MIN
DY MAX MIN AVG DEP HDD CDD WTR SNW DPTH SPD SPD DIR MIN PSBL S-S WX SPD DR
================================================================================
1 72 43 58 14 7 0 0.20 0.0 0 8.9 22 170 M M 7 1 28 150
2 64 34 49 5 16 0 0.07 0.0 0 11.5 23 20 M M 10 18 29 20
3 33 27 30 -14 35 0 1.57 2.0 T 16.2 35 10 M M 10 168 41 20
4 35 26 31 -13 34 0 T T 2 7.6 15 340 M M 6 18 22 360
5 41 22 32 -12 33 0 0.00 0.0 2 2.0 9 50 M M 0 1 12 40
6 50 24 37 -8 28 0 0.00 0.0 1 2.8 9 70 M M 0 11 100
7 51 28 40 -5 25 0 0.00 0.0 1 3.2 13 330 M M 0 1 15 340
8 62 29 46 1 19 0 0.00 0.0 0 5.9 17 220 M M 0 21 220
9 68 38 53 8 12 0 0.00 0.0 0 6.0 12 230 M M 0 15 220
10 69 36 53 8 12 0 0.00 0.0 0 1.9 12 280 M M 0 17 280
11 75 41 58 12 7 0 T 0.0 0 9.1 24 10 M M 1 32 10
12 56 28 42 -4 23 0 0.02 T 0 9.0 22 10 M M 6 27 360
13 56 24 40 -6 25 0 0.00 0.0 0 5.0 17 260 M M 0 24 280
14 70 28 49 3 16 0 0.00 0.0 0 5.4 16 220 M M 0 21 200
15 69 40 55 9 10 0 0.00 0.0 0 12.1 24 180 M M 0 29 190
16 74 55 65 18 0 0 T 0.0 0 16.0 30 160 M M 8 1 35 160
17 72 34 53 6 12 0 0.86 0.0 0 16.4 31 170 M M 8 13 42 180
18 45 30 38 -9 27 0 0.00 0.0 0 7.5 17 330 M M 3 23 340
19 57 30 44 -3 21 0 0.00 0.0 0 3.4 12 20 M M 0 16 20
20 68 33 51 3 14 0 0.00 0.0 0 7.3 21 180 M M 1 26 190
21 71 53 62 14 3 0 0.01 0.0 0 7.8 21 180 M M 8 1 27 170
22 70 66 68 20 0 3 T 0.0 0 8.8 10 170 M M 10 M M
23 38 32 35 -13 30 0 0.26 T 0 M M M M M M 4 M M
24 36 32 34 -15 31 0 0.40 0.0 0 M M M M M M M M
25 35 30 33 -16 32 0 0.00 0.0 0 12.2 20 30 M M 10 25 30
26 36 30 33 -16 32 0 0.48 T 0 9.1 15 30 M M 10 146 19 10
27 49 33 41 -9 24 0 0.04 0.0 0 6.9 15 340 M M 6 1 20 340
28 63 30 47 -3 18 0 0.00 0.0 0 2.5 9 140 M M 0 11 140
================================================================================
SM 1585 956 546 3 3.91 2.0 204.5 M 104
================================================================================
AV 56.6 34.1 7.9 FASTST M M 4 MAX(MPH)
MISC ----> 35 10 42 180
================================================================================
NOTES:
# LAST OF SEVERAL OCCURRENCES
COLUMN 17 PEAK WIND IN M.P.H.
PRELIMINARY LOCAL CLIMATOLOGICAL DATA (WS FORM: F-6) , PAGE 2
STATION: PINE BLUFF
MONTH: FEBRUARY
YEAR: 2022
LATITUDE: 34 10 N
LONGITUDE: 91 56 W
[TEMPERATURE DATA] [PRECIPITATION DATA] SYMBOLS USED IN COLUMN 16
AVERAGE MONTHLY: 45.4 TOTAL FOR MONTH: 3.91 1 = FOG OR MIST
DPTR FM NORMAL: -1.1 DPTR FM NORMAL: -0.36 2 = FOG REDUCING VISIBILITY
HIGHEST: 75 ON 11 GRTST 24HR 1.59 ON 2- 3 TO 1/4 MILE OR LESS
LOWEST: 22 ON 5 3 = THUNDER
SNOW, ICE PELLETS, HAIL 4 = ICE PELLETS
TOTAL MONTH: 2.0 INCHES 5 = HAIL
GRTST 24HR 2.0 ON 3- 3 6 = FREEZING RAIN OR DRIZZLE
GRTST DEPTH: 2 ON 5, 4 7 = DUSTSTORM OR SANDSTORM:
VSBY 1/2 MILE OR LESS
8 = SMOKE OR HAZE
[NO. OF DAYS WITH] [WEATHER - DAYS WITH] 9 = BLOWING SNOW
X = TORNADO
MAX 32 OR BELOW: 0 0.01 INCH OR MORE: 10
MAX 90 OR ABOVE: 0 0.10 INCH OR MORE: 6
MIN 32 OR BELOW: 16 0.50 INCH OR MORE: 2
MIN 0 OR BELOW: 0 1.00 INCH OR MORE: 1
[HDD (BASE 65) ]
TOTAL THIS MO. 546 CLEAR (SCALE 0-3) 14
DPTR FM NORMAL 27 PTCLDY (SCALE 4-7) 6
TOTAL FM JUL 1 1925 CLOUDY (SCALE 8-10) 8
DPTR FM NORMAL -424
[CDD (BASE 65) ]
TOTAL THIS MO. 3
DPTR FM NORMAL 0 [PRESSURE DATA]
TOTAL FM JAN 1 3 HIGHEST SLP 30.60 ON 5
DPTR FM NORMAL 1 LOWEST SLP 29.63 ON 17
[REMARKS]
#FINAL-02-22#