000
CXUS54 KLZK 011230
CF6PBF
PRELIMINARY LOCAL CLIMATOLOGICAL DATA (WS FORM: F-6)
STATION: PINE BLUFF
MONTH: AUGUST
YEAR: 2023
LATITUDE: 34 10 N
LONGITUDE: 91 56 W
TEMPERATURE IN F: :PCPN: SNOW: WIND :SUNSHINE: SKY :PK WND
================================================================================
1 2 3 4 5 6A 6B 7 8 9 10 11 12 13 14 15 16 17 18
12Z AVG MX 2MIN
DY MAX MIN AVG DEP HDD CDD WTR SNW DPTH SPD SPD DIR MIN PSBL S-S WX SPD DR
================================================================================
1 97 76 87 5 0 22 0.00 0.0 0 3.4 10 70 M M 0 15 90
2 101 76 89 7 0 24 0.00 0.0 0 4.8 12 190 M M 0 15 170
3 102 81 92 10 0 27 0.00 0.0 0 7.3 14 230 M M 0 20 230
4 100 79 90 8 0 25 0.00 0.0 0 6.0 21 120 M M 0 3 29 130
5 104 76 90 8 0 25 0.00 0.0 0 5.8 21 320 M M 0 26 320
6 92 75 84 2 0 19 0.55 0.0 0 2.6 23 310 M M 1 13 36 310
7 87 73 80 -2 0 15 0.24 0.0 0 6.1 22 330 M M 2 3 30 320
8 84 72 78 -4 0 13 0.44 0.0 0 3.8 17 170 M M 4 3 22 170
9 95 72 84 2 0 19 0.00 0.0 0 6.1 17 210 M M 1 24 220
10 95 75 85 3 0 20 T 0.0 0 6.2 17 50 M M 3 3 24 50
11 94 77 86 4 0 21 0.01 0.0 0 5.0 18 320 M M 4 3 27 310
12 100 78 89 7 0 24 0.00 0.0 0 4.7 17 290 M M 0 1 23 300
13 100 78 89 7 0 24 0.00 0.0 0 5.1 14 260 M M 0 1 18 230
14 100 80 90 9 0 25 0.00 0.0 0 7.9 16 340 M M 1 23 320
15 89 70 80 -1 0 15 0.00 0.0 0 8.0 14 340 M M 1 20 310
16 88 65 77 -4 0 12 0.00 0.0 0 2.3 12 50 M M 2 8 15 50
17 93 63 78 -3 0 13 0.00 0.0 0 3.4 13 200 M M 0 1 16 200
18 99 69 84 3 0 19 0.00 0.0 0 3.9 9 60 M M 0 13 100
19 101 74 88 7 0 23 0.00 0.0 0 4.8 10 130 M M 0 14 140
20 102 74 88 7 0 23 0.00 0.0 0 2.7 12 120 M M 0 8 14 120
21 104 73 89 8 0 24 0.00 0.0 0 2.7 10 100 M M 0 14 140
22 104 76 90 10 0 25 0.00 0.0 0 3.6 13 50 M M 0 16 50
23 102 79 91 11 0 26 0.00 0.0 0 2.3 10 40 M M 1 14 40
24 105 77 91 11 0 26 0.00 0.0 0 2.3 10 10 M M 0 18 15 10
25 106 78 92 12 0 27 0.00 0.0 0 2.9 14 170 M M 0 16 190
26 107 78 93 13 0 28 0.13 0.0 0 5.1 32 20 M M 1 3 41 20
27 92 76 84 4 0 19 0.00 0.0 0 9.2 15 10 M M 5 20 10
28 93 75 84 4 0 19 0.00 0.0 0 10.1 18 10 M M 6 24 360
29 92 68 80 1 0 15 0.00 0.0 0 8.0 18 340 M M 0 23 340
30 93 67 80 1 0 15 0.00 0.0 0 8.1 17 20 M M 0 23 360
31 90 66 78 -1 0 13 0.00 0.0 0 8.5 17 360 M M 0 23 10
================================================================================
SM 3011 2296 0 645 1.37 0.0 162.7 M 32
================================================================================
AV 97.1 74.1 5.2 FASTST M M 1 MAX(MPH)
MISC ----> 32 20 41 20
================================================================================
NOTES:
# LAST OF SEVERAL OCCURRENCES
COLUMN 17 PEAK WIND IN M.P.H.
PRELIMINARY LOCAL CLIMATOLOGICAL DATA (WS FORM: F-6) , PAGE 2
STATION: PINE BLUFF
MONTH: AUGUST
YEAR: 2023
LATITUDE: 34 10 N
LONGITUDE: 91 56 W
[TEMPERATURE DATA] [PRECIPITATION DATA] SYMBOLS USED IN COLUMN 16
AVERAGE MONTHLY: 85.6 TOTAL FOR MONTH: 1.37 1 = FOG OR MIST
DPTR FM NORMAL: 4.7 DPTR FM NORMAL: -2.01 2 = FOG REDUCING VISIBILITY
HIGHEST: 107 ON 26 GRTST 24HR 0.68 ON 7- 8 TO 1/4 MILE OR LESS
LOWEST: 63 ON 17 3 = THUNDER
SNOW, ICE PELLETS, HAIL 4 = ICE PELLETS
TOTAL MONTH: 0.0 INCH 5 = HAIL
GRTST 24HR 0.0 6 = FREEZING RAIN OR DRIZZLE
GRTST DEPTH: 0 7 = DUSTSTORM OR SANDSTORM:
VSBY 1/2 MILE OR LESS
8 = SMOKE OR HAZE
[NO. OF DAYS WITH] [WEATHER - DAYS WITH] 9 = BLOWING SNOW
X = TORNADO
MAX 32 OR BELOW: 0 0.01 INCH OR MORE: 5
MAX 90 OR ABOVE: 27 0.10 INCH OR MORE: 4
MIN 32 OR BELOW: 0 0.50 INCH OR MORE: 1
MIN 0 OR BELOW: 0 1.00 INCH OR MORE: 0
[HDD (BASE 65) ]
TOTAL THIS MO. 0 CLEAR (SCALE 0-3) 26
DPTR FM NORMAL 0 PTCLDY (SCALE 4-7) 5
TOTAL FM JUL 1 0 CLOUDY (SCALE 8-10) 0
DPTR FM NORMAL 0
[CDD (BASE 65) ]
TOTAL THIS MO. 645
DPTR FM NORMAL 151 [PRESSURE DATA]
TOTAL FM JAN 1 2111 HIGHEST SLP 30.11 ON 21
DPTR FM NORMAL 354 LOWEST SLP 29.73 ON 9
[REMARKS]
#FINAL-08-23#