000
CXUS54 KLZK 210327 AAB
CLSPBF
CLIMATE REPORT...UPDATED WITH SUPPLEMENTAL DATA
NATIONAL WEATHER SERVICE LITTLE ROCK AR
937 PM CST FRI DEC 02 2022
...................................
...THE PINE BLUFF CLIMATE SUMMARY FOR THE SEASON, FROM
9/1/2022 TO 11/30/2022...
CLIMATE NORMAL PERIOD 1991 TO 2020
CLIMATE RECORD PERIOD 1883 TO 2022
WEATHER OBSERVED NORMAL DEPART LAST YEAR`S
VALUE DATE(S) VALUE FROM VALUE DATE(S)
NORMAL
................................................................
TEMPERATURE (F)
RECORD
HIGH 110 09/06/1925
09/05/1925
LOW 14 11/29/1976
11/19/1903
HIGHEST 100 09/21 75 25 101 09/01
LOWEST 26 11/17 53 -27 32 11/26
11/27
AVG. MAXIMUM 77.1 74.7 2.4 78.0
AVG. MINIMUM 52.2 52.5 -0.3 54.1
MEAN 64.6 63.6 1.0 66.0
DAYS MAX >= 90 21 11.9 9.1 13
DAYS MAX <= 32 0 0.0 0.0 0
DAYS MIN <= 32 11 4.7 6.3 2
DAYS MIN <= 0 0 0.0 0.0 0
PRECIPITATION (INCHES)
RECORD
MAXIMUM 26.25 1984
MINIMUM 2.01 2017
TOTALS 8.79 11.64 -2.85 8.05
DAILY AVG. 0.10 0.13 -0.03 0.09
DAYS >= .01 22 24.8 -2.8 21
DAYS >= .10 12 14
DAYS >= .50 8 8
DAYS >= 1.00 4 3.6 0.4 2
GREATEST
24 HR. TOTAL 2.32 11/04 TO 11/05
STORM TOTAL 1.74
(MM/DD(HH))
SNOWFALL (INCHES)
RECORDS
TOTAL 5.0 1929
24 HR TOTAL 5.0 11/22/1929 TO 11/22/1929
SNOW DEPTH 5 11/22/1929
TOTALS 0.0 0.0 0.0 0.0
LIQUID EQUIV 0.00 T 0.00 0.00
SINCE 7/1 0.0 0.0 0.0 MM
LIQUID 7/1 0.00 0.00 0.00 MM
SNOWDEPTH AVG. 0 0
DAYS >= TRACE 0 MM MM 0
DAYS >= 1.0 0 MM MM 0
GREATEST
SNOW DEPTH 0 0 MM
24 HR TOTAL 0.0 MM 0.0
STORM TOTAL 0.0 0.0
(MM/DD(HH)) MM
DEGREE DAYS
HEATING TOTAL 488 517 -29 425
SINCE 7/1 488 517 -29 MM
COOLING TOTAL 477 393 84 544
SINCE 1/1 2571 2149 422 MM
FREEZE DATES
RECORD
EARLIEST 10/10/2000
LATEST 04/25/1910
EARLIEST 10/19
LATEST 03/13
................................................................
WIND (MPH)
AVERAGE WIND SPEED 6.0
HIGHEST WIND SPEED/DIRECTION 31/250 DATE 10/15
HIGHEST GUST SPEED/DIRECTION 46/230 DATE 11/04
SKY COVER
POSSIBLE SUNSHINE (PERCENT) MM
AVERAGE SKY COVER 0.22
NUMBER OF DAYS FAIR 66
NUMBER OF DAYS PC 16
NUMBER OF DAYS CLOUDY 7
WEATHER CONDITIONS. NUMBER OF DAYS WITH
THUNDERSTORM 12 MIXED PRECIP 0
HEAVY RAIN 7 RAIN 9
LIGHT RAIN 27 FREEZING RAIN 0
LT FREEZING RAIN 0 HAIL 0
HEAVY SNOW 0 SLEET 0
FOG 37 FOG W/VIS <= 1/4 MILE 3
HAZE 22
- INDICATES NEGATIVE NUMBERS.
R INDICATES RECORD WAS SET OR TIED.
MM INDICATES DATA IS MISSING.
T INDICATES TRACE AMOUNT.
&&
.SEASONAL TEMPERATURES...
THE AVERAGE HIGH TEMPERATURE OF 77.1 WAS TIED FOR THE 43RD HOTTEST
SEASON AND WARMEST SINCE 2021.
THE AVERAGE LOW TEMPERATURE OF 52.2 WAS TIED FOR 61ST COLDEST SEASON
AND COOLEST SINCE 2014.
THE AVERAGE TEMPERATURE OF 64.6 WAS TIED FOR THE 51ST HOTTEST SEASON
AND WARMEST SINCE 2021.
THE HOTTEST TEMPERATURE OF 100 DEGREES OCCURRED ON SEPT 21ST, WHICH
WAS THE HOTTEST READING SINCE 2021 AND TIED FOR 28TH HOTTEST
TEMPERATURE FOR THE SEASON.
THERE WAS ONE 100-DEGREE DAY, SEPT 21ST.
THE LAST 90-DEGREE DAY WAS ON OCT 15TH. THERE WERE 21 DAYS WITH
HIGHS OF 90 DEGREES OR GREATER.
THE LAST 80-DEGREE DAY WAS ON NOV 9TH.
THE COLDEST TEMPERATURE OF 26 DEGREES OCCURRED ON NOV 17TH, WHICH
WAS THE COLDEST READING SINCE 2019 AND TIED FOR THE 66TH COLDEST
TEMPERATURE FOR THE SEASON.
THE FIRST FREEZE OCCURRED ON OCT 19TH. THERE WERE 11 DAYS WITH LOWS
OF 32 DEGREES OR LESS.
.SEASONAL RAINFALL...
THE SEASONAL RAINFALL TOTAL OF 8.79 WAS THE 48TH DRIEST ON RECORD.
.SEASONAL SNOWFALL...
THERE WAS NO MEASURABLE SEASONAL SNOWFALL FOR THE FOURTH CONSECUTIVE
YEAR.
$$
70