000
CXUS52 KMFL 011030
CF6PBI
PRELIMINARY LOCAL CLIMATOLOGICAL DATA (WS FORM: F-6)
STATION: WEST PALM BEACH
MONTH: JUNE
YEAR: 2021
LATITUDE: 26 40 N
LONGITUDE: 80 7 W
TEMPERATURE IN F: :PCPN: SNOW: WIND :SUNSHINE: SKY :PK WND
================================================================================
1 2 3 4 5 6A 6B 7 8 9 10 11 12 13 14 15 16 17 18
12Z AVG MX 2MIN
DY MAX MIN AVG DEP HDD CDD WTR SNW DPTH SPD SPD DIR MIN PSBL S-S WX SPD DR
================================================================================
1 87 73 80 0 0 15 0.06 0.0 0 11.5 28 150 M M 5 1 36 140
2 88 73 81 0 0 16 0.79 0.0 0 10.9 24 130 M M 6 1 27 140
3 87 76 82 1 0 17 0.49 0.0 0 13.5 23 130 M M 7 138 30 140
4 88 77 83 2 0 18 0.42 0.0 0 11.7 21 140 M M 7 13 26 140
5 88 79 84 3 0 19 0.20 0.0 0 13.1 20 130 M M 7 1 24 140
6 89 79 84 3 0 19 0.01 0.0 0 15.0 22 120 M M 6 28 130
7 88 80 84 3 0 19 0.00 0.0 0 14.2 21 110 M M 5 27 130
8 88 80 84 3 0 19 0.00 0.0 0 12.9 20 100 M M 5 27 120
9 89 79 84 3 0 19 0.00 0.0 0 11.3 15 90 M M 4 21 110
10 91 79 85 4 0 20 0.00 0.0 0 11.5 20 120 M M 4 24 110
11 91 79 85 4 0 20 0.07 0.0 0 8.0 18 130 M M 5 25 130
12 93 76 85 3 0 20 0.31 0.0 0 8.0 23 250 M M 6 13 26 240
13 90 76 83 1 0 18 0.78 0.0 0 7.5 22 160 M M 5 13 29 140
14 88 75 82 0 0 17 0.12 M M 10.3 24 230 M M 6 13 32 160
15 91 74 83 1 0 18 0.10 M M 8.8 22 180 M M 8 3 26 190
16 87 73 80 -2 0 15 1.46 0.0 0 3.4 25 140 M M 8 13 29 140
17 88 73 81 -1 0 16 0.17 0.0 0 4.2 15 220 M M 8 3 19 240
18 86 76 81 -1 0 16 0.00 0.0 0 7.4 16 90 M M 8 19 140
19 90 81 86 4 0 21 0.00 0.0 0 10.3 17 120 M M 8 21 120
20 93 77 85 3 0 20 0.11 0.0 0 8.8 25 210 M M 8 13 29 210
21 90 79 85 3 0 20 0.00 0.0 0 7.6 17 140 M M 8 3 21 140
22 92 73 83 1 0 18 0.32 0.0 0 11.8 30 210 M M 6 13 36 220
23 87 75 81 -1 0 16 0.11 0.0 0 6.1 16 100 M M 7 3 21 230
24 88 73 81 -1 0 16 0.09 M M 4.4 18 180 M M 7 13 27 150
25 87 79 83 1 0 18 0.03 0.0 0 10.9 21 100 M M 7 3 26 100
26 88 80 84 2 0 19 0.05 0.0 0 11.5 22 90 M M 7 26 100
27 89 78 84 2 0 19 0.22 M M 12.5 22 90 M M 6 3 27 100
28 87 78 83 1 0 18 0.25 M M 9.2 24 120 M M 5 3 29 110
29 88 75 82 0 0 17 0.66 0.0 0 9.2 23 90 M M 7 13 30 90
30 88 75 82 0 0 17 0.03 0.0 0 9.5 21 120 M M 7 38 25 120
================================================================================
SM 2664 2300 0 540 6.85 0.0 295.0 M 193
================================================================================
AV 88.8 76.7 9.8 FASTST M M 6 MAX(MPH)
MISC ----> 30 210 # 36 140
================================================================================
NOTES:
# LAST OF SEVERAL OCCURRENCES
COLUMN 17 PEAK WIND IN M.P.H.
PRELIMINARY LOCAL CLIMATOLOGICAL DATA (WS FORM: F-6) , PAGE 2
STATION: WEST PALM BEACH
MONTH: JUNE
YEAR: 2021
LATITUDE: 26 40 N
LONGITUDE: 80 7 W
[TEMPERATURE DATA] [PRECIPITATION DATA] SYMBOLS USED IN COLUMN 16
AVERAGE MONTHLY: 82.7 TOTAL FOR MONTH: 6.85 1 = FOG OR MIST
DPTR FM NORMAL: 1.0 DPTR FM NORMAL: -1.63 2 = FOG REDUCING VISIBILITY
HIGHEST: 93 ON 20,12 GRTST 24HR 1.46 ON 15-16 TO 1/4 MILE OR LESS
LOWEST: 73 ON 24,22 3 = THUNDER
SNOW, ICE PELLETS, HAIL 4 = ICE PELLETS
TOTAL MONTH: 0.0 INCH 5 = HAIL
GRTST 24HR 0.0 6 = FREEZING RAIN OR DRIZZLE
GRTST DEPTH: 0 7 = DUSTSTORM OR SANDSTORM:
VSBY 1/2 MILE OR LESS
8 = SMOKE OR HAZE
[NO. OF DAYS WITH] [WEATHER - DAYS WITH] 9 = BLOWING SNOW
X = TORNADO
MAX 32 OR BELOW: 0 0.01 INCH OR MORE: 23
MAX 90 OR ABOVE: 9 0.10 INCH OR MORE: 16
MIN 32 OR BELOW: 0 0.50 INCH OR MORE: 4
MIN 0 OR BELOW: 0 1.00 INCH OR MORE: 1
[HDD (BASE 65) ]
TOTAL THIS MO. 0 CLEAR (SCALE 0-3) 0
DPTR FM NORMAL 0 PTCLDY (SCALE 4-7) 30
TOTAL FM JUL 1 143 CLOUDY (SCALE 8-10) 0
DPTR FM NORMAL -59
[CDD (BASE 65) ]
TOTAL THIS MO. 540
DPTR FM NORMAL 40 [PRESSURE DATA]
TOTAL FM JAN 1 2084 HIGHEST SLP 30.19 ON 8
DPTR FM NORMAL 397 LOWEST SLP 29.83 ON 13
[REMARKS]
#FINAL-06-21#