763
CXUS53 KARX 011000
CF6PDC
PRELIMINARY LOCAL CLIMATOLOGICAL DATA (WS FORM: F-6)
STATION: PRAIRIE_DU_CHIEN_MUN
MONTH: JANUARY
YEAR: 2021
LATITUDE: 43 1 N
LONGITUDE: 91 7 W
TEMPERATURE IN F: :PCPN: SNOW: WIND :SUNSHINE: SKY :PK WND
================================================================================
1 2 3 4 5 6A 6B 7 8 9 10 11 12 13 14 15 16 17 18
12Z AVG MX 2MIN
DY MAX MIN AVG DEP HDD CDD WTR SNW DPTH SPD SPD DIR MIN PSBL S-S WX SPD DR
================================================================================
1 27 17 22 M 43 0 M M M 4.1 12 340 M M 6 1 M M
2 26 12 19 M 46 0 M M M 0.7 6 330 M M 9 1 M M
3 25 19 22 M 43 0 M M M 2.3 7 120 M M 10 1 M M
4 32 17 25 M 40 0 M M M 2.0 7 210 M M 9 12 M M
5 35 12 24 M 41 0 M M M 0.2 5 250 M M 0 1 M M
6 27 16 22 M 43 0 0.00 0.0 M 3.7 7 100 M M 9 1 M M
7 33 24 29 M 36 0 0.00 0.0 M 2.1 6 320 M M 10 18 M M
8 30 23 27 M 38 0 0.00 0.0 M 3.9 8 310 M M 10 M M
9 28 24 26 M 39 0 0.00 0.0 M 3.3 7 270 M M 10 M M
10 27 19 23 M 42 0 0.00 0.0 M 4.6 9 290 M M 10 18 M M
11 37 25 31 M 34 0 0.00 0.0 M 6.7 13 200 M M 3 18 180
12 38 20 29 M 36 0 0.00 0.0 M 1.6 7 250 M M 0 1 M M
13 41 27 34 M 31 0 0.00 0.0 M 0.7 7 120 M M 4 M M
14 36 27 32 M 33 0 M M M 2.3 7 100 M M 7 1 M M
15 37 32 35 M 30 0 M M M 3.6 8 10 M M 10 1 M M
16 36 29 33 M 32 0 M M M 6.2 9 300 M M 10 1 M M
17 30 24 27 M 38 0 M M M 6.4 9 310 M M 10 M M
18 28 18 23 M 42 0 0.00 0.0 M 7.4 12 270 M M 6 21 290
19 30 10 20 M 45 0 M M M 5.1 16 300 M M 9 8 25 300
20 39 2 21 M 44 0 0.00 0.0 M 7.5 15 170 M M 0 23 170
21 38 18 28 M 37 0 0.00 0.0 M 14.2 23 290 M M 1 32 290
22 18 2 10 M 55 0 0.00 0.0 M 7.6 18 310 M M 0 23 310
23 22 -3 10 M 55 0 M M M 3.0 8 100 M M 5 M M
24 30 10 20 M 45 0 M M M 3.1 10 330 M M 5 1 M M
25 26 6 16 M 49 0 M M M 4.7 12 30 M M 4 18 40
26 24 7 16 M 49 0 M M M 5.6 9 330 M M 6 16 340
27 24 2 13 M 52 0 0.00 0.0 M 2.6 10 340 M M 2 1 M M
28 24 0 12 M 53 0 0.00 0.0 M 1.9 7 110 M M 2 M M
29 28 14 21 M 44 0 0.00 0.0 M 8.1 12 100 M M 6 20 100
30 33 26 30 M 35 0 M M M 11.5 20 100 M M 7 24 100
31 32 29 31 M 34 0 M M M 6.1 12 330 M M 9 16 330
================================================================================
SM 941 508 1284 0 0.00 0.0 142.8 M 189
================================================================================
AV 30.4 16.4 4.6 FASTST M M 6 MAX(MPH)
MISC ----> 23 290 32 290
================================================================================
NOTES:
# LAST OF SEVERAL OCCURRENCES
COLUMN 17 PEAK WIND IN M.P.H.
PRELIMINARY LOCAL CLIMATOLOGICAL DATA (WS FORM: F-6) , PAGE 2
STATION: PRAIRIE_DU_CHIEN_MUN
MONTH: JANUARY
YEAR: 2021
LATITUDE: 43 1 N
LONGITUDE: 91 7 W
[TEMPERATURE DATA] [PRECIPITATION DATA] SYMBOLS USED IN COLUMN 16
AVERAGE MONTHLY: 23.4 TOTAL FOR MONTH: 0.00 1 = FOG OR MIST
DPTR FM NORMAL: 0.0 DPTR FM NORMAL: M 2 = FOG REDUCING VISIBILITY
HIGHEST: 41 ON 13 GRTST 24HR 0.33 ON 14-15 TO 1/4 MILE OR LESS
LOWEST: -3 ON 23 3 = THUNDER
SNOW, ICE PELLETS, HAIL 4 = ICE PELLETS
TOTAL MONTH: 0.0 INCH 5 = HAIL
GRTST 24HR 0.0 6 = FREEZING RAIN OR DRIZZLE
GRTST DEPTH: M ON M 7 = DUSTSTORM OR SANDSTORM:
VSBY 1/2 MILE OR LESS
8 = SMOKE OR HAZE
[NO. OF DAYS WITH] [WEATHER - DAYS WITH] 9 = BLOWING SNOW
X = TORNADO
MAX 32 OR BELOW: 20 0.01 INCH OR MORE: 0
MAX 90 OR ABOVE: 0 0.10 INCH OR MORE: 0
MIN 32 OR BELOW: 31 0.50 INCH OR MORE: 0
MIN 0 OR BELOW: 2 1.00 INCH OR MORE: 0
[HDD (BASE 65) ]
TOTAL THIS MO. 1284 CLEAR (SCALE 0-3) 7
DPTR FM NORMAL M PTCLDY (SCALE 4-7) 11
TOTAL FM JUL 1 3727 CLOUDY (SCALE 8-10) 13
DPTR FM NORMAL M
[CDD (BASE 65) ]
TOTAL THIS MO. 0
DPTR FM NORMAL M [PRESSURE DATA]
TOTAL FM JAN 1 0 HIGHEST SLP M ON M
DPTR FM NORMAL M LOWEST SLP M ON M
[REMARKS]
#FINAL-01-21#