000
CXUS56 KPDT 022217
CF6PDT
PRELIMINARY LOCAL CLIMATOLOGICAL DATA (WS FORM: F-6)
STATION: PENDLETON OR
MONTH: DECEMBER
YEAR: 2022
LATITUDE: 45 40 N
LONGITUDE: 118 51 W
TEMPERATURE IN F: :PCPN: SNOW: WIND :SUNSHINE: SKY :PK WND
================================================================================
1 2 3 4 5 6A 6B 7 8 9 10 11 12 13 14 15 16 17 18
12Z AVG MX 2MIN
DY MAX MIN AVG DEP HDD CDD WTR SNW DPTH SPD SPD DIR MIN PSBL S-S WX SPD DR
================================================================================
1 42 30 36 0 29 0 T 0.0 0 8.0 17 290 M M 7 23 300
2 41 30 36 0 29 0 0.00 0.0 0 9.3 15 150 M M 3 22 150
3 35 20 28 -8 37 0 0.00 0.0 0 7.0 15 20 M M 0 18 30
4 25 22 24 -12 41 0 0.25 3.0 0 3.2 13 260 M M 10 18 16 250
5 28 19 24 -11 41 0 T 0.1 3 1.2 7 200 M M 10 12 9 210
6 43 18 31 -4 34 0 0.00 0.0 3 9.5 18 250 M M 3 12 23 250
7 31 21 26 -9 39 0 0.00 0.0 2 6.2 12 300 M M 5 12 15 300
8 42 20 31 -4 34 0 0.12 T 2 7.5 18 290 M M 9 12 25 270
9 44 28 36 1 29 0 0.07 0.0 1 9.1 26 170 M M 7 1 38 160
10 52 39 46 12 19 0 T 0.0 0 16.8 29 150 M M 8 39 160
11 40 33 37 3 28 0 0.09 T 0 4.1 12 300 M M 9 12 14 300
12 41 33 37 3 28 0 0.00 0.0 0 5.1 12 290 M M 10 12 14 290
13 39 29 34 0 31 0 0.00 0.0 0 1.9 7 300 M M 4 1 9 300
14 34 30 32 -2 33 0 0.02 0.3 T 4.0 12 320 M M 10 12 13 330
15 32 27 30 -4 35 0 0.00 0.0 T 4.1 14 40 M M 10 1 17 80
16 28 26 27 -7 38 0 0.00 0.0 0 3.0 9 320 M M 10 1 11 320
17 29 22 26 -8 39 0 0.00 0.0 0 3.7 12 310 M M 8 12 14 300
18 44 25 35 1 30 0 T 0.0 0 11.7 23 220 M M 4 30 230
19 37 16 27 -7 38 0 0.09 1.6 2 8.3 14 40 M M 10 1 16 40
20 39 14 27 -6 38 0 0.01 0.0 1 7.6 17 40 M M 9 6 20 40
21 19 4 12 -21 53 0 T T 1 7.9 16 20 M M 10 1 19 20
22 7 2 5 -28 60 0 0.01 0.2 1 5.2 9 310 M M 9 12 300
23 17 7 12 -21 53 0 0.11 1.2 1 2.6 10 50 M M 10 168 13 220
24 27 15 21 -12 44 0 0.12 T 1 4.7 18 310 M M 8 146 22 310
25 34 23 29 -4 36 0 0.01 0.0 1 6.4 17 290 M M 6 16 21 300
26 55 23 39 6 26 0 0.08 0.0 1 8.6 31 170 M M 8 18 45 190
27 59 45 52 19 13 0 T 0.0 0 25.1 44 240 M M 9 58 230
28 47 33 40 7 25 0 0.00 0.0 0 13.4 29 260 M M 4 38 260
29 48 34 41 8 24 0 T 0.0 0 8.5 16 130 M M 7 22 140
30 51 37 44 10 21 0 0.29 T 0 7.9 24 120 M M 8 1 34 120
31 50 36 43 9 22 0 0.05 0.0 0 7.1 16 260 M M 5 12 21 260
================================================================================
SM 1160 761 1047 0 1.32 6.4 228.7 M 230
================================================================================
AV 37.4 24.5 7.4 FASTST M M 7 MAX(MPH)
MISC ----> 44 240 58 230
================================================================================
NOTES:
# LAST OF SEVERAL OCCURRENCES
COLUMN 17 PEAK WIND IN M.P.H.
PRELIMINARY LOCAL CLIMATOLOGICAL DATA (WS FORM: F-6) , PAGE 2
STATION: PENDLETON OR
MONTH: DECEMBER
YEAR: 2022
LATITUDE: 45 40 N
LONGITUDE: 118 51 W
[TEMPERATURE DATA] [PRECIPITATION DATA] SYMBOLS USED IN COLUMN 16
AVERAGE MONTHLY: 31.0 TOTAL FOR MONTH: 1.32 1 = FOG OR MIST
DPTR FM NORMAL: -3.2 DPTR FM NORMAL: -0.18 2 = FOG REDUCING VISIBILITY
HIGHEST: 59 ON 27 GRTST 24HR 0.46 ON 30- 1 TO 1/4 MILE OR LESS
LOWEST: 2 ON 22 3 = THUNDER
SNOW, ICE PELLETS, HAIL 4 = ICE PELLETS
TOTAL MONTH: 6.4 INCHES 5 = HAIL
GRTST 24HR 3.0 ON 4- 4 6 = FREEZING RAIN OR DRIZZLE
GRTST DEPTH: 3 ON 6, 5 7 = DUSTSTORM OR SANDSTORM:
VSBY 1/2 MILE OR LESS
8 = SMOKE OR HAZE
[NO. OF DAYS WITH] [WEATHER - DAYS WITH] 9 = BLOWING SNOW
X = TORNADO
MAX 32 OR BELOW: 10 0.01 INCH OR MORE: 14
MAX 90 OR ABOVE: 0 0.10 INCH OR MORE: 5
MIN 32 OR BELOW: 23 0.50 INCH OR MORE: 0
MIN 0 OR BELOW: 0 1.00 INCH OR MORE: 0
[HDD (BASE 65) ]
TOTAL THIS MO. 1047 CLEAR (SCALE 0-3) 2
DPTR FM NORMAL 91 PTCLDY (SCALE 4-7) 14
TOTAL FM JUL 1 2148 CLOUDY (SCALE 8-10) 15
DPTR FM NORMAL -93
[CDD (BASE 65) ]
TOTAL THIS MO. 0
DPTR FM NORMAL 0 [PRESSURE DATA]
TOTAL FM JAN 1 1001 HIGHEST SLP 30.77 ON 22
DPTR FM NORMAL 364 LOWEST SLP 29.10 ON 27
[REMARKS]
#FINAL-12-22#