000
CXUS54 KEWX 011010
CF6PEZ
PRELIMINARY LOCAL CLIMATOLOGICAL DATA (WS FORM: F-6)
STATION: PLEASANTON MUNICIPAL AIRPORT
MONTH: NOVEMBER
YEAR: 2020
LATITUDE: 28 57 N
LONGITUDE: 98 31 W
TEMPERATURE IN F: :PCPN: SNOW: WIND :SUNSHINE: SKY :PK WND
================================================================================
1 2 3 4 5 6A 6B 7 8 9 10 11 12 13 14 15 16 17 18
12Z AVG MX 2MIN
DY MAX MIN AVG DEP HDD CDD WTR SNW DPTH SPD SPD DIR MIN PSBL S-S WX SPD DR
================================================================================
1 84 47 66 M 0 1 0.00 M M 5.8 16 60 M M 0 22 60
2 78 40 59 M 6 0 0.00 M M 3.6 9 50 M M 0 M M
3 82 38 60 M 5 0 0.00 M M 2.1 9 140 M M 0 M M
4 82 44 63 M 2 0 0.00 M M 3.7 10 150 M M 0 1 18 180
5 84 50 67 M 0 2 0.00 M M 1.4 7 170 M M 2 12 17 130
6 82 54 68 M 0 3 0.00 M M 1.9 8 70 M M 3 2 M M
7 83 59 71 M 0 6 0.00 M M 2.6 8 140 M M 5 1 M M
8 86 64 75 M 0 10 0.00 M M 5.6 12 130 M M 6 1 18 130
9 87 69 78 M 0 13 0.00 M M 7.6 13 160 M M 5 21 170
10 75 59 67 M 0 2 0.00 M M 1.9 8 350 M M 9 1 M M
11 85 55 70 M 0 5 0.00 M M 2.3 9 90 M M 2 M M
12 85 61 73 M 0 8 0.00 M M 2.6 10 160 M M 4 1 17 190
13 83 62 73 M 0 8 0.00 M M 4.5 8 140 M M 9 1 M M
14 89 71 80 M 0 15 0.00 M M 7.0 13 170 M M 6 24 170
15 77 50 64 M 1 0 0.00 M M 8.5 21 30 M M 1 12 29 30
16 78 44 61 M 4 0 0.00 M M 2.7 7 80 M M 0 M M
17 78 42 60 M 5 0 0.00 M M 3.6 12 60 M M 0 17 60
18 81 38 60 M 5 0 0.00 M M 3.3 9 180 M M 2 16 150
19 83 49 66 M 0 1 0.00 M M 3.9 12 160 M M 2 12 18 160
20 84 51 68 M 0 3 0.00 M M 4.0 12 150 M M 3 12 21 160
21 84 57 71 M 0 6 0.00 M M 3.6 9 90 M M 6 12 M M
22 82 63 73 M 0 8 0.00 M M 3.1 10 90 M M 9 1 M M
23 75 56 66 M 0 1 0.00 M M 7.4 12 50 M M 6 21 140
24 88 63 76 M 0 11 0.00 M M 6.9 16 170 M M 6 22 170
25 79 51 65 M 0 0 0.00 M M 5.5 13 30 M M 2 21 30
26 79 48 64 M 1 0 0.00 M M 1.5 5 70 M M 6 M M
27 84 62 73 M 0 8 0.08 M M 6.7 16 30 M M 6 1 24 30
28 62 55 59 M 6 0 2.31 M M 7.6 13 330 M M 10 3 21 30
29 69 47 58 M 7 0 0.00 M M 6.3 13 10 M M 2 24 10
30 59 34 47 M 18 0 0.00 M M 4.7 12 350 M M 0 17 350
================================================================================
SM 2407 1583 60 111 2.39 M 131.9 M 112
================================================================================
AV 80.2 52.8 4.4 FASTST M M 4 MAX(MPH)
MISC ----> # 21 30 # 29 30
================================================================================
NOTES:
# LAST OF SEVERAL OCCURRENCES
COLUMN 17 PEAK WIND IN M.P.H.
PRELIMINARY LOCAL CLIMATOLOGICAL DATA (WS FORM: F-6) , PAGE 2
STATION: PLEASANTON MUNICIPAL AIRPORT
MONTH: NOVEMBER
YEAR: 2020
LATITUDE: 28 57 N
LONGITUDE: 98 31 W
[TEMPERATURE DATA] [PRECIPITATION DATA] SYMBOLS USED IN COLUMN 16
AVERAGE MONTHLY: 66.5 TOTAL FOR MONTH: 2.39 1 = FOG OR MIST
DPTR FM NORMAL: M DPTR FM NORMAL: M 2 = FOG REDUCING VISIBILITY
HIGHEST: 89 ON 14 GRTST 24HR 2.31 ON 28-28 TO 1/4 MILE OR LESS
LOWEST: 34 ON 30 3 = THUNDER
SNOW, ICE PELLETS, HAIL 4 = ICE PELLETS
TOTAL MONTH: M 5 = HAIL
GRTST 24HR M ON M 6 = FREEZING RAIN OR DRIZZLE
GRTST DEPTH: M ON M 7 = DUSTSTORM OR SANDSTORM:
VSBY 1/2 MILE OR LESS
8 = SMOKE OR HAZE
[NO. OF DAYS WITH] [WEATHER - DAYS WITH] 9 = BLOWING SNOW
X = TORNADO
MAX 32 OR BELOW: 0 0.01 INCH OR MORE: 2
MAX 90 OR ABOVE: 0 0.10 INCH OR MORE: 1
MIN 32 OR BELOW: 0 0.50 INCH OR MORE: 1
MIN 0 OR BELOW: 0 1.00 INCH OR MORE: 1
[HDD (BASE 65) ]
TOTAL THIS MO. 60 CLEAR (SCALE 0-3) 16
DPTR FM NORMAL M PTCLDY (SCALE 4-7) 10
TOTAL FM JUL 1 110 CLOUDY (SCALE 8-10) 4
DPTR FM NORMAL M
[CDD (BASE 65) ]
TOTAL THIS MO. 111
DPTR FM NORMAL M [PRESSURE DATA]
TOTAL FM JAN 1 3729 HIGHEST SLP M ON M
DPTR FM NORMAL M LOWEST SLP M ON M
[REMARKS]
#FINAL-11-20#