000
CXUS56 KFGZ 010910
CF6PGA
PRELIMINARY LOCAL CLIMATOLOGICAL DATA (WS FORM: F-6)
STATION: PAGE AZ AIRPORT
MONTH: AUGUST
YEAR: 2021
LATITUDE: 36 55 N
LONGITUDE: 111 27 W
TEMPERATURE IN F: :PCPN: SNOW: WIND :SUNSHINE: SKY :PK WND
================================================================================
1 2 3 4 5 6A 6B 7 8 9 10 11 12 13 14 15 16 17 18
12Z AVG MX 2MIN
DY MAX MIN AVG DEP HDD CDD WTR SNW DPTH SPD SPD DIR MIN PSBL S-S WX SPD DR
================================================================================
1 93 70 82 -3 0 17 0.09 M M 3.9 24 250 M M 2 3 32 260
2 96 69 83 -1 0 18 0.00 M M 3.3 21 20 M M 1 25 30
3 99 72 86 2 0 21 0.00 M M 4.9 13 70 M M 0 16 60
4 100 73 87 3 0 22 0.00 M M 4.4 12 50 M M 0 14 30
5 103 73 88 4 0 23 0.00 M M 5.3 12 30 M M 0 8 15 60
6 101 80 91 7 0 26 0.00 M M 7.4 17 220 M M 0 28 220
7 98 72 85 1 0 20 0.00 M M 4.5 15 250 M M 4 8 21 300
8 100 71 86 2 0 21 0.00 M M 4.2 13 290 M M 2 8 20 270
9 100 73 87 3 0 22 0.00 M M 5.2 13 280 M M 0 20 270
10 101 76 89 5 0 24 0.00 M M 6.3 26 180 M M 0 36 190
11 97 73 85 2 0 20 0.00 M M 4.6 13 190 M M 0 18 210
12 97 76 87 4 0 22 0.00 M M 4.7 12 50 M M 0 17 190
13 102 76 89 6 0 24 0.00 M M 4.3 12 270 M M 0 16 290
14 99 75 87 4 0 22 0.00 M M 5.0 17 190 M M 0 26 200
15 103 77 90 7 0 25 0.00 M M 4.6 25 360 M M 0 32 360
16 99 74 87 4 0 22 0.00 M M 5.2 20 170 M M 0 29 190
17 96 74 85 3 0 20 0.01 M M 6.7 20 310 M M 1 38 29 310
18 91 69 80 -2 0 15 T M M 7.1 29 240 M M 1 3 41 230
19 84 59 72 -10 0 7 0.08 M M 6.8 17 300 M M 4 13 24 190
20 85 61 73 -9 0 8 0.00 M M 4.9 13 30 M M 2 19 10
21 92 68 80 -2 0 15 0.00 M M 5.9 16 190 M M 2 23 190
22 95 69 82 0 0 17 0.00 M M 5.1 17 160 M M 0 23 160
23 96 71 84 3 0 19 0.00 M M 7.4 16 180 M M 0 24 210
24 96 68 82 1 0 17 0.00 M M 4.1 15 10 M M 0 19 20
25 99 69 84 3 0 19 0.00 M M 4.4 22 160 M M 0 29 180
26 99 73 86 5 0 21 T M M 4.8 16 110 M M 0 24 170
27 101 70 86 5 0 21 0.00 M M 5.0 14 290 M M 0 21 290
28 100 71 86 6 0 21 0.00 M M 4.8 13 160 M M 0 16 170
29 101 72 87 7 0 22 0.00 M M 4.1 10 160 M M 0 16 30
30 99 73 86 6 0 21 0.00 M M 3.5 8 20 M M 0 M M
31 95 76 86 6 0 21 T M M 5.4 15 320 M M 1 19 330
================================================================================
SM 3017 2223 0 613 0.18 M 157.8 M 20
================================================================================
AV 97.3 71.7 5.1 FASTST M M 1 MAX(MPH)
MISC ----> 29 240 41 230
================================================================================
NOTES:
# LAST OF SEVERAL OCCURRENCES
COLUMN 17 PEAK WIND IN M.P.H.
PRELIMINARY LOCAL CLIMATOLOGICAL DATA (WS FORM: F-6) , PAGE 2
STATION: PAGE AZ AIRPORT
MONTH: AUGUST
YEAR: 2021
LATITUDE: 36 55 N
LONGITUDE: 111 27 W
[TEMPERATURE DATA] [PRECIPITATION DATA] SYMBOLS USED IN COLUMN 16
AVERAGE MONTHLY: 84.5 TOTAL FOR MONTH: 0.18 1 = FOG OR MIST
DPTR FM NORMAL: 2.0 DPTR FM NORMAL: -0.57 2 = FOG REDUCING VISIBILITY
HIGHEST: 103 ON 15, 5 GRTST 24HR 0.27 ON 31- 1 TO 1/4 MILE OR LESS
LOWEST: 59 ON 19 3 = THUNDER
SNOW, ICE PELLETS, HAIL 4 = ICE PELLETS
TOTAL MONTH: M 5 = HAIL
GRTST 24HR M ON M 6 = FREEZING RAIN OR DRIZZLE
GRTST DEPTH: M ON M 7 = DUSTSTORM OR SANDSTORM:
VSBY 1/2 MILE OR LESS
8 = SMOKE OR HAZE
[NO. OF DAYS WITH] [WEATHER - DAYS WITH] 9 = BLOWING SNOW
X = TORNADO
MAX 32 OR BELOW: 0 0.01 INCH OR MORE: 3
MAX 90 OR ABOVE: 29 0.10 INCH OR MORE: 0
MIN 32 OR BELOW: 0 0.50 INCH OR MORE: 0
MIN 0 OR BELOW: 0 1.00 INCH OR MORE: 0
[HDD (BASE 65) ]
TOTAL THIS MO. 0 CLEAR (SCALE 0-3) 29
DPTR FM NORMAL 0 PTCLDY (SCALE 4-7) 2
TOTAL FM JUL 1 0 CLOUDY (SCALE 8-10) 0
DPTR FM NORMAL 0
[CDD (BASE 65) ]
TOTAL THIS MO. 613
DPTR FM NORMAL 72 [PRESSURE DATA]
TOTAL FM JAN 1 2200 HIGHEST SLP M ON M
DPTR FM NORMAL 373 LOWEST SLP 29.55 ON 17
[REMARKS]
#FINAL-08-21#