000
CXUS51 KPBZ 011434
CF6PHD
PRELIMINARY LOCAL CLIMATOLOGICAL DATA (WS FORM: F-6)
STATION: NEW PHILADELPHIA OH
MONTH: OCTOBER
YEAR: 2023
LATITUDE: 40 28 N
LONGITUDE: 81 25 W
TEMPERATURE IN F: :PCPN: SNOW: WIND :SUNSHINE: SKY :PK WND
================================================================================
1 2 3 4 5 6A 6B 7 8 9 10 11 12 13 14 15 16 17 18
12Z AVG MX 2MIN
DY MAX MIN AVG DEP HDD CDD WTR SNW DPTH SPD SPD DIR MIN PSBL S-S WX SPD DR
================================================================================
1 82 53 68 9 0 3 0.00 M M 1.2 8 10 M M 3 12 12 10
2 84 54 69 10 0 4 0.00 M M 0.7 7 120 M M 1 1 9 120
3 86 56 71 12 0 6 0.00 M M 1.3 8 100 M M 1 1 16 190
4 84 54 69 11 0 4 0.00 M M 3.5 9 160 M M 2 12 15 140
5 81 59 70 12 0 5 0.06 M M 3.8 12 200 M M 4 13 19 210
6 74 55 65 8 0 0 0.25 M M 4.1 15 300 M M 6 1 24 320
7 56 42 49 -8 16 0 0.03 M M 5.2 15 310 M M 5 23 290
8 57 41 49 -8 16 0 0.00 M M 6.3 18 290 M M 4 32 320
9 58 44 51 -5 14 0 0.00 M M 3.0 12 260 M M 9 8 21 250
10 62 36 49 -7 16 0 0.00 M M 4.1 15 240 M M 7 8 24 250
11 67 38 53 -2 12 0 0.00 M M 3.5 14 250 M M 2 22 230
12 70 45 58 3 7 0 0.00 M M 2.5 13 20 M M 7 18 40
13 68 42 55 0 10 0 T M M 4.0 13 50 M M 1 1 19 60
14 59 48 54 0 11 0 0.68 M M 5.7 16 360 M M 10 1 23 30
15 56 47 52 -2 13 0 0.01 M M 7.4 16 310 M M 10 24 310
16 55 46 51 -2 14 0 0.04 M M 5.6 15 350 M M 10 1 19 310
17 53 48 51 -2 14 0 0.00 M M 3.2 9 310 M M 10 13 320
18 60 41 51 -2 14 0 0.00 M M 3.8 14 190 M M 6 12 20 200
19 66 44 55 3 10 0 0.27 M M 5.3 14 170 M M 4 1 25 170
20 59 53 56 4 9 0 0.77 M M 4.6 12 290 M M 10 1 19 280
21 56 48 52 1 13 0 0.34 M M 6.6 16 260 M M 10 1 26 270
22 55 34 45 -6 20 0 0.10 M M 6.1 15 320 M M 6 1 23 310
23 61 32 47 -4 18 0 0.00 M M 1.9 9 130 M M 4 12 12 130
24 77 38 58 8 7 0 0.00 M M 4.7 10 170 M M 0 1 15 160
25 74 56 65 15 0 0 T M M 4.2 12 210 M M 1 17 210
26 73 50 62 12 3 0 0.00 M M 3.9 12 170 M M 1 17 180
27 70 60 65 16 0 0 T M M 6.0 15 210 M M 7 27 230
28 67 55 61 12 4 0 0.03 M M 4.2 14 320 M M 10 1 22 310
29 55 50 53 5 12 0 0.58 M M 2.3 9 300 M M 10 13 13 310
30 53 32 43 -5 22 0 0.33 M M 6.2 17 320 M M 8 1 25 330
31 45 28 37 -11 28 0 0.02 M M 4.3 18 290 M M 8 12 31 290
================================================================================
SM 2023 1429 303 22 3.51 M 129.2 M 177
================================================================================
AV 65.3 46.1 4.2 FASTST M M 6 MAX(MPH)
MISC ----> # 18 290 32 320
================================================================================
NOTES:
# LAST OF SEVERAL OCCURRENCES
COLUMN 17 PEAK WIND IN M.P.H.
PRELIMINARY LOCAL CLIMATOLOGICAL DATA (WS FORM: F-6) , PAGE 2
STATION: NEW PHILADELPHIA OH
MONTH: OCTOBER
YEAR: 2023
LATITUDE: 40 28 N
LONGITUDE: 81 25 W
[TEMPERATURE DATA] [PRECIPITATION DATA] SYMBOLS USED IN COLUMN 16
AVERAGE MONTHLY: 55.7 TOTAL FOR MONTH: 3.51 1 = FOG OR MIST
DPTR FM NORMAL: 2.2 DPTR FM NORMAL: 0.35 2 = FOG REDUCING VISIBILITY
HIGHEST: 86 ON 3 GRTST 24HR 0.99 ON 19-20 TO 1/4 MILE OR LESS
LOWEST: 28 ON 31 3 = THUNDER
SNOW, ICE PELLETS, HAIL 4 = ICE PELLETS
TOTAL MONTH: M 5 = HAIL
GRTST 24HR M ON M 6 = FREEZING RAIN OR DRIZZLE
GRTST DEPTH: M ON M 7 = DUSTSTORM OR SANDSTORM:
VSBY 1/2 MILE OR LESS
8 = SMOKE OR HAZE
[NO. OF DAYS WITH] [WEATHER - DAYS WITH] 9 = BLOWING SNOW
X = TORNADO
MAX 32 OR BELOW: 0 0.01 INCH OR MORE: 14
MAX 90 OR ABOVE: 0 0.10 INCH OR MORE: 8
MIN 32 OR BELOW: 3 0.50 INCH OR MORE: 3
MIN 0 OR BELOW: 0 1.00 INCH OR MORE: 0
[HDD (BASE 65) ]
TOTAL THIS MO. 303 CLEAR (SCALE 0-3) 8
DPTR FM NORMAL -68 PTCLDY (SCALE 4-7) 13
TOTAL FM JUL 1 350 CLOUDY (SCALE 8-10) 10
DPTR FM NORMAL -123
[CDD (BASE 65) ]
TOTAL THIS MO. 22
DPTR FM NORMAL 9 [PRESSURE DATA]
TOTAL FM JAN 1 716 HIGHEST SLP M ON M
DPTR FM NORMAL -64 LOWEST SLP 29.52 ON 20
[REMARKS]
#FINAL-10-23#