000
CXUS53 KUNR 021612
CLMPHP
CLIMATE REPORT
NATIONAL WEATHER SERVICE RAPID CITY SD
912 AM MST SAT DEC 02 2023
...................................
...THE PHILIP SD CLIMATE SUMMARY FOR THE MONTH OF NOVEMBER 2023...
CLIMATE NORMAL PERIOD 1991 TO 2020
CLIMATE RECORD PERIOD 9999 TO 9999
WEATHER OBSERVED NORMAL DEPART LAST YEAR`S
VALUE DATE(S) VALUE FROM VALUE DATE(S)
NORMAL
................................................................
TEMPERATURE (F)
HIGHEST 77 11/05 79 11/02
LOWEST 8 11/24 -5 11/12
AVG. MAXIMUM 54.8 48.1 6.7 42.9
AVG. MINIMUM 21.4 21.6 -0.2 14.3
MEAN 38.1 34.9 3.2 28.6
DAYS MAX >= 90 0 0
DAYS MAX <= 32 1 11
DAYS MIN <= 32 27 29
DAYS MIN <= 0 0 4
PRECIPITATION (INCHES)
TOTALS 0.03 0.49 -0.46 0.11
DAILY AVG. 0.00 0.02 -0.02 0.00
DAYS >= .01 2 4
DAYS >= .10 0 0
DAYS >= .50 0 0
DAYS >= 1.00 0 0
GREATEST
24 HR. TOTAL 0.03 11/19 TO 11/20 0.06
DEGREE DAYS
HEATING TOTAL 800 904 -104 1082
SINCE 7/1 1409 1586 -177 MM
COOLING TOTAL 0 0 0 0
SINCE 1/1 840 833 7 MM
................................................................
WIND (MPH)
AVERAGE WIND SPEED 8.1
HIGHEST WIND SPEED/DIRECTION 36/310 DATE 11/08
36/330 11/16
HIGHEST GUST SPEED/DIRECTION 53/320 DATE 11/26
AVERAGE RH (PERCENT) 60
WEATHER CONDITIONS. NUMBER OF DAYS WITH
THUNDERSTORM 0 MIXED PRECIP 0
HEAVY RAIN 0 RAIN 0
LIGHT RAIN 2 FREEZING RAIN 0
LT FREEZING RAIN 0 HAIL 0
HEAVY SNOW 0 SNOW 0
LIGHT SNOW 2 SLEET 0
FOG 5 FOG W/VIS <= 1/4 MILE 0
HAZE 1
- INDICATES NEGATIVE NUMBERS.
R INDICATES RECORD WAS SET OR TIED.
MM INDICATES DATA IS MISSING.
T INDICATES TRACE AMOUNT.
$$