000
CXUS53 KUNR 011551
CLMPHP
CLIMATE REPORT
NATIONAL WEATHER SERVICE RAPID CITY SD
951 AM MDT SUN OCT 01 2023
...................................
...THE PHILIP SD CLIMATE SUMMARY FOR THE MONTH OF SEPTEMBER 2023...
CLIMATE NORMAL PERIOD 1991 TO 2020
CLIMATE RECORD PERIOD 9999 TO 9999
WEATHER OBSERVED NORMAL DEPART LAST YEAR`S
VALUE DATE(S) VALUE FROM VALUE DATE(S)
NORMAL
................................................................
TEMPERATURE (F)
HIGHEST 107 09/02 102 09/01
LOWEST 39 09/17 33 09/26
AVG. MAXIMUM 82.1 79.0 3.1 84.5
AVG. MINIMUM 49.4 47.6 1.8 49.3
MEAN 65.7 63.3 2.4 66.9
DAYS MAX >= 90 6 10
DAYS MAX <= 32 0 0
DAYS MIN <= 32 0 0
DAYS MIN <= 0 0 0
PRECIPITATION (INCHES)
TOTALS 1.56 1.23 0.33 0.16
DAILY AVG. 0.05 0.04 0.01 0.01
DAYS >= .01 9 5
DAYS >= .10 5 0
DAYS >= .50 0 0
DAYS >= 1.00 0 0
GREATEST
24 HR. TOTAL 0.68 09/22 TO 09/23 0.12
DEGREE DAYS
HEATING TOTAL 66 138 -72 66
SINCE 7/1 76 159 -83 MM
COOLING TOTAL 95 87 8 131
SINCE 1/1 830 827 3 MM
................................................................
WIND (MPH)
AVERAGE WIND SPEED 7.8
HIGHEST WIND SPEED/DIRECTION 37/300 DATE 09/04
HIGHEST GUST SPEED/DIRECTION 48/300 DATE 09/04
AVERAGE RH (PERCENT) 65
WEATHER CONDITIONS. NUMBER OF DAYS WITH
THUNDERSTORM 8 MIXED PRECIP 0
HEAVY RAIN 3 RAIN 3
LIGHT RAIN 11 FREEZING RAIN 0
LT FREEZING RAIN 0 HAIL 0
HEAVY SNOW 0 SNOW 0
LIGHT SNOW 0 SLEET 0
FOG 12 FOG W/VIS <= 1/4 MILE 3
HAZE 4
- INDICATES NEGATIVE NUMBERS.
R INDICATES RECORD WAS SET OR TIED.
MM INDICATES DATA IS MISSING.
T INDICATES TRACE AMOUNT.
$$