000
CXUS55 KPSR 011005
CF6PHX
PRELIMINARY LOCAL CLIMATOLOGICAL DATA (WS FORM: F-6)
STATION: PHOENIX AZ
MONTH: OCTOBER
YEAR: 2022
LATITUDE: 33 25 N
LONGITUDE: 112 1 W
TEMPERATURE IN F: :PCPN: SNOW: WIND :SUNSHINE: SKY :PK WND
================================================================================
1 2 3 4 5 6A 6B 7 8 9 10 11 12 13 14 15 16 17 18
12Z AVG MX 2MIN
DY MAX MIN AVG DEP HDD CDD WTR SNW DPTH SPD SPD DIR MIN PSBL S-S WX SPD DR
================================================================================
1 97 76 87 3 0 22 0.00 0.0 0 4.8 13 160 M M 1 18 170
2 98 78 88 5 0 23 0.00 0.0 0 5.8 14 140 M M 3 19 140
3 99 78 89 6 0 24 0.00 0.0 0 8.1 40 360 M M 6 78 57 360
4 93 72 83 1 0 18 0.00 0.0 0 5.3 17 120 M M 3 22 110
5 94 74 84 2 0 19 0.01 0.0 0 5.1 26 60 M M 3 3 32 70
6 94 76 85 4 0 20 T 0.0 0 8.1 24 50 M M 5 3 30 50
7 93 75 84 3 0 19 0.00 0.0 0 9.4 22 120 M M 6 78 30 170
8 90 73 82 1 0 17 0.00 0.0 0 6.7 23 130 M M 7 3 34 100
9 91 69 80 0 0 15 0.00 0.0 0 4.2 16 90 M M 4 21 80
10 91 71 81 1 0 16 0.00 0.0 0 4.5 15 80 M M 2 18 60
11 94 73 84 5 0 19 0.00 0.0 0 4.2 10 210 M M 2 15 210
12 95 71 83 4 0 18 0.00 0.0 0 3.9 10 270 M M 1 14 260
13 97 71 84 6 0 19 0.00 0.0 0 4.6 13 80 M M 1 20 320
14 98 71 85 7 0 20 0.00 0.0 0 5.8 13 170 M M 2 20 140
15 82 65 74 -4 0 9 0.62 0.0 0 7.4 30 120 M M 7 13 39 110
16 78 63 71 -6 0 6 0.32 0.0 0 3.4 17 180 M M 6 13 22 180
17 83 64 74 -3 0 9 0.00 0.0 0 7.2 17 50 M M 1 23 40
18 87 69 78 2 0 13 0.00 0.0 0 10.6 20 80 M M 1 27 50
19 88 69 79 3 0 14 0.00 0.0 0 10.4 23 70 M M 3 29 80
20 91 69 80 4 0 15 0.00 0.0 0 6.3 13 70 M M 2 19 70
21 90 68 79 4 0 14 0.00 0.0 0 5.2 14 80 M M 1 18 320
22 90 68 79 4 0 14 0.00 0.0 0 10.4 22 210 M M 3 30 220
23 78 66 72 -3 0 7 0.00 0.0 0 12.3 21 190 M M 6 29 330
24 73 57 65 -9 0 0 0.00 0.0 0 8.3 21 350 M M 0 29 350
25 77 53 65 -9 0 0 0.00 0.0 0 4.2 9 70 M M 0 13 220
26 79 54 67 -6 0 2 0.00 0.0 0 5.7 10 130 M M 2 20 310
27 81 54 68 -5 0 3 0.00 0.0 0 6.5 18 70 M M 1 26 60
28 81 58 70 -3 0 5 0.00 0.0 0 6.0 15 70 M M 0 20 80
29 83 56 70 -2 0 5 0.00 0.0 0 3.3 17 60 M M 1 24 60
30 79 55 67 -5 0 2 0.00 0.0 0 4.8 10 290 M M 4 16 280
31 83 56 70 -2 0 5 0.00 0.0 M 3.8 10 80 M M 1 12 110
================================================================================
SM 2727 2072 0 392 0.95 0.0 196.3 M 85
================================================================================
AV 88.0 66.8 6.3 FASTST M M 3 MAX(MPH)
MISC ----> 40 360 57 360
================================================================================
NOTES:
# LAST OF SEVERAL OCCURRENCES
COLUMN 17 PEAK WIND IN M.P.H.
PRELIMINARY LOCAL CLIMATOLOGICAL DATA (WS FORM: F-6) , PAGE 2
STATION: PHOENIX AZ
MONTH: OCTOBER
YEAR: 2022
LATITUDE: 33 25 N
LONGITUDE: 112 1 W
[TEMPERATURE DATA] [PRECIPITATION DATA] SYMBOLS USED IN COLUMN 16
AVERAGE MONTHLY: 77.4 TOTAL FOR MONTH: 0.95 1 = FOG OR MIST
DPTR FM NORMAL: 0.0 DPTR FM NORMAL: 0.39 2 = FOG REDUCING VISIBILITY
HIGHEST: 99 ON 3 GRTST 24HR 0.94 ON 15-16 TO 1/4 MILE OR LESS
LOWEST: 53 ON 25 3 = THUNDER
SNOW, ICE PELLETS, HAIL 4 = ICE PELLETS
TOTAL MONTH: 0.0 INCH 5 = HAIL
GRTST 24HR 0.0 6 = FREEZING RAIN OR DRIZZLE
GRTST DEPTH: 0 7 = DUSTSTORM OR SANDSTORM:
VSBY 1/2 MILE OR LESS
8 = SMOKE OR HAZE
[NO. OF DAYS WITH] [WEATHER - DAYS WITH] 9 = BLOWING SNOW
X = TORNADO
MAX 32 OR BELOW: 0 0.01 INCH OR MORE: 3
MAX 90 OR ABOVE: 17 0.10 INCH OR MORE: 2
MIN 32 OR BELOW: 0 0.50 INCH OR MORE: 1
MIN 0 OR BELOW: 0 1.00 INCH OR MORE: 0
[HDD (BASE 65) ]
TOTAL THIS MO. 0 CLEAR (SCALE 0-3) 21
DPTR FM NORMAL -6 PTCLDY (SCALE 4-7) 10
TOTAL FM JUL 1 0 CLOUDY (SCALE 8-10) 0
DPTR FM NORMAL -2
[CDD (BASE 65) ]
TOTAL THIS MO. 392
DPTR FM NORMAL 2 [PRESSURE DATA]
TOTAL FM JAN 1 5014 HIGHEST SLP 30.19 ON 28
DPTR FM NORMAL 340 LOWEST SLP 29.52 ON 22
[REMARKS]
#FINAL-10-22#