627
CXUS53 KILX 012118 RRC
CLSPIA
CLIMATE REPORT
NATIONAL WEATHER SERVICE LINCOLN IL
355 PM CDT SUN SEP 1 2019
...................................
...THE PEORIA IL CLIMATE SUMMARY FOR THE SEASON, FROM
6/1/2019 TO 8/31/2019...
CLIMATE NORMAL PERIOD 1981 TO 2010
CLIMATE RECORD PERIOD 1883 TO 2019
WEATHER OBSERVED NORMAL DEPART LAST YEAR`S
VALUE DATE(S) VALUE FROM VALUE
NORMAL
.............................................................
TEMPERATURE (F)
RECORD
HIGH 113 07/15/1936
LOW 39 06/01/1993
06/04/1945
HIGHEST 95 07/20 MM MM 95
LOWEST 50 06/14 MM MM 54
AVG. MAXIMUM 84.1 83.9 0.2 85.0
AVG. MINIMUM 64.8 63.6 1.2 66.0
MEAN 74.5 73.7 0.8 75.5
DAYS MAX >= 90 16 16.5 -0.5 24
DAYS MAX <= 32 0 0.0 0.0 0
DAYS MIN <= 32 0 0.0 0.0 0
DAYS MIN <= 0 0 0.0 0.0 0
PRECIPITATION (INCHES)
RECORD
MAXIMUM 24.27 1902
MINIMUM 3.04 1988
TOTALS 10.92 10.62 0.30 13.95
DAILY AVG. 0.12 0.15
DAYS >= .01 27 28.3 -1.3 25
DAYS >= .10 17 18.3 -1.3 19
DAYS >= .50 8 7.5 0.5 10
DAYS >= 1.00 4 2.9 1.1 4
GREATEST
24 HR. TOTAL 2.05 MM 2.25
SNOWFALL (INCHES)
RECORDS
TOTAL 0.0 MM
24 HR TOTAL 0.0 MM
TOTALS 0.0 0.0 0.0 0.0
SINCE 7/1 0.0 0.0 0.0 0.0
DAYS >= TRACE 0 0.0 0.0 0
DAYS >= 1.0 0 0.0 0.0 0
GREATEST
SNOW DEPTH 0 MM 0
24 HR TOTAL 0.0 MM 0.0
DEGREE_DAYS
HEATING TOTAL 5 24 -19 0
SINCE 7/1 0 6 -6 0
COOLING TOTAL 901 826 75 989
SINCE 1/1 982 907 75 1212
FREEZE DATES
RECORD
EARLIEST 09/20/1991
LATEST 05/25/1925
EARLIEST 10/14
LATEST 04/19
..............................................................
WIND (MPH)
AVERAGE WIND SPEED 6.4
HIGHEST WIND SPEED/DIRECTION 35/290 DATE 06/25
HIGHEST GUST SPEED/DIRECTION 56/280 DATE 06/25
SKY COVER
POSSIBLE SUNSHINE (PERCENT) MM
AVERAGE SKY COVER 0.20
NUMBER OF DAYS FAIR 70
NUMBER OF DAYS PC 20
NUMBER OF DAYS CLOUDY 2
AVERAGE RH (PERCENT) 69
WEATHER CONDITIONS. NUMBER OF DAYS WITH
THUNDERSTORM 23 MIXED PRECIP 0
HEAVY RAIN 15 RAIN 13
LIGHT RAIN 40 FREEZING RAIN 0
LT FREEZING RAIN 0 HAIL 0
HEAVY SNOW 0 SNOW 0
LIGHT SNOW 0 SLEET 0
FOG 34 FOG W/VIS <= 1/4 MILE 1
HAZE 7
- INDICATES NEGATIVE NUMBERS.
R INDICATES RECORD WAS SET OR TIED.
MM INDICATES DATA IS MISSING.
T INDICATES TRACE AMOUNT.
&&
SUMMER SEASON RECORDS:
NONE
$$