000
CXUS53 KABR 011200
CF6PIR
PRELIMINARY LOCAL CLIMATOLOGICAL DATA (WS FORM: F-6)
STATION: PIERRE SD
MONTH: FEBRUARY
YEAR: 2022
LATITUDE: 44 22 N
LONGITUDE: 100 17 W
TEMPERATURE IN F: :PCPN: SNOW: WIND :SUNSHINE: SKY :PK WND
================================================================================
1 2 3 4 5 6A 6B 7 8 9 10 11 12 13 14 15 16 17 18
12Z AVG MX 2MIN
DY MAX MIN AVG DEP HDD CDD WTR SNW DPTH SPD SPD DIR MIN PSBL S-S WX SPD DR
================================================================================
1 36 -2 17 -3 48 0 0.00 0.0 0 21.6 45 320 M M 0 59 320
2 9 -9 0 -20 65 0 T T 0 8.0 15 10 M M 5 8 19 10
3 25 -8 9 -11 56 0 0.00 0.0 0 11.8 25 170 M M 1 31 180
4 24 3 14 -6 51 0 T T 0 12.1 24 340 M M 8 34 340
5 55 12 34 13 31 0 T 0.0 0 12.4 26 300 M M 3 37 290
6 46 23 35 14 30 0 0.00 0.0 0 14.3 37 330 M M 5 51 330
7 63 28 46 25 19 0 0.00 0.0 0 12.0 20 280 M M 1 25 320
8 55 35 45 24 20 0 0.00 0.0 0 20.9 41 320 M M 1 56 330
9 44 20 32 11 33 0 0.00 0.0 0 15.0 29 310 M M 3 42 310
10 59 20 40 18 25 0 0.01 0.0 0 14.8 29 290 M M 6 39 290
11 43 6 25 3 40 0 T T 0 20.3 40 330 M M 4 1 55 320
12 33 5 19 -3 46 0 T T 0 7.9 28 40 M M 8 36 40
13 46 -4 21 -1 44 0 0.00 0.0 0 11.0 24 340 M M 2 32 350
14 31 6 19 -4 46 0 0.00 0.0 0 12.6 25 120 M M 0 36 120
15 47 20 34 11 31 0 T T 0 14.2 23 130 M M 1 8 34 120
16 32 8 20 -3 45 0 T T 0 13.0 22 350 M M 5 18 34 360
17 43 -3 20 -4 45 0 0.00 0.0 0 7.4 16 190 M M 0 21 190
18 48 15 32 8 33 0 T T 0 17.0 32 340 M M 5 43 340
19 62 6 34 10 31 0 0.00 0.0 0 12.1 23 240 M M 3 32 230
20 50 10 30 6 35 0 0.00 0.0 0 17.3 28 70 M M 3 38 70
21 10 -6 2 -23 63 0 0.04 1.0 T 21.4 29 10 M M 10 8 38 350
22 -3 -11 -7 -32 72 0 0.07 1.8 3 20.1 30 340 M M 8 8 38 350
23 3 -18 -7 -33 72 0 0.00 0.0 3 4.4 12 320 M M 3 8 14 320
24 6 -12 -3 -29 68 0 0.06 1.0 3 6.9 13 110 M M 8 8 16 130
25 21 -15 3 -23 62 0 0.00 0.0 4 3.3 12 150 M M 1 168 13 220
26 36 6 21 -6 44 0 0.00 0.0 4 11.4 24 280 M M 0 30 280
27 51 12 32 5 33 0 0.00 0.0 3 9.3 20 270 M M 0 25 270
28 64 27 46 18 19 0 0.00 0.0 2 10.1 21 300 M M 1 26 280
================================================================================
SM 1039 174 1207 0 0.18 3.8 362.6 M 95
================================================================================
AV 37.1 6.2 12.9 FASTST M M 3 MAX(MPH)
MISC ----> 45 320 59 320
================================================================================
NOTES:
# LAST OF SEVERAL OCCURRENCES
COLUMN 17 PEAK WIND IN M.P.H.
PRELIMINARY LOCAL CLIMATOLOGICAL DATA (WS FORM: F-6) , PAGE 2
STATION: PIERRE SD
MONTH: FEBRUARY
YEAR: 2022
LATITUDE: 44 22 N
LONGITUDE: 100 17 W
[TEMPERATURE DATA] [PRECIPITATION DATA] SYMBOLS USED IN COLUMN 16
AVERAGE MONTHLY: 21.7 TOTAL FOR MONTH: 0.18 1 = FOG OR MIST
DPTR FM NORMAL: -1.5 DPTR FM NORMAL: -0.56 2 = FOG REDUCING VISIBILITY
HIGHEST: 64 ON 28 GRTST 24HR 0.07 ON 22-22 TO 1/4 MILE OR LESS
LOWEST: -18 ON 23 3 = THUNDER
SNOW, ICE PELLETS, HAIL 4 = ICE PELLETS
TOTAL MONTH: 3.8 INCHES 5 = HAIL
GRTST 24HR 1.8 ON 22-22 6 = FREEZING RAIN OR DRIZZLE
GRTST DEPTH: 4 ON 26,25 7 = DUSTSTORM OR SANDSTORM:
VSBY 1/2 MILE OR LESS
8 = SMOKE OR HAZE
[NO. OF DAYS WITH] [WEATHER - DAYS WITH] 9 = BLOWING SNOW
X = TORNADO
MAX 32 OR BELOW: 10 0.01 INCH OR MORE: 4
MAX 90 OR ABOVE: 0 0.10 INCH OR MORE: 0
MIN 32 OR BELOW: 27 0.50 INCH OR MORE: 0
MIN 0 OR BELOW: 10 1.00 INCH OR MORE: 0
[HDD (BASE 65) ]
TOTAL THIS MO. 1207 CLEAR (SCALE 0-3) 16
DPTR FM NORMAL 35 PTCLDY (SCALE 4-7) 9
TOTAL FM JUL 1 5008 CLOUDY (SCALE 8-10) 3
DPTR FM NORMAL -496
[CDD (BASE 65) ]
TOTAL THIS MO. 0
DPTR FM NORMAL 0 [PRESSURE DATA]
TOTAL FM JAN 1 0 HIGHEST SLP M ON M
DPTR FM NORMAL 0 LOWEST SLP 29.49 ON 20
[REMARKS]
#FINAL-02-22#