000
CXUS51 KPBZ 011338
CLMPIT
CLIMATE REPORT
NATIONAL WEATHER SERVICE PITTSBURGH PA
938 AM EDT TUE AUG 01 2023
...................................
...THE PITTSBURGH PA CLIMATE SUMMARY FOR THE MONTH OF JULY 2023...
CLIMATE NORMAL PERIOD 1991 TO 2020
CLIMATE RECORD PERIOD 1871 TO 2023
WEATHER OBSERVED NORMAL DEPART LAST YEAR`S
VALUE DATE(S) VALUE FROM VALUE DATE(S)
NORMAL
................................................................
TEMPERATURE (F)
RECORD
HIGH 103 07/16/1988
07/10/1881
LOW 42 07/09/1963
HIGHEST 91 07/28 91 0 90 07/24
LOWEST 57 07/22 51 6 58 07/04
AVG. MAXIMUM 83.1 82.9 0.2 83.2
AVG. MINIMUM 64.6 63.4 1.2 65.3
MEAN 73.9 73.2 0.7 74.2
DAYS MAX >= 90 1 4.2 -3.2 1
DAYS MAX <= 32 0 0.0 0.0 0
DAYS MIN <= 32 0 0.0 0.0 0
DAYS MIN <= 0 0 0.0 0.0 0
PRECIPITATION (INCHES)
RECORD
MAXIMUM 9.51 1887
MINIMUM 1.16 1894
TOTALS 4.68 4.26 0.42 3.69
DAILY AVG. 0.15 0.14 0.01 0.12
DAYS >= .01 14 11.2 2.8 13
DAYS >= .10 6 7.4 -1.4 9
DAYS >= .50 3 3.0 0.0 2
DAYS >= 1.00 2 1.0 1.0 1
GREATEST
24 HR. TOTAL 1.37 07/09 TO 07/09 1.21
SNOWFALL (INCHES)
RECORDS
TOTAL 0.0 0
24 HR TOTAL 0.0 MM
TOTALS 0.0 0.0 0.0 0.0
SINCE 7/1 0.0 0.0 0.0 MM
SNOWDEPTH AVG. 0 0
DAYS >= TRACE 0 0.0 0.0 0
DAYS >= 1.0 0 0.0 0.0 0
GREATEST
24 HR TOTAL MM 0.0
DEGREE DAYS
HEATING TOTAL 0 3 -3 0
SINCE 7/1 0 0 0 MM
COOLING TOTAL 283 256 27 296
SINCE 1/1 407 482 -75 MM
................................................................
WIND (MPH)
AVERAGE WIND SPEED 5.5
HIGHEST WIND SPEED/DIRECTION 33/220 DATE 07/13
HIGHEST GUST SPEED/DIRECTION 47/200 DATE 07/13
SKY COVER
AVERAGE SKY COVER 0.62
AVERAGE RH (PERCENT) 69
WEATHER CONDITIONS. NUMBER OF DAYS WITH
THUNDERSTORM 13 MIXED PRECIP 0
HEAVY RAIN 5 RAIN 5
LIGHT RAIN 17 FREEZING RAIN 0
LT FREEZING RAIN 0 HAIL 0
HEAVY SNOW 0 SNOW 0
LIGHT SNOW 0 SLEET 0
FOG 17 FOG W/VIS <= 1/4 MILE 1
HAZE 11
- INDICATES NEGATIVE NUMBERS.
R INDICATES RECORD WAS SET OR TIED.
MM INDICATES DATA IS MISSING.
T INDICATES TRACE AMOUNT.
$$