000
CXUS53 KAPX 010730
CF6PLN
PRELIMINARY LOCAL CLIMATOLOGICAL DATA (WS FORM: F-6)
STATION: PELLSTON
MONTH: APRIL
YEAR: 2023
LATITUDE: 45 34 N
LONGITUDE: 84 48 W
TEMPERATURE IN F: :PCPN: SNOW: WIND :SUNSHINE: SKY :PK WND
================================================================================
1 2 3 4 5 6A 6B 7 8 9 10 11 12 13 14 15 16 17 18
12Z AVG MX 2MIN
DY MAX MIN AVG DEP HDD CDD WTR SNW DPTH SPD SPD DIR MIN PSBL S-S WX SPD DR
================================================================================
1 35 23 29 -4 36 0 0.67 M M 13.6 23 30 M M 6 1 47 90
2 42 12 27 -7 38 0 0.00 M M 5.2 13 140 M M 5 22 180
3 50 30 40 6 25 0 T M M 10.5 24 210 M M 1 37 230
4 41 26 34 -1 31 0 0.07 M M 12.7 26 100 M M 8 136 42 90
5 51 33 42 7 23 0 0.64 M M 14.9 33 80 M M 8 136 44 240
6 42 28 35 0 30 0 0.00 M M 18.1 30 270 M M 8 49 280
7 39 19 29 -7 36 0 0.00 M M 6.9 25 300 M M 3 34 310
8 44 19 32 -4 33 0 0.00 M M 2.7 9 160 M M 6 14 200
9 64 21 43 6 22 0 0.00 M M 4.6 15 220 M M 1 12 24 280
10 68 53 61 24 4 0 0.00 M M 13.3 28 240 M M 2 39 240
11 69 54 62 24 3 0 0.00 M M 11.5 21 270 M M 0 32 250
12 79 60 70 32 0 5 0.00 M M 13.6 25 250 M M 0 48 250
13 81 47 64 26 1 0 0.00 M M 9.3 20 250 M M 0 30 240
14 82 38 60 21 5 0 0.00 M M 3.6 14 70 M M 0 1 20 40
15 85 40 63 24 2 0 T M M 2.9 20 30 M M 3 25 30
16 76 43 60 20 5 0 1.28 M M 6.2 18 210 M M 8 13 31 220
17 44 31 38 -2 27 0 0.03 M M 8.8 22 310 M M 10 1 33 290
18 34 29 32 -8 33 0 0.08 M M 15.6 25 290 M M 10 18 37 300
19 44 33 39 -2 26 0 0.16 M M 4.9 14 310 M M 8 1 19 320
20 42 36 39 -2 26 0 0.20 M M 13.8 24 100 M M 10 13 35 100
21 57 40 49 7 16 0 T M M 7.0 18 250 M M 5 1 29 280
22 50 35 43 1 22 0 0.23 M M 3.5 14 280 M M 10 1 18 270
23 40 32 36 -7 29 0 0.12 M M 8.7 16 280 M M 10 18 25 250
24 43 28 36 -7 29 0 T M M 8.3 17 300 M M 9 1 25 300
25 46 30 38 -6 27 0 0.01 M M 9.2 18 320 M M 10 1 27 310
26 46 27 37 -7 28 0 T M M 5.3 13 320 M M 9 17 290
27 54 22 38 -6 27 0 T M M 3.1 14 190 M M 7 20 210
28 63 36 50 5 15 0 0.00 M M 5.8 20 100 M M 4 27 100
29 54 40 47 2 18 0 0.48 M M 5.9 14 90 M M 9 1 19 90
30 48 38 43 -3 22 0 0.15 M M 5.2 12 340 M M 9 1 17 260
================================================================================
SM 1613 1003 639 5 4.12 M 254.7 M 179
================================================================================
AV 53.8 33.4 8.5 FASTST M M 6 MAX(MPH)
MISC ----> 33 80 49 280
================================================================================
NOTES:
# LAST OF SEVERAL OCCURRENCES
COLUMN 17 PEAK WIND IN M.P.H.
PRELIMINARY LOCAL CLIMATOLOGICAL DATA (WS FORM: F-6) , PAGE 2
STATION: PELLSTON
MONTH: APRIL
YEAR: 2023
LATITUDE: 45 34 N
LONGITUDE: 84 48 W
[TEMPERATURE DATA] [PRECIPITATION DATA] SYMBOLS USED IN COLUMN 16
AVERAGE MONTHLY: 43.6 TOTAL FOR MONTH: 4.12 1 = FOG OR MIST
DPTR FM NORMAL: 4.1 DPTR FM NORMAL: 1.68 2 = FOG REDUCING VISIBILITY
HIGHEST: 85 ON 15 GRTST 24HR 1.29 ON 16-17 TO 1/4 MILE OR LESS
LOWEST: 12 ON 2 3 = THUNDER
SNOW, ICE PELLETS, HAIL 4 = ICE PELLETS
TOTAL MONTH: M 5 = HAIL
GRTST 24HR M ON M 6 = FREEZING RAIN OR DRIZZLE
GRTST DEPTH: M ON M 7 = DUSTSTORM OR SANDSTORM:
VSBY 1/2 MILE OR LESS
8 = SMOKE OR HAZE
[NO. OF DAYS WITH] [WEATHER - DAYS WITH] 9 = BLOWING SNOW
X = TORNADO
MAX 32 OR BELOW: 0 0.01 INCH OR MORE: 13
MAX 90 OR ABOVE: 0 0.10 INCH OR MORE: 9
MIN 32 OR BELOW: 15 0.50 INCH OR MORE: 3
MIN 0 OR BELOW: 0 1.00 INCH OR MORE: 1
[HDD (BASE 65) ]
TOTAL THIS MO. 639 CLEAR (SCALE 0-3) 7
DPTR FM NORMAL -128 PTCLDY (SCALE 4-7) 12
TOTAL FM JUL 1 6863 CLOUDY (SCALE 8-10) 11
DPTR FM NORMAL -976
[CDD (BASE 65) ]
TOTAL THIS MO. 5
DPTR FM NORMAL 4 [PRESSURE DATA]
TOTAL FM JAN 1 5 HIGHEST SLP 30.64 ON 7
DPTR FM NORMAL 4 LOWEST SLP 29.22 ON 1
[REMARKS]
#FINAL-04-23#