000
CXUS56 KLOX 011155
CF6PMD
PRELIMINARY LOCAL CLIMATOLOGICAL DATA (WS FORM: F-6)
STATION: PALMDALE AIRPORT CA
MONTH: JULY
YEAR: 2021
LATITUDE: 34 37 N
LONGITUDE: 118 5 W
TEMPERATURE IN F: :PCPN: SNOW: WIND :SUNSHINE: SKY :PK WND
================================================================================
1 2 3 4 5 6A 6B 7 8 9 10 11 12 13 14 15 16 17 18
12Z AVG MX 2MIN
DY MAX MIN AVG DEP HDD CDD WTR SNW DPTH SPD SPD DIR MIN PSBL S-S WX SPD DR
================================================================================
1 100 67 84 4 0 19 0.00 M M 12.2 23 200 M M 0 29 230
2 98 72 85 5 0 20 0.00 M M 15.0 29 210 M M 0 36 210
3 101 74 88 7 0 23 0.00 M M 11.3 25 240 M M 0 31 230
4 97 70 84 3 0 19 0.00 M M 14.6 28 200 M M 0 34 220
5 98 71 85 4 0 20 0.00 M M 12.8 25 230 M M 0 30 230
6 102 70 86 5 0 21 0.00 M M 11.0 23 270 M M 0 29 280
7 105 69 87 5 0 22 0.00 M M 9.3 26 220 M M 0 31 230
8 105 78 92 10 0 27 0.00 M M 12.1 25 210 M M 0 31 230
9 106 78 92 10 0 27 0.00 M M 10.4 24 260 M M 0 28 270
10 112 78 95 13 0 30 0.00 M M 11.8 24 250 M M 0 31 260
11 111 81 96 14 0 31 0.00 M M 12.5 23 210 M M 0 29 250
12 107 78 93 11 0 28 0.00 M M 13.5 24 220 M M 0 29 200
13 104 77 91 8 0 26 0.00 M M 10.7 31 220 M M 0 36 210
14 99 72 86 3 0 21 0.00 M M 14.2 31 200 M M 0 37 210
15 96 72 84 1 0 19 0.00 M M 12.3 30 230 M M 0 35 220
16 96 72 84 1 0 19 0.00 M M 13.4 30 210 M M 0 36 210
17 101 75 88 5 0 23 T M M 11.1 24 210 M M 0 29 210
18 100 77 89 6 0 24 T M M 8.4 25 210 M M 2 3 29 220
19 100 74 87 4 0 22 0.00 M M 11.2 28 250 M M 1 3 32 250
20 102 73 88 5 0 23 0.00 M M 11.9 25 230 M M 0 33 240
21 102 73 88 5 0 23 0.00 M M 10.0 26 250 M M 0 32 260
22 101 76 89 6 0 24 0.00 M M 12.2 29 250 M M 0 34 240
23 98 74 86 3 0 21 0.00 M M 12.1 29 240 M M 0 38 240
24 99 74 87 3 0 22 0.00 M M 14.4 29 200 M M 0 35 200
25 98 75 87 3 0 22 0.00 M M 14.3 31 210 M M 0 39 220
26 89 74 82 -2 0 17 T M M 5.5 18 80 M M 2 8 22 80
27 98 69 84 0 0 19 0.00 M M 8.3 26 240 M M 0 32 260
28 100 72 86 2 0 21 0.00 M M 10.1 26 220 M M 0 31 220
29 103 73 88 5 0 23 0.00 M M 10.3 28 220 M M 0 33 210
30 101 74 88 5 0 23 0.00 M M 8.9 25 240 M M 0 30 250
31 100 70 85 2 0 20 0.00 M M 8.8 26 240 M M 0 31 230
================================================================================
SM 3129 2282 0 699 T M 354.6 M 5
================================================================================
AV100.9 73.6 11.4 FASTST M M 0 MAX(MPH)
MISC ----> # 31 220 39 220
================================================================================
NOTES:
# LAST OF SEVERAL OCCURRENCES
COLUMN 17 PEAK WIND IN M.P.H.
PRELIMINARY LOCAL CLIMATOLOGICAL DATA (WS FORM: F-6) , PAGE 2
STATION: PALMDALE AIRPORT CA
MONTH: JULY
YEAR: 2021
LATITUDE: 34 37 N
LONGITUDE: 118 5 W
[TEMPERATURE DATA] [PRECIPITATION DATA] SYMBOLS USED IN COLUMN 16
AVERAGE MONTHLY: 87.3 TOTAL FOR MONTH: T 1 = FOG OR MIST
DPTR FM NORMAL: 4.8 DPTR FM NORMAL: -0.11 2 = FOG REDUCING VISIBILITY
HIGHEST: 112 ON 10 GRTST 24HR T ON 17-17 TO 1/4 MILE OR LESS
LOWEST: 67 ON 1 3 = THUNDER
SNOW, ICE PELLETS, HAIL 4 = ICE PELLETS
TOTAL MONTH: M 5 = HAIL
GRTST 24HR M ON M 6 = FREEZING RAIN OR DRIZZLE
GRTST DEPTH: M ON M 7 = DUSTSTORM OR SANDSTORM:
VSBY 1/2 MILE OR LESS
8 = SMOKE OR HAZE
[NO. OF DAYS WITH] [WEATHER - DAYS WITH] 9 = BLOWING SNOW
X = TORNADO
MAX 32 OR BELOW: 0 0.01 INCH OR MORE: 0
MAX 90 OR ABOVE: 30 0.10 INCH OR MORE: 0
MIN 32 OR BELOW: 0 0.50 INCH OR MORE: 0
MIN 0 OR BELOW: 0 1.00 INCH OR MORE: 0
[HDD (BASE 65) ]
TOTAL THIS MO. 0 CLEAR (SCALE 0-3) 31
DPTR FM NORMAL 0 PTCLDY (SCALE 4-7) 0
TOTAL FM JUL 1 0 CLOUDY (SCALE 8-10) 0
DPTR FM NORMAL 0
[CDD (BASE 65) ]
TOTAL THIS MO. 699
DPTR FM NORMAL 157 [PRESSURE DATA]
TOTAL FM JAN 1 1434 HIGHEST SLP 30.03 ON 31
DPTR FM NORMAL 400 LOWEST SLP 29.70 ON 7
[REMARKS]
#FINAL-07-21#