000
CXUS56 KLOX 011655
CF6PMD
PRELIMINARY LOCAL CLIMATOLOGICAL DATA (WS FORM: F-6)
STATION: PALMDALE AIRPORT CA
MONTH: MARCH
YEAR: 2020
LATITUDE: 34 37 N
LONGITUDE: 118 5 W
TEMPERATURE IN F: :PCPN: SNOW: WIND :SUNSHINE: SKY :PK WND
================================================================================
1 2 3 4 5 6A 6B 7 8 9 10 11 12 13 14 15 16 17 18
12Z AVG MX 2MIN
DY MAX MIN AVG DEP HDD CDD WTR SNW DPTH SPD SPD DIR MIN PSBL S-S WX SPD DR
================================================================================
1 57 41 49 -2 16 0 0.03 M 0 17.6 31 210 M M 2 37 240
2 61 36 49 -2 16 0 0.00 0.0 0 13.9 30 30 M M 5 39 40
3 72 31 52 1 13 0 0.00 0.0 0 5.1 17 110 M M 0 20 110
4 77 37 57 5 8 0 0.00 0.0 0 5.4 16 220 M M 0 19 230
5 77 39 58 6 7 0 0.00 0.0 0 3.2 9 210 M M 0 12 30
6 75 41 58 6 7 0 0.00 0.0 0 7.5 23 210 M M 0 29 220
7 59 45 52 0 13 0 0.00 0.0 0 15.9 30 190 M M 1 37 190
8 59 38 49 -3 16 0 0.00 0.0 0 13.1 25 220 M M 1 30 200
9 64 36 50 -2 15 0 T M 0 5.2 13 220 M M 1 16 40
10 63 46 55 3 10 0 0.30 M 0 7.9 24 80 M M 8 13 30 70
11 66 46 56 4 9 0 0.00 0.0 0 4.8 10 190 M M 6 12 19 320
12 53 40 47 -6 18 0 1.49 M 0 6.6 21 160 M M 7 1 23 160
13 59 45 52 -1 13 0 0.47 M 0 16.7 32 210 M M 6 1 39 240
14 57 48 53 0 12 0 0.00 0.0 0 11.0 21 220 M M 10 27 220
15 57 44 51 -2 14 0 T M 0 15.5 32 210 M M 2 37 210
16 60 38 49 -4 16 0 0.02 M 0 13.4 32 190 M M 6 40 180
17 51 34 43 -10 22 0 T M 0 11.6 22 230 M M 2 25 230
18 56 29 43 -10 22 0 0.00 0.0 0 9.1 28 280 M M 0 33 280
19 54 38 46 -7 19 0 0.00 0.0 0 12.8 25 220 M M 2 33 220
20 55 34 45 -8 20 0 0.00 0.0 0 4.1 10 30 M M 7 M M
21 60 43 52 -2 13 0 T M 0 5.3 15 240 M M 7 18 240
22 62 37 50 -4 15 0 0.45 M 0 4.6 17 200 M M 4 1 20 190
23 59 45 52 -2 13 0 0.03 M 0 16.8 26 230 M M 5 1 31 230
24 58 46 52 -2 13 0 0.00 0.0 0 16.4 28 210 M M 3 33 210
25 56 41 49 -5 16 0 T M 0 14.5 26 220 M M 5 31 220
26 54 36 45 -9 20 0 0.00 0.0 0 15.4 26 220 M M 3 30 220
27 56 34 45 -9 20 0 T M 0 12.8 31 290 M M 1 36 290
28 61 33 47 -7 18 0 0.00 0.0 0 7.8 21 240 M M 0 24 240
29 59 42 51 -3 14 0 0.00 M 0 15.8 30 280 M M 2 36 280
30 72 36 54 0 11 0 0.00 0.0 0 6.8 22 290 M M 0 26 280
31 73 39 56 1 9 0 0.00 0.0 0 7.0 25 280 M M 0 30 280
================================================================================
SM 1902 1218 448 0 2.79 0.0 323.6 M 96
================================================================================
AV 61.4 39.3 10.4 FASTST M M 3 MAX(MPH)
MISC ----> # 32 210 # 40 180
================================================================================
NOTES:
# LAST OF SEVERAL OCCURRENCES
COLUMN 17 PEAK WIND IN M.P.H.
PRELIMINARY LOCAL CLIMATOLOGICAL DATA (WS FORM: F-6) , PAGE 2
STATION: PALMDALE AIRPORT CA
MONTH: MARCH
YEAR: 2020
LATITUDE: 34 37 N
LONGITUDE: 118 5 W
[TEMPERATURE DATA] [PRECIPITATION DATA] SYMBOLS USED IN COLUMN 16
AVERAGE MONTHLY: 50.3 TOTAL FOR MONTH: 2.79 1 = FOG OR MIST
DPTR FM NORMAL: -2.7 DPTR FM NORMAL: 1.57 2 = FOG REDUCING VISIBILITY
HIGHEST: 77 ON 5, 4 GRTST 24HR 1.49 ON 12-12 TO 1/4 MILE OR LESS
LOWEST: 29 ON 18 3 = THUNDER
SNOW, ICE PELLETS, HAIL 4 = ICE PELLETS
TOTAL MONTH: 0.0 INCH 5 = HAIL
GRTST 24HR 0.0 6 = FREEZING RAIN OR DRIZZLE
GRTST DEPTH: 0 7 = DUSTSTORM OR SANDSTORM:
VSBY 1/2 MILE OR LESS
8 = SMOKE OR HAZE
[NO. OF DAYS WITH] [WEATHER - DAYS WITH] 9 = BLOWING SNOW
X = TORNADO
MAX 32 OR BELOW: 0 0.01 INCH OR MORE: 7
MAX 90 OR ABOVE: 0 0.10 INCH OR MORE: 4
MIN 32 OR BELOW: 2 0.50 INCH OR MORE: 1
MIN 0 OR BELOW: 0 1.00 INCH OR MORE: 1
[HDD (BASE 65) ]
TOTAL THIS MO. 448 CLEAR (SCALE 0-3) 19
DPTR FM NORMAL 72 PTCLDY (SCALE 4-7) 11
TOTAL FM JUL 1 2528 CLOUDY (SCALE 8-10) 1
DPTR FM NORMAL -93
[CDD (BASE 65) ]
TOTAL THIS MO. 0
DPTR FM NORMAL -2 [PRESSURE DATA]
TOTAL FM JAN 1 0 HIGHEST SLP 30.24 ON 30
DPTR FM NORMAL -2 LOWEST SLP 29.72 ON 18
[REMARKS]
#FINAL-03-20#