000
CXUS54 KFWD 010730
CF6PRX
PRELIMINARY LOCAL CLIMATOLOGICAL DATA (WS FORM: F-6)
STATION: PARIS
MONTH: JUNE
YEAR: 2021
LATITUDE: 33 37 N
LONGITUDE: 95 27 W
TEMPERATURE IN F: :PCPN: SNOW: WIND :SUNSHINE: SKY :PK WND
================================================================================
1 2 3 4 5 6A 6B 7 8 9 10 11 12 13 14 15 16 17 18
12Z AVG MX 2MIN
DY MAX MIN AVG DEP HDD CDD WTR SNW DPTH SPD SPD DIR MIN PSBL S-S WX SPD DR
================================================================================
1 76 64 70 -7 0 5 0.98 M M 8.0 16 220 M M 10 1 20 220
2 75 62 69 -8 0 4 0.00 M M 6.8 12 300 M M 7 M M
3 82 59 71 -6 0 6 0.00 M M 4.1 7 20 M M 0 M M
4 84 64 74 -4 0 9 0.00 M M 5.8 12 150 M M 2 17 140
5 83 64 74 -4 0 9 1.14 M M 6.2 18 270 M M 6 138 28 250
6 86 65 76 -2 0 11 0.25 M M 7.1 15 50 M M 4 13 M M
7 79 68 74 -4 0 9 0.75 M M 7.1 17 300 M M 7 13 22 250
8 85 69 77 -2 0 12 0.00 M M 7.5 15 170 M M 7 1 17 200
9 90 74 82 3 0 17 0.00 M M 8.5 17 190 M M 6 1 22 210
10 89 76 83 4 0 18 0.00 M M 9.0 15 190 M M 5 20 210
11 90 74 82 2 0 17 0.00 M M 9.8 14 180 M M 5 M M
12 92 69 81 1 0 16 0.02 M M 6.6 20 340 M M 2 31 350
13 96 74 85 5 0 20 0.00 M M 5.3 10 30 M M 1 M M
14 93 76 85 5 0 20 0.00 M M 5.6 12 80 M M 1 M M
15 94 72 83 3 0 18 0.00 M M 3.5 8 50 M M 0 M M
16 97 70 84 3 0 19 0.00 M M 2.0 8 210 M M 0 M M
17 97 73 85 4 0 20 0.00 M M 3.2 9 160 M M 1 M M
18 92 72 82 1 0 17 0.00 M M 6.2 13 100 M M 2 M M
19 93 68 81 0 0 16 0.00 M M 5.9 10 160 M M 0 16 160
20 94 70 82 1 0 17 0.00 M M 9.9 17 170 M M 1 22 200
21 91 75 83 1 0 18 0.62 M M 9.3 30 340 M M 6 13 41 340
22 M M M M M M 0.00 M M 8.5 16 80 M M 0 21 90
23 M M M M M M 0.00 M M 9.7 14 170 M M 5 20 170
24 M M M M M M 0.00 M M 10.6 15 170 M M 3 23 200
25 M M M M M M 0.00 M M 11.7 20 190 M M 5 25 190
26 M M M M M M 0.00 M M 11.3 18 160 M M 4 24 150
27 M M M M M M 1.31 M M 8.8 22 170 M M 3 3 32 170
28 M M M M M M 0.17 M M 8.4 16 120 M M 5 31 110
29 M M M M M M 0.00 M M 8.3 13 150 M M 7 M M
30 M M M M M M 0.00 M M 3.9 9 240 M M 2 M M
================================================================================
SM 1858 1458 0 298 5.24 M 218.5 M 107
================================================================================
AV 88.5 69.4 7.3 FASTST M M 4 MAX(MPH)
MISC ----> 30 340 41 340
================================================================================
NOTES:
# LAST OF SEVERAL OCCURRENCES
COLUMN 17 PEAK WIND IN M.P.H.
PRELIMINARY LOCAL CLIMATOLOGICAL DATA (WS FORM: F-6) , PAGE 2
STATION: PARIS
MONTH: JUNE
YEAR: 2021
LATITUDE: 33 37 N
LONGITUDE: 95 27 W
[TEMPERATURE DATA] [PRECIPITATION DATA] SYMBOLS USED IN COLUMN 16
AVERAGE MONTHLY: 79.0 TOTAL FOR MONTH: 5.24 1 = FOG OR MIST
DPTR FM NORMAL: -1.3 DPTR FM NORMAL: 1.07 2 = FOG REDUCING VISIBILITY
HIGHEST: 97 ON 17,16 GRTST 24HR 1.73 ON 31- 1 TO 1/4 MILE OR LESS
LOWEST: 59 ON 3 3 = THUNDER
SNOW, ICE PELLETS, HAIL 4 = ICE PELLETS
TOTAL MONTH: M 5 = HAIL
GRTST 24HR M ON M 6 = FREEZING RAIN OR DRIZZLE
GRTST DEPTH: M ON M 7 = DUSTSTORM OR SANDSTORM:
VSBY 1/2 MILE OR LESS
8 = SMOKE OR HAZE
[NO. OF DAYS WITH] [WEATHER - DAYS WITH] 9 = BLOWING SNOW
X = TORNADO
MAX 32 OR BELOW: 0 0.01 INCH OR MORE: 8
MAX 90 OR ABOVE: 12 0.10 INCH OR MORE: 7
MIN 32 OR BELOW: 0 0.50 INCH OR MORE: 5
MIN 0 OR BELOW: 0 1.00 INCH OR MORE: 2
[HDD (BASE 65) ]
TOTAL THIS MO. 0 CLEAR (SCALE 0-3) 14
DPTR FM NORMAL -1 PTCLDY (SCALE 4-7) 15
TOTAL FM JUL 1 2800 CLOUDY (SCALE 8-10) 1
DPTR FM NORMAL 110
[CDD (BASE 65) ]
TOTAL THIS MO. 298
DPTR FM NORMAL -162 [PRESSURE DATA]
TOTAL FM JAN 1 506 HIGHEST SLP 30.11 ON 1
DPTR FM NORMAL -311 LOWEST SLP 29.75 ON 20
[REMARKS]
#FINAL-06-21#