312
CXUS54 KFWD 010831
CF6PRX
PRELIMINARY LOCAL CLIMATOLOGICAL DATA (WS FORM: F-6)
STATION: PARIS
MONTH: JANUARY
YEAR: 2021
LATITUDE: 33 37 N
LONGITUDE: 95 27 W
TEMPERATURE IN F: :PCPN: SNOW: WIND :SUNSHINE: SKY :PK WND
================================================================================
1 2 3 4 5 6A 6B 7 8 9 10 11 12 13 14 15 16 17 18
12Z AVG MX 2MIN
DY MAX MIN AVG DEP HDD CDD WTR SNW DPTH SPD SPD DIR MIN PSBL S-S WX SPD DR
================================================================================
1 44 36 40 -3 25 0 0.03 M M 11.3 16 190 M M 10 1 23 190
2 49 34 42 -1 23 0 T M M 7.3 15 320 M M 6 M M
3 62 30 46 3 19 0 0.00 M M 8.6 17 220 M M 0 20 170
4 65 36 51 8 14 0 0.00 M M 6.3 12 350 M M 0 M M
5 62 33 48 5 17 0 0.00 M M 8.1 13 130 M M 0 M M
6 49 42 46 3 19 0 0.62 M M 11.3 18 120 M M 10 13 23 120
7 45 36 41 -2 24 0 0.01 M M 11.1 17 350 M M 10 23 350
8 43 28 36 -7 29 0 0.00 M M 9.1 15 330 M M 6 20 330
9 46 25 36 -7 29 0 0.00 M M 6.1 10 20 M M 0 M M
10 36 30 33 -10 32 0 T M M 6.7 10 340 M M 7 1 M M
11 47 27 37 -6 28 0 T M M 4.8 9 360 M M 3 1 M M
12 52 23 38 -5 27 0 0.00 M M 4.6 13 230 M M 0 16 220
13 59 27 43 0 22 0 0.00 M M 8.2 15 200 M M 0 1 M M
14 61 34 48 5 17 0 0.00 M M 12.0 24 330 M M 0 36 340
15 50 33 42 -1 23 0 0.00 M M 16.0 26 300 M M 1 37 310
16 52 30 41 -2 24 0 0.00 M M 8.2 15 300 M M 0 M M
17 55 35 45 2 20 0 0.00 M M 9.2 16 300 M M 3 21 290
18 65 29 47 4 18 0 0.11 M M 8.0 16 190 M M 4 23 190
19 57 45 51 8 14 0 0.10 M M 9.7 14 360 M M 10 M M
20 47 40 44 1 21 0 0.14 M M 5.6 15 10 M M 10 1 M M
21 52 44 48 5 17 0 0.01 M M 4.7 8 20 M M 10 1 M M
22 52 45 49 6 16 0 0.00 M M 6.6 15 60 M M 10 1 M M
23 52 43 48 5 17 0 0.06 M M 10.6 14 120 M M 10 1 M M
24 55 44 50 7 15 0 0.34 M M 8.3 15 110 M M 10 1238 M M
25 66 46 56 12 9 0 0.57 M M 11.2 21 150 M M 5 13 30 280
26 56 35 46 2 19 0 0.00 M M 9.1 15 320 M M 2 M M
27 45 30 38 -6 27 0 0.04 M M 11.9 22 300 M M 3 30 300
28 46 24 35 -9 30 0 0.00 M M 6.0 10 80 M M 0 M M
29 59 30 45 1 20 0 0.00 M M 8.1 14 140 M M 0 M M
30 71 44 58 14 7 0 0.07 M M 14.1 25 240 M M 6 18 43 230
31 55 39 47 3 18 0 0.00 M M 17.8 28 330 M M 4 36 340
================================================================================
SM 1655 1077 640 0 2.10 M 280.5 M 140
================================================================================
AV 53.4 34.7 9.0 FASTST M M 5 MAX(MPH)
MISC ----> 28 330 43 230
================================================================================
NOTES:
# LAST OF SEVERAL OCCURRENCES
COLUMN 17 PEAK WIND IN M.P.H.
PRELIMINARY LOCAL CLIMATOLOGICAL DATA (WS FORM: F-6) , PAGE 2
STATION: PARIS
MONTH: JANUARY
YEAR: 2021
LATITUDE: 33 37 N
LONGITUDE: 95 27 W
[TEMPERATURE DATA] [PRECIPITATION DATA] SYMBOLS USED IN COLUMN 16
AVERAGE MONTHLY: 44.1 TOTAL FOR MONTH: 2.10 1 = FOG OR MIST
DPTR FM NORMAL: 1.1 DPTR FM NORMAL: -0.60 2 = FOG REDUCING VISIBILITY
HIGHEST: 71 ON 30 GRTST 24HR 2.15 ON 31- 1 TO 1/4 MILE OR LESS
LOWEST: 23 ON 12 3 = THUNDER
SNOW, ICE PELLETS, HAIL 4 = ICE PELLETS
TOTAL MONTH: M 5 = HAIL
GRTST 24HR M ON M 6 = FREEZING RAIN OR DRIZZLE
GRTST DEPTH: M ON M 7 = DUSTSTORM OR SANDSTORM:
VSBY 1/2 MILE OR LESS
8 = SMOKE OR HAZE
[NO. OF DAYS WITH] [WEATHER - DAYS WITH] 9 = BLOWING SNOW
X = TORNADO
MAX 32 OR BELOW: 0 0.01 INCH OR MORE: 12
MAX 90 OR ABOVE: 0 0.10 INCH OR MORE: 6
MIN 32 OR BELOW: 12 0.50 INCH OR MORE: 2
MIN 0 OR BELOW: 0 1.00 INCH OR MORE: 0
[HDD (BASE 65) ]
TOTAL THIS MO. 640 CLEAR (SCALE 0-3) 15
DPTR FM NORMAL -41 PTCLDY (SCALE 4-7) 7
TOTAL FM JUL 1 1629 CLOUDY (SCALE 8-10) 9
DPTR FM NORMAL -111
[CDD (BASE 65) ]
TOTAL THIS MO. 0
DPTR FM NORMAL -1 [PRESSURE DATA]
TOTAL FM JAN 1 0 HIGHEST SLP 30.70 ON 28
DPTR FM NORMAL -1 LOWEST SLP 29.59 ON 25
[REMARKS]
#FINAL-01-21#