000
CXUS54 KFWD 010833
CF6PRX
PRELIMINARY LOCAL CLIMATOLOGICAL DATA (WS FORM: F-6)
STATION: PARIS
MONTH: DECEMBER
YEAR: 2023
LATITUDE: 33 37 N
LONGITUDE: 95 27 W
TEMPERATURE IN F: :PCPN: SNOW: WIND :SUNSHINE: SKY :PK WND
================================================================================
1 2 3 4 5 6A 6B 7 8 9 10 11 12 13 14 15 16 17 18
12Z AVG MX 2MIN
DY MAX MIN AVG DEP HDD CDD WTR SNW DPTH SPD SPD DIR MIN PSBL S-S WX SPD DR
================================================================================
1 54 38 46 -2 19 0 0.00 M M 6.9 13 330 M M 4 12 M M
2 58 36 47 -1 18 0 0.00 M M 4.7 9 130 M M 6 12 M M
3 68 34 51 3 14 0 0.00 M M 8.2 20 230 M M 0 12 28 230
4 60 39 50 3 15 0 0.00 M M 7.0 14 330 M M 0 M M
5 65 35 50 3 15 0 0.00 M M 5.1 10 330 M M 0 M M
6 62 35 49 2 16 0 0.00 M M 7.2 16 120 M M 0 8 20 120
7 68 37 53 7 12 0 0.00 M M 11.9 22 200 M M 2 31 200
8 76 51 64 18 1 0 0.00 M M 11.6 24 190 M M 5 1 30 190
9 65 42 54 8 11 0 0.00 M M 13.2 20 340 M M 3 28 330
10 52 32 42 -4 23 0 0.00 M M 7.3 13 320 M M 0 M M
11 63 28 46 1 19 0 0.00 M M 6.1 10 160 M M 0 M M
12 62 35 49 4 16 0 0.00 M M 7.0 13 120 M M 0 M M
13 57 38 48 3 17 0 0.00 M M 8.9 14 80 M M 1 M M
14 65 42 54 9 11 0 0.00 M M 11.6 16 120 M M 0 20 90
15 54 46 50 6 15 0 0.66 M M 7.4 16 110 M M 8 1 M M
16 52 36 44 0 21 0 0.00 M M 6.9 17 330 M M 4 12 M M
17 66 31 49 5 16 0 0.00 M M 3.9 10 210 M M 0 M M
18 60 37 49 5 16 0 0.00 M M 11.2 20 360 M M 0 25 360
19 52 29 41 -3 24 0 0.00 M M 9.7 17 130 M M 0 M M
20 65 37 51 7 14 0 0.00 M M 9.2 14 120 M M 3 M M
21 54 46 50 6 15 0 0.01 M M 7.6 12 110 M M 10 M M
22 61 51 56 13 9 0 0.14 M M 6.1 9 110 M M 10 12 M M
23 62 55 59 16 6 0 0.01 M M 8.4 17 120 M M 9 12 M M
24 62 48 55 12 10 0 1.19 M M 11.4 20 130 M M 10 1 25 300
25 49 33 41 -2 24 0 0.00 M M 11.4 20 310 M M 6 29 290
26 56 25 41 -2 24 0 0.00 M M 6.5 16 190 M M 1 21 190
27 49 32 41 -2 24 0 0.00 M M 9.3 18 290 M M 1 25 310
28 46 31 39 -4 26 0 M M M 9.8 17 340 M M 6 20 330
29 52 31 42 -1 23 0 0.00 M M 9.8 15 280 M M 0 M M
30 62 27 45 2 20 0 0.00 M M 6.3 13 220 M M 0 M M
31 60 34 47 4 18 0 0.00 M M 7.7 17 340 M M 0 M M
================================================================================
SM 1837 1151 512 0 2.01 M 259.4 M 89
================================================================================
AV 59.3 37.1 8.4 FASTST M M 3 MAX(MPH)
MISC ----> 24 190 31 200
================================================================================
NOTES:
# LAST OF SEVERAL OCCURRENCES
COLUMN 17 PEAK WIND IN M.P.H.
PRELIMINARY LOCAL CLIMATOLOGICAL DATA (WS FORM: F-6) , PAGE 2
STATION: PARIS
MONTH: DECEMBER
YEAR: 2023
LATITUDE: 33 37 N
LONGITUDE: 95 27 W
[TEMPERATURE DATA] [PRECIPITATION DATA] SYMBOLS USED IN COLUMN 16
AVERAGE MONTHLY: 48.2 TOTAL FOR MONTH: 2.01 1 = FOG OR MIST
DPTR FM NORMAL: 3.5 DPTR FM NORMAL: -1.98 2 = FOG REDUCING VISIBILITY
HIGHEST: 76 ON 8 GRTST 24HR 1.19 ON 24-24 TO 1/4 MILE OR LESS
LOWEST: 25 ON 26 3 = THUNDER
SNOW, ICE PELLETS, HAIL 4 = ICE PELLETS
TOTAL MONTH: M 5 = HAIL
GRTST 24HR M ON M 6 = FREEZING RAIN OR DRIZZLE
GRTST DEPTH: M ON M 7 = DUSTSTORM OR SANDSTORM:
VSBY 1/2 MILE OR LESS
8 = SMOKE OR HAZE
[NO. OF DAYS WITH] [WEATHER - DAYS WITH] 9 = BLOWING SNOW
X = TORNADO
MAX 32 OR BELOW: 0 0.01 INCH OR MORE: 5
MAX 90 OR ABOVE: 0 0.10 INCH OR MORE: 3
MIN 32 OR BELOW: 9 0.50 INCH OR MORE: 2
MIN 0 OR BELOW: 0 1.00 INCH OR MORE: 1
[HDD (BASE 65) ]
TOTAL THIS MO. 512 CLEAR (SCALE 0-3) 18
DPTR FM NORMAL -118 PTCLDY (SCALE 4-7) 9
TOTAL FM JUL 1 931 CLOUDY (SCALE 8-10) 4
DPTR FM NORMAL -134
[CDD (BASE 65) ]
TOTAL THIS MO. 0
DPTR FM NORMAL -3 [PRESSURE DATA]
TOTAL FM JAN 1 2643 HIGHEST SLP M ON M
DPTR FM NORMAL 101 LOWEST SLP M ON M
[REMARKS]
#FINAL-12-23#