000
CXUS55 KALY 010710
CF6PSF
PRELIMINARY LOCAL CLIMATOLOGICAL DATA (WS FORM: F-6)
STATION: PITTSFIELD MA
MONTH: AUGUST
YEAR: 2021
LATITUDE: 42 25 N
LONGITUDE: 73 18 W
TEMPERATURE IN F: :PCPN: SNOW: WIND :SUNSHINE: SKY :PK WND
================================================================================
1 2 3 4 5 6A 6B 7 8 9 10 11 12 13 14 15 16 17 18
12Z AVG MX 2MIN
DY MAX MIN AVG DEP HDD CDD WTR SNW DPTH SPD SPD DIR MIN PSBL S-S WX SPD DR
================================================================================
1 76 49 63 -6 2 0 0.03 M M 5.8 18 180 M M 5 1 26 180
2 73 56 65 -4 0 0 0.07 M M 7.3 17 280 M M 6 1 23 320
3 73 48 61 -8 4 0 0.00 M M 1.9 9 260 M M 0 12 14 270
4 74 52 63 -5 2 0 0.00 M M 2.0 10 130 M M 2 1 13 120
5 74 57 66 -2 0 1 0.00 M M 2.8 9 50 M M 8 13 20
6 83 57 70 2 0 5 0.00 M M 2.7 13 280 M M 2 12 15 290
7 83 60 72 4 0 7 0.00 M M 2.9 13 230 M M 1 1 17 220
8 82 64 73 5 0 8 0.00 M M 3.0 12 170 M M 1 1 16 180
9 81 64 73 5 0 8 0.00 M M 4.2 10 120 M M 7 1 19 140
10 81 61 71 3 0 6 T M M 4.7 15 190 M M 8 12 20 200
11 88 69 79 11 0 14 T M M 6.9 14 220 M M 2 22 230
12 89 68 79 11 0 14 M M M 3.3 32 290 M M 2 1238 45 290
13 87 68 78 10 0 13 T M M 3.2 21 290 M M 6 12 28 310
14 79 57 68 0 0 3 0.04 M M 6.3 17 290 M M 3 1 23 330
15 74 52 63 -4 2 0 0.00 M M 2.6 14 270 M M 0 1 17 270
16 77 53 65 -2 0 0 0.00 M M 1.0 9 260 M M 0 11 250
17 74 57 66 -1 0 1 0.04 M M 2.0 14 190 M M 7 1 19 190
18 80 67 74 7 0 9 0.00 M M 5.1 12 160 M M 8 15 170
19 77 68 73 6 0 8 1.49 M M 6.3 17 250 M M 10 1 20 240
20 78 67 73 6 0 8 T M M 4.1 13 280 M M 10 1 16 260
21 83 68 76 10 0 11 0.00 M M 3.2 14 140 M M 6 12 18 150
22 75 67 71 5 0 6 1.55 M M 7.0 16 150 M M 9 1 26 30
23 71 65 68 2 0 3 0.79 M M 5.5 13 40 M M 10 1 18 50
24 83 64 74 8 0 9 0.00 M M 5.5 14 270 M M 4 1 17 270
25 86 61 74 8 0 9 0.00 M M 1.5 9 330 M M 2 12 11 280
26 88 63 76 10 0 11 0.00 M M 2.2 12 280 M M 3 12 14 280
27 86 66 76 11 0 11 0.00 M M 3.3 13 60 M M 3 12 16 50
28 70 61 66 1 0 1 0.06 M M 6.1 15 60 M M 10 1 20 80
29 74 60 67 2 0 2 0.00 M M 5.3 13 180 M M 10 17 220
30 83 64 74 9 0 9 0.83 M M 6.7 16 310 M M 6 123 23 310
31 76 57 67 3 0 2 0.00 M M 5.1 16 270 M M 1 12 19 270
================================================================================
SM 2458 1890 10 179 4.90 M 129.5 M 152
================================================================================
AV 79.3 61.0 4.2 FASTST M M 5 MAX(MPH)
MISC ----> 32 290 45 290
================================================================================
NOTES:
# LAST OF SEVERAL OCCURRENCES
COLUMN 17 PEAK WIND IN M.P.H.
PRELIMINARY LOCAL CLIMATOLOGICAL DATA (WS FORM: F-6) , PAGE 2
STATION: PITTSFIELD MA
MONTH: AUGUST
YEAR: 2021
LATITUDE: 42 25 N
LONGITUDE: 73 18 W
[TEMPERATURE DATA] [PRECIPITATION DATA] SYMBOLS USED IN COLUMN 16
AVERAGE MONTHLY: 70.1 TOTAL FOR MONTH: 4.90 1 = FOG OR MIST
DPTR FM NORMAL: 3.0 DPTR FM NORMAL: 1.08 2 = FOG REDUCING VISIBILITY
HIGHEST: 89 ON 12 GRTST 24HR 1.76 ON 22-23 TO 1/4 MILE OR LESS
LOWEST: 48 ON 3 3 = THUNDER
SNOW, ICE PELLETS, HAIL 4 = ICE PELLETS
TOTAL MONTH: M 5 = HAIL
GRTST 24HR M ON M 6 = FREEZING RAIN OR DRIZZLE
GRTST DEPTH: M ON M 7 = DUSTSTORM OR SANDSTORM:
VSBY 1/2 MILE OR LESS
8 = SMOKE OR HAZE
[NO. OF DAYS WITH] [WEATHER - DAYS WITH] 9 = BLOWING SNOW
X = TORNADO
MAX 32 OR BELOW: 0 0.01 INCH OR MORE: 9
MAX 90 OR ABOVE: 0 0.10 INCH OR MORE: 4
MIN 32 OR BELOW: 0 0.50 INCH OR MORE: 4
MIN 0 OR BELOW: 0 1.00 INCH OR MORE: 2
[HDD (BASE 65) ]
TOTAL THIS MO. 10 CLEAR (SCALE 0-3) 14
DPTR FM NORMAL -29 PTCLDY (SCALE 4-7) 10
TOTAL FM JUL 1 34 CLOUDY (SCALE 8-10) 7
DPTR FM NORMAL -28
[CDD (BASE 65) ]
TOTAL THIS MO. 179
DPTR FM NORMAL 77 [PRESSURE DATA]
TOTAL FM JAN 1 439 HIGHEST SLP M ON M
DPTR FM NORMAL 126 LOWEST SLP 29.64 ON 22
[REMARKS]
#FINAL-08-21#