543
CXUS56 KOTX 011010
CF6PUW
PRELIMINARY LOCAL CLIMATOLOGICAL DATA (WS FORM: F-6)
STATION: PULLMAN_MOSCOW AIRPORT
MONTH: DECEMBER
YEAR: 2020
LATITUDE: 46 44 N
LONGITUDE: 117 7 W
TEMPERATURE IN F: :PCPN: SNOW: WIND :SUNSHINE: SKY :PK WND
================================================================================
1 2 3 4 5 6A 6B 7 8 9 10 11 12 13 14 15 16 17 18
12Z AVG MX 2MIN
DY MAX MIN AVG DEP HDD CDD WTR SNW DPTH SPD SPD DIR MIN PSBL S-S WX SPD DR
================================================================================
1 39 25 32 0 33 0 0.00 M M 3.0 9 280 M M 0 14 270
2 41 27 34 2 31 0 0.00 M M 9.3 17 100 M M 0 21 100
3 44 25 35 3 30 0 0.00 M M 8.1 20 100 M M 0 23 90
4 45 25 35 4 30 0 0.00 M M 3.9 15 100 M M 0 18 100
5 43 22 33 2 32 0 0.00 M M 10.0 21 90 M M 1 128 28 100
6 32 20 26 -5 39 0 0.00 M M 3.8 13 290 M M 5 12 17 290
7 40 22 31 0 34 0 0.00 M M 9.2 20 100 M M 1 23 100
8 53 38 46 15 19 0 0.00 M M 11.4 18 130 M M 2 25 120
9 45 28 37 7 28 0 0.06 M M 6.7 20 260 M M 5 12 26 250
10 42 26 34 4 31 0 T M M 6.2 14 80 M M 3 12 18 100
11 32 20 26 -4 39 0 0.11 M M 3.9 13 250 M M 10 126 17 250
12 30 20 25 -5 40 0 T M M 5.4 16 100 M M 8 12 20 90
13 31 26 29 -1 36 0 0.07 M M 11.8 20 100 M M 7 1 24 90
14 33 29 31 1 34 0 0.06 M M 3.1 7 150 M M 10 126 9 140
15 40 27 34 4 31 0 0.04 M M 11.0 23 240 M M 9 12 29 250
16 40 36 38 8 27 0 0.16 M M 13.2 23 250 M M 7 1 29 250
17 41 37 39 9 26 0 0.04 M M 11.7 28 240 M M 9 1 34 220
18 40 34 37 7 28 0 0.03 M M 8.7 21 190 M M 5 28 190
19 47 37 42 12 23 0 0.27 M M 16.1 32 250 M M 7 1 41 250
20 49 40 45 15 20 0 0.18 M M 13.6 30 240 M M 7 1 40 250
21 51 39 45 15 20 0 0.41 M M 11.1 38 240 M M 8 1 49 240
22 40 26 33 3 32 0 0.02 M M 14.6 44 230 M M 7 1 55 230
23 35 22 29 -1 36 0 0.00 M M 6.0 18 100 M M 0 23 100
24 39 27 33 3 32 0 0.00 M M 14.6 29 100 M M 0 35 90
25 40 31 36 6 29 0 0.11 M M 13.6 22 170 M M 5 1 27 170
26 38 31 35 5 30 0 0.07 M M 7.5 18 250 M M 8 1 24 260
27 39 29 34 4 31 0 0.00 M M 8.1 15 100 M M 0 18 100
28 35 24 30 0 35 0 T M M 8.0 15 100 M M 4 12 19 100
29 28 25 27 -3 38 0 T M M 6.5 15 100 M M 9 1 18 100
30 35 27 31 1 34 0 0.30 M M 12.6 20 130 M M 10 1 24 130
31 M M M M M M 0.27 M M 8.1 17 250 M M 10 18 23 250
================================================================================
SM 1187 845 928 0 2.20 M 280.8 M 157
================================================================================
AV 39.6 28.2 9.1 FASTST M M 5 MAX(MPH)
MISC ----> 44 230 55 230
================================================================================
NOTES:
# LAST OF SEVERAL OCCURRENCES
COLUMN 17 PEAK WIND IN M.P.H.
PRELIMINARY LOCAL CLIMATOLOGICAL DATA (WS FORM: F-6) , PAGE 2
STATION: PULLMAN_MOSCOW AIRPORT
MONTH: DECEMBER
YEAR: 2020
LATITUDE: 46 44 N
LONGITUDE: 117 7 W
[TEMPERATURE DATA] [PRECIPITATION DATA] SYMBOLS USED IN COLUMN 16
AVERAGE MONTHLY: 33.9 TOTAL FOR MONTH: 2.20 1 = FOG OR MIST
DPTR FM NORMAL: 3.8 DPTR FM NORMAL: 0.63 2 = FOG REDUCING VISIBILITY
HIGHEST: 53 ON 8 GRTST 24HR 0.41 ON 21-21 TO 1/4 MILE OR LESS
LOWEST: 20 ON 12,11 3 = THUNDER
SNOW, ICE PELLETS, HAIL 4 = ICE PELLETS
TOTAL MONTH: M 5 = HAIL
GRTST 24HR M ON M 6 = FREEZING RAIN OR DRIZZLE
GRTST DEPTH: M ON M 7 = DUSTSTORM OR SANDSTORM:
VSBY 1/2 MILE OR LESS
8 = SMOKE OR HAZE
[NO. OF DAYS WITH] [WEATHER - DAYS WITH] 9 = BLOWING SNOW
X = TORNADO
MAX 32 OR BELOW: 5 0.01 INCH OR MORE: 16
MAX 90 OR ABOVE: 0 0.10 INCH OR MORE: 8
MIN 32 OR BELOW: 23 0.50 INCH OR MORE: 0
MIN 0 OR BELOW: 0 1.00 INCH OR MORE: 0
[HDD (BASE 65) ]
TOTAL THIS MO. 928 CLEAR (SCALE 0-3) 11
DPTR FM NORMAL -152 PTCLDY (SCALE 4-7) 12
TOTAL FM JUL 1 2404 CLOUDY (SCALE 8-10) 8
DPTR FM NORMAL -417
[CDD (BASE 65) ]
TOTAL THIS MO. 0
DPTR FM NORMAL 0 [PRESSURE DATA]
TOTAL FM JAN 1 291 HIGHEST SLP M ON M
DPTR FM NORMAL 78 LOWEST SLP 29.50 ON 21
[REMARKS]
#FINAL-12-20#