000
CXUS51 KBOX 021802
CF6PVD
PRELIMINARY LOCAL CLIMATOLOGICAL DATA (WS FORM: F-6)
STATION: PROVIDENCE RI
MONTH: FEBRUARY
YEAR: 2021
LATITUDE: 41 43 N
LONGITUDE: 71 26 W
TEMPERATURE IN F: :PCPN: SNOW: WIND :SUNSHINE: SKY :PK WND
================================================================================
1 2 3 4 5 6A 6B 7 8 9 10 11 12 13 14 15 16 17 18
12Z AVG MX 2MIN
DY MAX MIN AVG DEP HDD CDD WTR SNW DPTH SPD SPD DIR MIN PSBL S-S WX SPD DR
================================================================================
1 35 24 30 0 35 0 0.70 3.4 2 18.0 31 30 M M 10 14 42 20
2 38 33 36 6 29 0 0.03 T 2 19.3 32 30 M M 10 18 41 30
3 36 30 33 3 32 0 T T 1 8.7 15 310 M M 9 1 18 310
4 41 29 35 5 30 0 T T 1 8.6 17 350 M M 7 21 360
5 45 25 35 5 30 0 0.03 0.0 0 4.9 16 210 M M 6 1 23 200
6 44 28 36 5 29 0 0.00 0.0 0 10.7 26 240 M M 3 38 240
7 35 27 31 0 34 0 0.39 7.0 0 8.7 18 300 M M 8 12 26 340
8 30 15 23 -8 42 0 0.00 0.0 6 8.6 20 290 M M 1 8 24 300
9 30 13 22 -9 43 0 0.12 1.3 4 5.4 13 350 M M 8 18 16 360
10 33 17 25 -6 40 0 0.00 0.0 5 5.5 15 300 M M 5 21 290
11 33 22 28 -3 37 0 0.01 0.1 3 5.4 15 350 M M 8 1 19 320
12 32 14 23 -8 42 0 0.00 0.0 3 6.9 15 340 M M 6 20 330
13 29 22 26 -6 39 0 0.01 T 3 9.0 14 60 M M 9 146 16 50
14 37 29 33 1 32 0 0.01 T 3 6.7 10 360 M M 10 13 10
15 36 31 34 2 31 0 0.02 0.0 2 9.4 14 10 M M 10 16 17 10
16 56 32 44 12 21 0 0.60 0.0 1 8.0 25 160 M M 9 12 33 160
17 35 24 30 -2 35 0 0.00 0.0 0 9.3 22 310 M M 4 29 290
18 31 24 28 -5 37 0 0.07 0.9 0 7.2 16 10 M M 9 18 18 40
19 32 28 30 -3 35 0 0.32 3.5 1 10.8 16 40 M M 10 16 20 30
20 35 27 31 -2 34 0 T T 4 10.2 18 310 M M 8 1 24 320
21 35 20 28 -5 37 0 0.00 0.0 3 8.1 18 360 M M 1 25 350
22 43 18 31 -2 34 0 0.49 0.0 1 9.0 29 190 M M 7 1 39 190
23 46 32 39 6 26 0 T 0.0 T 10.2 18 240 M M 6 24 230
24 53 32 43 9 22 0 T 0.0 0 12.0 26 230 M M 5 35 230
25 49 35 42 8 23 0 0.00 0.0 0 15.6 28 310 M M 2 37 310
26 45 29 37 3 28 0 0.00 0.0 0 8.0 20 150 M M 3 24 160
27 52 30 41 7 24 0 0.65 0.0 0 9.5 21 170 M M 7 1 28 160
28 46 33 40 5 25 0 0.04 0.0 0 5.1 13 130 M M 7 1 17 130
================================================================================
SM 1092 723 906 0 3.49 16.2 258.8 M 188
================================================================================
AV 39.0 25.8 9.2 FASTST M M 7 MAX(MPH)
MISC ----> 32 30 42 20
================================================================================
NOTES:
# LAST OF SEVERAL OCCURRENCES
COLUMN 17 PEAK WIND IN M.P.H.
PRELIMINARY LOCAL CLIMATOLOGICAL DATA (WS FORM: F-6) , PAGE 2
STATION: PROVIDENCE RI
MONTH: FEBRUARY
YEAR: 2021
LATITUDE: 41 43 N
LONGITUDE: 71 26 W
[TEMPERATURE DATA] [PRECIPITATION DATA] SYMBOLS USED IN COLUMN 16
AVERAGE MONTHLY: 32.4 TOTAL FOR MONTH: 3.49 1 = FOG OR MIST
DPTR FM NORMAL: 0.4 DPTR FM NORMAL: 0.20 2 = FOG REDUCING VISIBILITY
HIGHEST: 56 ON 16 GRTST 24HR 0.73 ON 1- 2 TO 1/4 MILE OR LESS
LOWEST: 13 ON 9 3 = THUNDER
SNOW, ICE PELLETS, HAIL 4 = ICE PELLETS
TOTAL MONTH: 16.2 INCHES 5 = HAIL
GRTST 24HR 7.0 ON 7- 7 6 = FREEZING RAIN OR DRIZZLE
GRTST DEPTH: 6 ON 8 7 = DUSTSTORM OR SANDSTORM:
VSBY 1/2 MILE OR LESS
8 = SMOKE OR HAZE
[NO. OF DAYS WITH] [WEATHER - DAYS WITH] 9 = BLOWING SNOW
X = TORNADO
MAX 32 OR BELOW: 6 0.01 INCH OR MORE: 15
MAX 90 OR ABOVE: 0 0.10 INCH OR MORE: 7
MIN 32 OR BELOW: 25 0.50 INCH OR MORE: 3
MIN 0 OR BELOW: 0 1.00 INCH OR MORE: 0
[HDD (BASE 65) ]
TOTAL THIS MO. 906 CLEAR (SCALE 0-3) 4
DPTR FM NORMAL -19 PTCLDY (SCALE 4-7) 15
TOTAL FM JUL 1 3658 CLOUDY (SCALE 8-10) 9
DPTR FM NORMAL -405
[CDD (BASE 65) ]
TOTAL THIS MO. 0
DPTR FM NORMAL 0 [PRESSURE DATA]
TOTAL FM JAN 1 0 HIGHEST SLP 30.52 ON 18
DPTR FM NORMAL 0 LOWEST SLP 29.31 ON 3
[REMARKS]
#FINAL-02-21#