000
CXUS51 KBOX 010910
CF6PVD
PRELIMINARY LOCAL CLIMATOLOGICAL DATA (WS FORM: F-6)
STATION: PROVIDENCE RI
MONTH: NOVEMBER
YEAR: 2023
LATITUDE: 41 43 N
LONGITUDE: 71 26 W
TEMPERATURE IN F: :PCPN: SNOW: WIND :SUNSHINE: SKY :PK WND
================================================================================
1 2 3 4 5 6A 6B 7 8 9 10 11 12 13 14 15 16 17 18
12Z AVG MX 2MIN
DY MAX MIN AVG DEP HDD CDD WTR SNW DPTH SPD SPD DIR MIN PSBL S-S WX SPD DR
================================================================================
1 49 34 42 -7 23 0 0.03 0.0 0 8.1 18 360 M M 7 1 23 20
2 47 29 38 -11 27 0 0.00 0.0 0 5.6 15 260 M M 1 20 320
3 56 29 43 -5 22 0 0.00 0.0 0 6.7 21 200 M M 3 24 210
4 62 37 50 2 15 0 0.00 0.0 0 4.1 10 160 M M 7 13 240
5 65 41 53 5 12 0 T 0.0 0 5.2 14 340 M M 6 1 17 340
6 52 41 47 -1 18 0 0.00 0.0 0 5.7 13 10 M M 7 17 10
7 65 45 55 8 10 0 0.16 0.0 0 9.8 21 250 M M 6 1 26 330
8 49 36 43 -4 22 0 0.00 0.0 0 10.9 22 350 M M 4 29 320
9 43 37 40 -7 25 0 0.02 0.0 0 4.5 12 350 M M 8 1 14 340
10 51 32 42 -4 23 0 0.00 0.0 0 6.3 14 250 M M 5 19 280
11 54 33 44 -2 21 0 0.00 0.0 0 8.4 17 360 M M 2 22 290
12 44 26 35 -11 30 0 0.00 0.0 0 5.3 14 360 M M 2 18 360
13 45 21 33 -12 32 0 0.01 0.0 0 2.5 9 130 M M 4 1 12 350
14 50 31 41 -4 24 0 0.00 0.0 0 6.5 16 360 M M 5 1 20 360
15 51 26 39 -6 26 0 0.00 0.0 0 5.9 15 210 M M 5 20 240
16 64 37 51 7 14 0 0.00 0.0 0 5.4 15 250 M M 2 21 230
17 66 35 51 7 14 0 0.00 0.0 0 7.9 25 230 M M 7 12 33 210
18 56 33 45 1 20 0 0.15 0.0 0 7.6 22 350 M M 5 12 30 360
19 54 26 40 -3 25 0 0.00 0.0 0 7.6 21 300 M M 3 28 300
20 42 27 35 -8 30 0 0.00 0.0 0 7.8 18 20 M M 1 27 10
21 42 24 33 -10 32 0 0.11 0.0 0 7.5 17 140 M M 6 22 130
22 57 40 49 7 16 0 1.71 0.0 0 11.8 25 130 M M 10 1 37 140
23 53 39 46 4 19 0 0.00 0.0 0 10.0 22 300 M M 2 30 310
24 51 28 40 -2 25 0 0.00 0.0 0 10.4 22 300 M M 5 31 290
25 37 23 30 -12 35 0 0.00 0.0 0 4.7 12 350 M M 2 15 300
26 48 22 35 -6 30 0 0.18 0.0 0 5.9 18 120 M M 6 1 24 120
27 55 38 47 6 18 0 0.51 0.0 0 11.4 29 150 M M 7 1 38 150
28 40 29 35 -5 30 0 T T 0 11.9 24 280 M M 6 8 33 270
29 37 26 32 -8 33 0 0.00 0.0 0 8.4 17 260 M M 4 23 270
30 47 26 37 -3 28 0 0.00 0.0 0 8.2 17 220 M M 5 23 210
================================================================================
SM 1532 951 699 0 2.88 T 222.0 M 143
================================================================================
AV 51.1 31.7 7.4 FASTST M M 5 MAX(MPH)
MISC ----> 29 150 38 150
================================================================================
NOTES:
# LAST OF SEVERAL OCCURRENCES
COLUMN 17 PEAK WIND IN M.P.H.
PRELIMINARY LOCAL CLIMATOLOGICAL DATA (WS FORM: F-6) , PAGE 2
STATION: PROVIDENCE RI
MONTH: NOVEMBER
YEAR: 2023
LATITUDE: 41 43 N
LONGITUDE: 71 26 W
[TEMPERATURE DATA] [PRECIPITATION DATA] SYMBOLS USED IN COLUMN 16
AVERAGE MONTHLY: 41.4 TOTAL FOR MONTH: 2.88 1 = FOG OR MIST
DPTR FM NORMAL: -3.1 DPTR FM NORMAL: -1.39 2 = FOG REDUCING VISIBILITY
HIGHEST: 66 ON 17 GRTST 24HR 1.82 ON 21-22 TO 1/4 MILE OR LESS
LOWEST: 21 ON 13 3 = THUNDER
SNOW, ICE PELLETS, HAIL 4 = ICE PELLETS
TOTAL MONTH: T 5 = HAIL
GRTST 24HR T ON 28-28 6 = FREEZING RAIN OR DRIZZLE
GRTST DEPTH: 0 7 = DUSTSTORM OR SANDSTORM:
VSBY 1/2 MILE OR LESS
8 = SMOKE OR HAZE
[NO. OF DAYS WITH] [WEATHER - DAYS WITH] 9 = BLOWING SNOW
X = TORNADO
MAX 32 OR BELOW: 0 0.01 INCH OR MORE: 9
MAX 90 OR ABOVE: 0 0.10 INCH OR MORE: 6
MIN 32 OR BELOW: 16 0.50 INCH OR MORE: 2
MIN 0 OR BELOW: 0 1.00 INCH OR MORE: 1
[HDD (BASE 65) ]
TOTAL THIS MO. 699 CLEAR (SCALE 0-3) 9
DPTR FM NORMAL 84 PTCLDY (SCALE 4-7) 19
TOTAL FM JUL 1 1003 CLOUDY (SCALE 8-10) 2
DPTR FM NORMAL -24
[CDD (BASE 65) ]
TOTAL THIS MO. 0
DPTR FM NORMAL 0 [PRESSURE DATA]
TOTAL FM JAN 1 729 HIGHEST SLP 30.59 ON 21
DPTR FM NORMAL -83 LOWEST SLP 29.48 ON 27
[REMARKS]
#FINAL-11-23#