000
CXUS51 KBOX 011359
CLMPVD
CLIMATE REPORT
NATIONAL WEATHER SERVICE BOSTON/NORTON MA
959 AM EDT TUE AUG 01 2023
...................................
...THE PROVIDENCE RI CLIMATE SUMMARY FOR THE MONTH OF JULY 2023...
CLIMATE NORMAL PERIOD 1991 TO 2020
CLIMATE RECORD PERIOD 1904 TO 2023
WEATHER OBSERVED NORMAL DEPART LAST YEAR`S
VALUE DATE(S) VALUE FROM VALUE
NORMAL
..............................................................
TEMPERATURE (F)
RECORD
HIGH 102 07/06/2010
07/21/1991
LOW 48 07/01/1988
HIGHEST 89 07/06 98
07/12
07/28
LOWEST 59 07/31 58
AVG. MAXIMUM 83.3 83.6 -0.3
AVG. MINIMUM 67.0 65.2 1.8
MEAN 75.2 74.4 0.8
DAYS MAX >= 90 0 5.1 -5.1
DAYS MAX <= 32 0 0.0 0.0
DAYS MIN <= 32 0 0.0 0.0
DAYS MIN <= 0 0 0.0 0.0
PRECIPITATION (INCHES)
RECORD
MAXIMUM 10.52 2009
MINIMUM 0.32 1952
TOTALS 8.37 2.91 5.46
DAILY AVG. 0.27 0.09 0.18
DAYS >= .01 11 9.3 1.7
DAYS >= .10 9 5.5 3.5
DAYS >= .50 5 1.9 3.1
DAYS >= 1.00 2 0.6 1.4
GREATEST
24 HR. TOTAL 3.35 07/16 TO 07/16
SNOWFALL (INCHES)
RECORDS
TOTAL 0.0 MM
SNOW DEPTH 0 MM
TOTALS 0.0 0.0 0.0
LIQUID EQUIV 0.00
SINCE 7/1 0.0 0.0 0.0
SNOWDEPTH AVG. 0
DAYS >= TRACE 0 0.0 0.0
DAYS >= 1.0 0 0.0 0.0
GREATEST
SNOW DEPTH 0
24 HR TOTAL MM
DEGREE DAYS
HEATING TOTAL 0 2 -2
SINCE 7/1 0 0 0
COOLING TOTAL 321 293 28
SINCE 1/1 393 460 -67
..............................................................
WIND (MPH)
AVERAGE WIND SPEED 7.1
RESULTANT WIND SPEED/DIRECTION 4/200
HIGHEST WIND SPEED/DIRECTION 26/030 DATE 07/29
HIGHEST GUST SPEED/DIRECTION 36/260 DATE 07/27
SKY COVER
POSSIBLE SUNSHINE (PERCENT) MM
AVERAGE SKY COVER 0.58
NUMBER OF DAYS FAIR 7
NUMBER OF DAYS PC 15
NUMBER OF DAYS CLOUDY 9
AVERAGE RH (PERCENT) 80
WEATHER CONDITIONS. NUMBER OF DAYS WITH
THUNDERSTORM 9 MIXED PRECIP 1
HEAVY RAIN 7 RAIN 8
LIGHT RAIN 11 FREEZING RAIN 0
LT FREEZING RAIN 0 HAIL 0
HEAVY SNOW 0 SNOW 0
LIGHT SNOW 0 SLEET 0
FOG 22 FOG W/VIS <= 1/4 MILE 2
HAZE 10
- INDICATES NEGATIVE NUMBERS.
R INDICATES RECORD WAS SET OR TIED.
MM INDICATES DATA IS MISSING.
T INDICATES TRACE AMOUNT.
$$