000
CXUS56 KMFR 011710
CF6RBG
PRELIMINARY LOCAL CLIMATOLOGICAL DATA (WS FORM: F-6)
STATION: ROSEBURG OR
MONTH: FEBRUARY
YEAR: 2021
LATITUDE: 43 13 N
LONGITUDE: 123 22 W
TEMPERATURE IN F: :PCPN: SNOW: WIND :SUNSHINE: SKY :PK WND
================================================================================
1 2 3 4 5 6A 6B 7 8 9 10 11 12 13 14 15 16 17 18
12Z AVG MX 2MIN
DY MAX MIN AVG DEP HDD CDD WTR SNW DPTH SPD SPD DIR MIN PSBL S-S WX SPD DR
================================================================================
1 53 44 49 5 16 0 0.26 M M 2.5 16 190 M M 8 1 26 220
2 52 41 47 3 18 0 0.48 M M 5.0 18 160 M M 8 1 27 240
3 49 34 42 -2 23 0 0.97 M M 3.2 16 170 M M 7 12 24 160
4 49 34 42 -2 23 0 0.00 M M 1.4 7 120 M M 6 12 13 350
5 54 33 44 0 21 0 0.00 M M 1.2 6 40 M M 8 1 9 50
6 51 38 45 1 20 0 0.00 M M 2.6 13 10 M M 8 14 20
7 51 37 44 -1 21 0 0.00 M M 2.3 9 330 M M 9 1 11 320
8 48 37 43 -2 22 0 0.00 M M 1.6 7 20 M M 6 8 330
9 52 35 44 -1 21 0 0.00 M M 1.0 9 360 M M 4 8 13 360
10 52 32 42 -3 23 0 0.00 M M 1.0 7 230 M M 4 12 9 240
11 47 35 41 -4 24 0 0.22 M M 0.8 7 170 M M 5 1 9 160
12 54 40 47 2 18 0 0.16 M M 2.2 10 160 M M 10 1 13 160
13 51 44 48 3 17 0 0.63 M M 3.4 14 170 M M 10 1 23 170
14 52 42 47 2 18 0 0.28 M M 2.3 9 180 M M 10 1 14 230
15 54 45 50 5 15 0 0.23 M M 5.2 18 240 M M 9 1 25 230
16 51 38 45 0 20 0 0.07 M M 2.8 13 320 M M 8 17 330
17 50 37 44 -2 21 0 0.03 M M 1.3 8 230 M M 5 1 10 220
18 49 40 45 -1 20 0 0.48 M M 1.2 12 160 M M 8 1 14 160
19 51 42 47 1 18 0 0.33 M M 2.3 13 160 M M 9 1 20 180
20 51 41 46 0 19 0 0.09 M M 2.6 14 320 M M 9 1 18 300
21 53 41 47 1 18 0 0.01 M M 1.6 8 150 M M 9 10 140
22 58 41 50 4 15 0 0.01 M M 4.3 13 350 M M 8 16 360
23 54 36 45 -1 20 0 0.00 M M 2.1 15 320 M M 4 1 19 330
24 53 33 43 -3 22 0 T M M 2.4 12 10 M M 3 13 360
25 52 35 44 -2 21 0 0.01 M M 3.8 15 310 M M 8 20 320
26 49 40 45 -2 20 0 0.12 M M 4.8 18 330 M M 9 27 300
27 49 39 44 -3 21 0 0.07 M M 1.9 12 10 M M 8 1 13 360
28 61 33 47 0 18 0 0.00 M M 0.6 6 220 M M 2 128 8 10
================================================================================
SM 1450 1067 553 0 4.45 M 67.4 M 202
================================================================================
AV 51.8 38.1 2.4 FASTST M M 7 MAX(MPH)
MISC ----> # 18 160 # 27 240
================================================================================
NOTES:
# LAST OF SEVERAL OCCURRENCES
COLUMN 17 PEAK WIND IN M.P.H.
PRELIMINARY LOCAL CLIMATOLOGICAL DATA (WS FORM: F-6) , PAGE 2
STATION: ROSEBURG OR
MONTH: FEBRUARY
YEAR: 2021
LATITUDE: 43 13 N
LONGITUDE: 123 22 W
[TEMPERATURE DATA] [PRECIPITATION DATA] SYMBOLS USED IN COLUMN 16
AVERAGE MONTHLY: 44.9 TOTAL FOR MONTH: 4.45 1 = FOG OR MIST
DPTR FM NORMAL: -0.4 DPTR FM NORMAL: 0.50 2 = FOG REDUCING VISIBILITY
HIGHEST: 61 ON 28 GRTST 24HR 1.38 ON 2- 3 TO 1/4 MILE OR LESS
LOWEST: 32 ON 10 3 = THUNDER
SNOW, ICE PELLETS, HAIL 4 = ICE PELLETS
TOTAL MONTH: M 5 = HAIL
GRTST 24HR M ON M 6 = FREEZING RAIN OR DRIZZLE
GRTST DEPTH: M ON M 7 = DUSTSTORM OR SANDSTORM:
VSBY 1/2 MILE OR LESS
8 = SMOKE OR HAZE
[NO. OF DAYS WITH] [WEATHER - DAYS WITH] 9 = BLOWING SNOW
X = TORNADO
MAX 32 OR BELOW: 0 0.01 INCH OR MORE: 18
MAX 90 OR ABOVE: 0 0.10 INCH OR MORE: 11
MIN 32 OR BELOW: 1 0.50 INCH OR MORE: 2
MIN 0 OR BELOW: 0 1.00 INCH OR MORE: 0
[HDD (BASE 65) ]
TOTAL THIS MO. 553 CLEAR (SCALE 0-3) 2
DPTR FM NORMAL 3 PTCLDY (SCALE 4-7) 11
TOTAL FM JUL 1 2557 CLOUDY (SCALE 8-10) 15
DPTR FM NORMAL -313
[CDD (BASE 65) ]
TOTAL THIS MO. 0
DPTR FM NORMAL 0 [PRESSURE DATA]
TOTAL FM JAN 1 0 HIGHEST SLP 30.64 ON 21
DPTR FM NORMAL 0 LOWEST SLP 29.67 ON 13
[REMARKS]
#FINAL-02-21#