000
CXUS56 KMFR 011030
CF6RBG
PRELIMINARY LOCAL CLIMATOLOGICAL DATA (WS FORM: F-6)
STATION: ROSEBURG OR
MONTH: DECEMBER
YEAR: 2023
LATITUDE: 43 13 N
LONGITUDE: 123 22 W
TEMPERATURE IN F: :PCPN: SNOW: WIND :SUNSHINE: SKY :PK WND
================================================================================
1 2 3 4 5 6A 6B 7 8 9 10 11 12 13 14 15 16 17 18
12Z AVG MX 2MIN
DY MAX MIN AVG DEP HDD CDD WTR SNW DPTH SPD SPD DIR MIN PSBL S-S WX SPD DR
================================================================================
1 55 44 50 6 15 0 0.12 M M 3.5 10 160 M M 9 1 14 160
2 56 46 51 7 14 0 0.58 M M 3.6 14 170 M M 9 1 25 160
3 60 52 56 12 9 0 0.87 M M 3.2 9 170 M M 10 1 14 180
4 66 51 59 16 6 0 0.01 M M 3.3 12 180 M M 9 1 20 160
5 67 54 61 18 4 0 0.00 M M 2.7 9 170 M M 5 14 170
6 61 46 54 11 11 0 0.78 M M 3.4 15 330 M M 10 1 21 320
7 47 41 44 1 21 0 0.73 M M 2.4 8 140 M M 10 1 12 140
8 50 36 43 0 22 0 0.09 M M 1.1 9 140 M M 7 1 11 150
9 49 37 43 0 22 0 0.02 M M 2.6 7 360 M M 9 1 9 160
10 51 46 49 7 16 0 0.37 M M 2.2 8 360 M M 10 1 11 350
11 57 49 53 11 12 0 0.02 M M 1.8 9 10 M M 10 1 14 360
12 57 44 51 9 14 0 0.00 M M 2.9 9 360 M M 7 12 12 10
13 56 39 48 6 17 0 0.00 M M 1.5 7 120 M M 4 1 8 120
14 54 39 47 5 18 0 0.00 M M 0.6 6 290 M M 2 12 8 130
15 43 37 40 -2 25 0 0.00 M M 0.7 5 360 M M 10 12 7 220
16 47 36 42 0 23 0 0.00 M M 1.0 7 230 M M 8 12 9 230
17 45 35 40 -2 25 0 T M M 1.5 12 340 M M 8 12 14 340
18 50 39 45 3 20 0 0.01 M M 0.5 8 230 M M 7 12 13 250
19 61 45 53 11 12 0 0.20 M M 0.9 6 230 M M 8 1 7 220
20 57 47 52 10 13 0 0.00 M M 1.0 7 20 M M 8 12 8 10
21 56 43 50 8 15 0 0.00 M M 0.4 5 150 M M 7 12 7 160
22 51 39 45 3 20 0 0.05 M M 1.6 14 330 M M 9 12 22 290
23 42 36 39 -3 26 0 0.00 M M 3.3 10 10 M M 10 1 13 10
24 48 36 42 0 23 0 0.04 M M 1.3 7 270 M M 7 1 9 280
25 57 45 51 9 14 0 0.05 M M 1.3 13 150 M M 8 1 16 130
26 55 43 49 7 16 0 T M M 0.1 5 280 M M 5 12 7 240
27 59 41 50 8 15 0 0.14 M M 3.9 18 150 M M 7 12 24 150
28 52 42 47 5 18 0 T M M 0.3 5 240 M M 6 7 240
29 57 44 51 9 14 0 0.10 M M 2.1 15 120 M M 7 12 21 120
30 55 44 50 8 15 0 0.24 M M 1.2 8 150 M M 10 18 10 140
31 51 42 47 5 18 0 0.00 M M 0.6 6 10 M M 9 12 7 220
================================================================================
SM 1672 1318 513 0 4.42 M 56.5 M 245
================================================================================
AV 53.9 42.5 1.8 FASTST M M 8 MAX(MPH)
MISC ----> 18 150 25 160
================================================================================
NOTES:
# LAST OF SEVERAL OCCURRENCES
COLUMN 17 PEAK WIND IN M.P.H.
PRELIMINARY LOCAL CLIMATOLOGICAL DATA (WS FORM: F-6) , PAGE 2
STATION: ROSEBURG OR
MONTH: DECEMBER
YEAR: 2023
LATITUDE: 43 13 N
LONGITUDE: 123 22 W
[TEMPERATURE DATA] [PRECIPITATION DATA] SYMBOLS USED IN COLUMN 16
AVERAGE MONTHLY: 48.2 TOTAL FOR MONTH: 4.42 1 = FOG OR MIST
DPTR FM NORMAL: 5.7 DPTR FM NORMAL: -1.63 2 = FOG REDUCING VISIBILITY
HIGHEST: 67 ON 5 GRTST 24HR 1.14 ON 2- 3 TO 1/4 MILE OR LESS
LOWEST: 35 ON 17 3 = THUNDER
SNOW, ICE PELLETS, HAIL 4 = ICE PELLETS
TOTAL MONTH: M 5 = HAIL
GRTST 24HR M ON M 6 = FREEZING RAIN OR DRIZZLE
GRTST DEPTH: M ON M 7 = DUSTSTORM OR SANDSTORM:
VSBY 1/2 MILE OR LESS
8 = SMOKE OR HAZE
[NO. OF DAYS WITH] [WEATHER - DAYS WITH] 9 = BLOWING SNOW
X = TORNADO
MAX 32 OR BELOW: 0 0.01 INCH OR MORE: 18
MAX 90 OR ABOVE: 0 0.10 INCH OR MORE: 10
MIN 32 OR BELOW: 0 0.50 INCH OR MORE: 4
MIN 0 OR BELOW: 0 1.00 INCH OR MORE: 0
[HDD (BASE 65) ]
TOTAL THIS MO. 513 CLEAR (SCALE 0-3) 1
DPTR FM NORMAL -184 PTCLDY (SCALE 4-7) 14
TOTAL FM JUL 1 1293 CLOUDY (SCALE 8-10) 16
DPTR FM NORMAL -284
[CDD (BASE 65) ]
TOTAL THIS MO. 0
DPTR FM NORMAL 0 [PRESSURE DATA]
TOTAL FM JAN 1 913 HIGHEST SLP 30.44 ON 8
DPTR FM NORMAL 306 LOWEST SLP 29.43 ON 19
[REMARKS]
#FINAL-12-23#