000
CXUS56 KSTO 011301
CF6RBL
PRELIMINARY LOCAL CLIMATOLOGICAL DATA (WS FORM: F-6)
STATION: RED BLUFF
MONTH: MAY
YEAR: 2023
LATITUDE: 40 8 N
LONGITUDE: 122-15 E
TEMPERATURE IN F: :PCPN: SNOW: WIND :SUNSHINE: SKY :PK WND
================================================================================
1 2 3 4 5 6A 6B 7 8 9 10 11 12 13 14 15 16 17 18
12Z AVG MX 2MIN
DY MAX MIN AVG DEP HDD CDD WTR SNW DPTH SPD SPD DIR MIN PSBL S-S WX SPD DR
================================================================================
1 59 48 54 -10 11 0 T M M 8.9 18 160 M M 8 23 160
2 64 50 57 -7 8 0 0.02 M M 7.9 23 160 M M 8 27 150
3 70 46 58 -6 7 0 T M M 6.0 16 160 M M 4 20 160
4 59 53 56 -9 9 0 0.01 M M 7.2 15 160 M M 10 19 150
5 62 52 57 -8 8 0 0.06 M M 10.5 21 170 M M 10 26 170
6 59 49 54 -11 11 0 0.38 M M 8.7 21 140 M M 9 13 25 140
7 68 49 59 -7 6 0 0.00 M M 10.1 18 170 M M 8 24 180
8 66 50 58 -8 7 0 0.32 M M 9.4 21 150 M M 6 3 28 150
9 74 48 61 -5 4 0 0.00 M M 5.8 17 350 M M 0 21 340
10 76 47 62 -4 3 0 0.00 M M 6.8 16 150 M M 1 21 160
11 82 51 67 0 0 2 0.00 M M 3.0 9 340 M M 0 13 10
12 93 54 74 7 0 9 0.00 M M 6.7 13 340 M M 0 16 300
13 97 66 82 15 0 17 0.00 M M 10.4 20 340 M M 0 26 360
14 94 67 81 13 0 16 0.00 M M 8.3 16 160 M M 0 20 360
15 88 61 75 7 0 10 0.00 M M 6.9 18 170 M M 0 23 150
16 94 59 77 9 0 12 0.00 M M 5.9 13 350 M M 0 17 160
17 94 58 76 8 0 11 0.00 M M 6.2 13 160 M M 0 16 180
18 94 62 78 9 0 13 0.00 M M 5.4 12 160 M M 0 8 16 170
19 94 62 78 9 0 13 0.00 M M 5.4 12 160 M M 0 16 170
20 91 60 76 7 0 11 0.00 M M 5.7 15 160 M M 0 21 140
21 92 63 78 8 0 13 0.00 M M 4.8 14 160 M M 0 16 170
22 95 66 81 11 0 16 0.00 M M 7.7 20 350 M M 2 24 10
23 88 64 76 6 0 11 0.00 M M 7.9 18 160 M M 2 23 150
24 84 59 72 2 0 7 0.00 M M 6.3 16 160 M M 0 19 160
25 83 57 70 -1 0 5 0.14 M M 7.5 26 200 M M 1 3 32 200
26 82 59 71 0 0 6 0.00 M M 7.9 17 150 M M 1 20 160
27 83 60 72 1 0 7 0.19 M M 6.1 16 160 M M 3 3 20 180
28 87 62 75 4 0 10 0.00 M M 5.6 14 160 M M 1 17 160
29 84 61 73 1 0 8 0.00 M M 8.3 21 160 M M 0 25 160
30 82 59 71 -1 0 6 0.00 M M 8.8 21 160 M M 1 26 150
31 84 61 73 1 0 8 0.00 M M 7.5 16 170 M M 3 19 160
================================================================================
SM 2522 1763 74 211 1.12 M 223.6 M 78
================================================================================
AV 81.4 56.9 7.2 FASTST M M 3 MAX(MPH)
MISC ----> 26 200 32 200
================================================================================
NOTES:
# LAST OF SEVERAL OCCURRENCES
COLUMN 17 PEAK WIND IN M.P.H.
PRELIMINARY LOCAL CLIMATOLOGICAL DATA (WS FORM: F-6) , PAGE 2
STATION: RED BLUFF
MONTH: MAY
YEAR: 2023
LATITUDE: 40 8 N
LONGITUDE: 122-15 E
[TEMPERATURE DATA] [PRECIPITATION DATA] SYMBOLS USED IN COLUMN 16
AVERAGE MONTHLY: 69.1 TOTAL FOR MONTH: 1.12 1 = FOG OR MIST
DPTR FM NORMAL: 1.1 DPTR FM NORMAL: -0.13 2 = FOG REDUCING VISIBILITY
HIGHEST: 97 ON 13 GRTST 24HR 0.44 ON 5- 6 TO 1/4 MILE OR LESS
LOWEST: 46 ON 3 3 = THUNDER
SNOW, ICE PELLETS, HAIL 4 = ICE PELLETS
TOTAL MONTH: M 5 = HAIL
GRTST 24HR M ON M 6 = FREEZING RAIN OR DRIZZLE
GRTST DEPTH: M ON M 7 = DUSTSTORM OR SANDSTORM:
VSBY 1/2 MILE OR LESS
8 = SMOKE OR HAZE
[NO. OF DAYS WITH] [WEATHER - DAYS WITH] 9 = BLOWING SNOW
X = TORNADO
MAX 32 OR BELOW: 0 0.01 INCH OR MORE: 7
MAX 90 OR ABOVE: 10 0.10 INCH OR MORE: 4
MIN 32 OR BELOW: 0 0.50 INCH OR MORE: 0
MIN 0 OR BELOW: 0 1.00 INCH OR MORE: 0
[HDD (BASE 65) ]
TOTAL THIS MO. 74 CLEAR (SCALE 0-3) 22
DPTR FM NORMAL 17 PTCLDY (SCALE 4-7) 4
TOTAL FM JUL 1 2824 CLOUDY (SCALE 8-10) 5
DPTR FM NORMAL 308
[CDD (BASE 65) ]
TOTAL THIS MO. 211
DPTR FM NORMAL 59 [PRESSURE DATA]
TOTAL FM JAN 1 267 HIGHEST SLP 30.11 ON 7
DPTR FM NORMAL 87 LOWEST SLP 29.68 ON 23
[REMARKS]
#FINAL-05-23#