000
CXUS56 KBOI 011002
CF6REO
PRELIMINARY LOCAL CLIMATOLOGICAL DATA (WS FORM: F-6)
STATION: ROME OR
MONTH: JULY
YEAR: 2022
LATITUDE: 42 35 N
LONGITUDE: 117 52 W
TEMPERATURE IN F: :PCPN: SNOW: WIND :SUNSHINE: SKY :PK WND
================================================================================
1 2 3 4 5 6A 6B 7 8 9 10 11 12 13 14 15 16 17 18
12Z AVG MX 2MIN
DY MAX MIN AVG DEP HDD CDD WTR SNW DPTH SPD SPD DIR MIN PSBL S-S WX SPD DR
================================================================================
1 94 49 72 2 0 7 0.00 M M 5.3 21 270 M M 0 30 280
2 94 55 75 5 0 10 0.00 M M 8.3 24 210 M M 0 35 200
3 84 53 69 -1 0 4 0.00 M M 7.3 20 260 M M 0 28 250
4 82 55 69 -2 0 4 0.00 M M 8.3 18 20 M M 0 25 20
5 91 51 71 0 0 6 0.00 M M 5.5 16 210 M M 0 25 260
6 93 62 78 7 0 13 0.00 M M 8.7 22 230 M M 0 34 250
7 95 58 77 5 0 12 0.00 M M 8.7 24 200 M M 0 32 210
8 96 53 75 3 0 10 0.00 M M 6.2 24 230 M M 0 33 240
9 93 55 74 2 0 9 0.00 M M 7.2 25 260 M M 0 35 230
10 91 57 74 1 0 9 0.00 M M 8.0 18 20 M M 0 24 10
11 93 50 72 -1 0 7 0.00 M M 5.4 12 360 M M 0 17 50
12 104 52 78 5 0 13 0.00 M M 6.5 24 100 M M 0 35 120
13 102 67 85 11 0 20 0.00 M M 9.7 26 230 M M 0 35 220
14 102 57 80 6 0 15 0.00 M M 7.4 24 220 M M 0 36 240
15 99 69 84 10 0 19 0.00 M M 12.6 24 270 M M 0 33 270
16 104 60 82 8 0 17 0.00 M M 8.0 24 250 M M 0 39 240
17 103 63 83 9 0 18 0.00 M M 9.9 25 220 M M 0 41 190
18 94 63 79 5 0 14 0.00 M M 9.8 21 30 M M 0 30 30
19 100 52 76 1 0 11 0.00 M M 5.8 20 280 M M 0 26 290
20 101 59 80 5 0 15 0.00 M M 7.8 21 270 M M 0 31 280
21 101 56 79 4 0 14 0.00 M M 8.2 23 230 M M 0 32 250
22 97 62 80 5 0 15 0.00 M M 8.5 20 360 M M 0 28 250
23 97 53 75 0 0 10 0.00 M M 6.4 15 50 M M 0 21 60
24 96 52 74 -1 0 9 0.00 M M 8.3 17 40 M M 0 27 30
25 100 54 77 2 0 12 0.00 M M 5.0 14 340 M M 0 19 320
26 104 54 79 4 0 14 0.00 M M 6.0 17 330 M M 0 24 30
27 102 63 83 8 0 18 0.00 M M 8.1 20 320 M M 0 32 320
28 103 63 83 8 0 18 0.00 M M 8.7 18 50 M M 0 27 60
29 103 63 83 8 0 18 0.00 M M 7.4 21 360 M M 0 30 30
30 100 61 81 6 0 16 0.00 0.0 0 4.6 13 150 M M 0 19 50
31 106 60 83 8 0 18 0.00 0.0 0 6.1 15 30 M M 0 22 30
================================================================================
SM 3024 1781 0 395 0.00 0.0 233.7 M 0
================================================================================
AV 97.5 57.5 7.5 FASTST M M 0 MAX(MPH)
MISC ----> 26 230 41 190
================================================================================
NOTES:
# LAST OF SEVERAL OCCURRENCES
COLUMN 17 PEAK WIND IN M.P.H.
PRELIMINARY LOCAL CLIMATOLOGICAL DATA (WS FORM: F-6) , PAGE 2
STATION: ROME OR
MONTH: JULY
YEAR: 2022
LATITUDE: 42 35 N
LONGITUDE: 117 52 W
[TEMPERATURE DATA] [PRECIPITATION DATA] SYMBOLS USED IN COLUMN 16
AVERAGE MONTHLY: 77.5 TOTAL FOR MONTH: 0.00 1 = FOG OR MIST
DPTR FM NORMAL: 4.0 DPTR FM NORMAL: -0.31 2 = FOG REDUCING VISIBILITY
HIGHEST: 106 ON 31 GRTST 24HR 0.00 ON 1- 1 TO 1/4 MILE OR LESS
LOWEST: 49 ON 1 3 = THUNDER
SNOW, ICE PELLETS, HAIL 4 = ICE PELLETS
TOTAL MONTH: 0.0 INCH 5 = HAIL
GRTST 24HR 0.0 6 = FREEZING RAIN OR DRIZZLE
GRTST DEPTH: 0 7 = DUSTSTORM OR SANDSTORM:
VSBY 1/2 MILE OR LESS
8 = SMOKE OR HAZE
[NO. OF DAYS WITH] [WEATHER - DAYS WITH] 9 = BLOWING SNOW
X = TORNADO
MAX 32 OR BELOW: 0 0.01 INCH OR MORE: 0
MAX 90 OR ABOVE: 29 0.10 INCH OR MORE: 0
MIN 32 OR BELOW: 0 0.50 INCH OR MORE: 0
MIN 0 OR BELOW: 0 1.00 INCH OR MORE: 0
[HDD (BASE 65) ]
TOTAL THIS MO. 0 CLEAR (SCALE 0-3) 31
DPTR FM NORMAL -9 PTCLDY (SCALE 4-7) 0
TOTAL FM JUL 1 0 CLOUDY (SCALE 8-10) 0
DPTR FM NORMAL -6
[CDD (BASE 65) ]
TOTAL THIS MO. 395
DPTR FM NORMAL 124 [PRESSURE DATA]
TOTAL FM JAN 1 496 HIGHEST SLP M ON M
DPTR FM NORMAL 123 LOWEST SLP 29.59 ON 2
[REMARKS]
#FINAL-07-22#