264
CXUS56 KBOI 011002
CF6REO
PRELIMINARY LOCAL CLIMATOLOGICAL DATA (WS FORM: F-6)
STATION: ROME OR
MONTH: MAY
YEAR: 2020
LATITUDE: 42 35 N
LONGITUDE: 117 52 W
TEMPERATURE IN F: :PCPN: SNOW: WIND :SUNSHINE: SKY :PK WND
================================================================================
1 2 3 4 5 6A 6B 7 8 9 10 11 12 13 14 15 16 17 18
12Z AVG MX 2MIN
DY MAX MIN AVG DEP HDD CDD WTR SNW DPTH SPD SPD DIR MIN PSBL S-S WX SPD DR
================================================================================
1 71 32 52 2 13 0 0.00 M M 4.2 16 270 M M 0 24 270
2 77 34 56 6 9 0 0.00 M M 12.6 31 210 M M 0 46 240
3 61 33 47 -3 18 0 0.01 M M 6.4 17 40 M M 0 23 30
4 71 25 48 -3 17 0 0.00 M M 6.2 17 260 M M 0 22 260
5 82 33 58 7 7 0 0.00 M M 7.8 23 210 M M 0 37 230
6 65 34 50 -1 15 0 0.00 M M 13.9 29 310 M M 0 38 300
7 67 23 45 -6 20 0 0.00 M M 6.8 15 20 M M 0 19 360
8 76 26 51 -1 14 0 0.00 M M 7.0 16 30 M M 0 20 20
9 81 30 56 4 9 0 0.00 M M 6.1 12 20 M M 0 17 50
10 86 40 63 11 2 0 0.00 M M 5.7 18 250 M M 0 24 250
11 82 48 65 13 0 0 0.00 M M 14.5 29 240 M M 0 37 240
12 63 40 52 -1 13 0 0.02 M M 13.2 35 250 M M 0 46 250
13 60 42 51 -2 14 0 0.12 M M 11.7 23 240 M M 0 29 240
14 62 36 49 -4 16 0 0.00 M M 9.0 24 220 M M 0 30 240
15 66 37 52 -1 13 0 0.00 M M 7.0 16 30 M M 0 19 30
16 78 32 55 1 10 0 0.00 M M 5.4 26 350 M M 0 34 350
17 78 50 64 10 1 0 0.01 M M 10.9 31 200 M M 0 39 200
18 65 46 56 2 9 0 0.62 M M 9.0 31 230 M M 0 38 230
19 59 41 50 -4 15 0 0.05 M M 7.5 20 20 M M 0 25 30
20 50 39 45 -10 20 0 0.53 M M 9.3 21 230 M M 0 26 220
21 61 36 49 -6 16 0 0.01 M M 7.8 20 240 M M 0 26 240
22 53 33 43 -12 22 0 0.02 M M 7.1 22 320 M M 0 27 330
23 65 32 49 -6 16 0 0.00 M M 6.0 14 30 M M 0 19 20
24 73 34 54 -2 11 0 0.00 M M 5.5 14 20 M M 0 18 20
25 84 41 63 7 2 0 0.00 M M 6.9 29 350 M M 0 37 350
26 80 53 67 11 0 2 0.00 M M 7.0 17 10 M M 0 20 10
27 85 57 71 15 0 6 0.00 M M 6.7 15 60 M M 0 20 60
28 94 54 74 17 0 9 0.00 M M 8.1 14 350 M M 0 20 40
29 99 55 77 20 0 12 0.00 M M 5.9 14 70 M M 0 21 90
30 95 62 79 22 0 14 0.00 M M 12.9 38 200 M M 0 55 210
31 79 51 65 7 0 0 0.00 M M 10.6 22 260 M M 0 30 270
================================================================================
SM 2268 1229 302 43 1.39 M 258.7 M 0
================================================================================
AV 73.2 39.6 8.3 FASTST M M 0 MAX(MPH)
MISC ----> 38 200 55 210
================================================================================
NOTES:
# LAST OF SEVERAL OCCURRENCES
COLUMN 17 PEAK WIND IN M.P.H.
PRELIMINARY LOCAL CLIMATOLOGICAL DATA (WS FORM: F-6) , PAGE 2
STATION: ROME OR
MONTH: MAY
YEAR: 2020
LATITUDE: 42 35 N
LONGITUDE: 117 52 W
[TEMPERATURE DATA] [PRECIPITATION DATA] SYMBOLS USED IN COLUMN 16
AVERAGE MONTHLY: 56.4 TOTAL FOR MONTH: 1.39 1 = FOG OR MIST
DPTR FM NORMAL: 2.8 DPTR FM NORMAL: -0.04 2 = FOG REDUCING VISIBILITY
HIGHEST: 99 ON 29 GRTST 24HR 0.62 ON 18-18 TO 1/4 MILE OR LESS
LOWEST: 23 ON 7 3 = THUNDER
SNOW, ICE PELLETS, HAIL 4 = ICE PELLETS
TOTAL MONTH: M 5 = HAIL
GRTST 24HR M ON M 6 = FREEZING RAIN OR DRIZZLE
GRTST DEPTH: M ON M 7 = DUSTSTORM OR SANDSTORM:
VSBY 1/2 MILE OR LESS
8 = SMOKE OR HAZE
[NO. OF DAYS WITH] [WEATHER - DAYS WITH] 9 = BLOWING SNOW
X = TORNADO
MAX 32 OR BELOW: 0 0.01 INCH OR MORE: 9
MAX 90 OR ABOVE: 3 0.10 INCH OR MORE: 3
MIN 32 OR BELOW: 7 0.50 INCH OR MORE: 2
MIN 0 OR BELOW: 0 1.00 INCH OR MORE: 0
[HDD (BASE 65) ]
TOTAL THIS MO. 302 CLEAR (SCALE 0-3) 31
DPTR FM NORMAL -60 PTCLDY (SCALE 4-7) 0
TOTAL FM JUL 1 6006 CLOUDY (SCALE 8-10) 0
DPTR FM NORMAL -450
[CDD (BASE 65) ]
TOTAL THIS MO. 43
DPTR FM NORMAL 33 [PRESSURE DATA]
TOTAL FM JAN 1 43 HIGHEST SLP M ON M
DPTR FM NORMAL 33 LOWEST SLP 29.48 ON 30
[REMARKS]
#FINAL-05-20#